000
CXUS53 KLMK 010810
CF6BWG
PRELIMINARY LOCAL CLIMATOLOGICAL DATA (WS FORM: F-6)
STATION: BOWLING GREEN KY
MONTH: FEBRUARY
YEAR: 2024
LATITUDE: 36 58 N
LONGITUDE: 86 26 W
TEMPERATURE IN F: :PCPN: SNOW: WIND :SUNSHINE: SKY :PK WND
================================================================================
1 2 3 4 5 6A 6B 7 8 9 10 11 12 13 14 15 16 17 18
12Z AVG MX 2MIN
DY MAX MIN AVG DEP HDD CDD WTR SNW DPTH SPD SPD DIR MIN PSBL S-S WX SPD DR
================================================================================
1 59 26 43 5 22 0 0.00 0.0 0 4.7 13 220 M M 0 1 18 200
2 66 37 52 14 13 0 0.00 0.0 0 3.5 10 50 M M 0 14 60
3 62 34 48 10 17 0 0.00 0.0 0 7.1 13 50 M M 0 18 50
4 61 35 48 9 17 0 0.00 0.0 0 7.0 14 50 M M 0 18 40
5 64 40 52 13 13 0 0.00 0.0 0 6.3 15 50 M M 0 20 10
6 52 32 42 3 23 0 0.00 0.0 0 4.1 15 50 M M 1 20 60
7 67 27 47 8 18 0 0.00 0.0 0 2.8 12 110 M M 0 18 16 180
8 65 45 55 16 10 0 T 0.0 0 12.5 24 190 M M 3 34 190
9 61 53 57 17 8 0 0.00 0.0 0 10.2 18 200 M M 8 27 190
10 63 46 55 15 10 0 0.74 0.0 0 6.1 16 220 M M 10 13 24 220
11 55 44 50 10 15 0 0.05 0.0 0 4.8 9 340 M M 9 1 16 330
12 56 40 48 8 17 0 1.40 0.0 0 8.2 18 50 M M 9 1 29 360
13 55 33 44 3 21 0 0.00 0.0 0 5.4 13 260 M M 0 19 280
14 64 33 49 8 16 0 0.00 0.0 0 4.5 14 200 M M 0 19 190
15 67 37 52 11 13 0 0.00 0.0 0 6.8 20 240 M M 2 26 230
16 55 32 44 3 21 0 0.31 0.2 0 7.1 17 340 M M 5 1 26 340
17 33 21 27 -15 38 0 0.00 0.0 0 6.9 13 290 M M 5 24 310
18 48 18 33 -9 32 0 0.00 0.0 0 6.0 16 210 M M 0 23 210
19 57 23 40 -2 25 0 0.00 0.0 0 3.0 10 220 M M 0 15 230
20 63 30 47 5 18 0 0.00 0.0 0 2.1 13 220 M M 0 16 220
21 70 31 51 8 14 0 0.00 0.0 0 8.0 20 190 M M 0 26 200
22 60 54 57 14 8 0 0.19 0.0 0 11.8 22 190 M M 8 18 31 180
23 63 43 53 10 12 0 0.00 0.0 0 6.8 23 290 M M 1 1 32 290
24 50 28 39 -4 26 0 0.00 0.0 0 5.7 17 310 M M 5 31 310
25 65 26 46 2 19 0 T 0.0 0 8.0 21 190 M M 3 3 28 190
26 76 52 64 20 1 0 0.00 0.0 0 12.5 20 180 M M 2 27 220
27 73 60 67 23 0 2 0.09 0.0 0 16.4 30 190 M M 5 3 39 190
28 72 31 52 8 13 0 0.47 0.0 0 10.2 23 300 M M 5 13 37 280
29 48 25 37 -8 28 0 0.00 0.0 0 3.7 14 60 M M 0 22 60
================================================================================
SM 1750 1036 488 2 3.25 0.2 202.2 M 81
================================================================================
AV 60.3 35.7 7.0 FASTST M M 3 MAX(MPH)
MISC ----> 30 190 39 190
================================================================================
NOTES:
# LAST OF SEVERAL OCCURRENCES
COLUMN 17 PEAK WIND IN M.P.H.
PRELIMINARY LOCAL CLIMATOLOGICAL DATA (WS FORM: F-6) , PAGE 2
STATION: BOWLING GREEN KY
MONTH: FEBRUARY
YEAR: 2024
LATITUDE: 36 58 N
LONGITUDE: 86 26 W
[TEMPERATURE DATA] [PRECIPITATION DATA] SYMBOLS USED IN COLUMN 16
AVERAGE MONTHLY: 48.0 TOTAL FOR MONTH: 3.25 1 = FOG OR MIST
DPTR FM NORMAL: 6.9 DPTR FM NORMAL: -0.82 2 = FOG REDUCING VISIBILITY
HIGHEST: 76 ON 26 GRTST 24HR 1.40 ON 12-12 TO 1/4 MILE OR LESS
LOWEST: 18 ON 18 3 = THUNDER
SNOW, ICE PELLETS, HAIL 4 = ICE PELLETS
TOTAL MONTH: 0.2 INCH 5 = HAIL
GRTST 24HR 0.2 ON 16-16 6 = FREEZING RAIN OR DRIZZLE
GRTST DEPTH: 0 7 = DUSTSTORM OR SANDSTORM:
VSBY 1/2 MILE OR LESS
8 = SMOKE OR HAZE
[NO. OF DAYS WITH] [WEATHER - DAYS WITH] 9 = BLOWING SNOW
X = TORNADO
MAX 32 OR BELOW: 0 0.01 INCH OR MORE: 7
MAX 90 OR ABOVE: 0 0.10 INCH OR MORE: 5
MIN 32 OR BELOW: 13 0.50 INCH OR MORE: 2
MIN 0 OR BELOW: 0 1.00 INCH OR MORE: 1
[HDD (BASE 65) ]
TOTAL THIS MO. 488 CLEAR (SCALE 0-3) 18
DPTR FM NORMAL -183 PTCLDY (SCALE 4-7) 7
TOTAL FM JUL 1 2656 CLOUDY (SCALE 8-10) 4
DPTR FM NORMAL -402
[CDD (BASE 65) ]
TOTAL THIS MO. 2
DPTR FM NORMAL 1 [PRESSURE DATA]
TOTAL FM JAN 1 2 HIGHEST SLP M ON M
DPTR FM NORMAL 1 LOWEST SLP 29.53 ON 28
[REMARKS]
#FINAL-02-24#