000
CXUS54 KHGX 251632
CF6BYY
PRELIMINARY LOCAL CLIMATOLOGICAL DATA (WS FORM: F-6)
STATION: Bay City
MONTH: AUGUST
YEAR: 2020
LATITUDE: 28 58 N
LONGITUDE: 95 52 W
TEMPERATURE IN F: :PCPN: SNOW: WIND :SUNSHINE: SKY :PK WND
================================================================================
1 2 3 4 5 6A 6B 7 8 9 10 11 12 13 14 15 16 17 18
12Z AVG MX 2MIN
DY MAX MIN AVG DEP HDD CDD WTR SNW DPTH SPD SPD DIR MIN PSBL S-S WX SPD DR
================================================================================
1 83 72 78 M 0 13 1.42 0.0 0 3.0 9 30 M M 4 16 30
2 91 73 82 M 0 17 0.00 0.0 0 2.0 8 180 M M 2 M M
3 92 73 83 M 0 18 0.00 0.0 0 1.6 9 170 M M 2 M M
4 92 77 85 M 0 20 0.00 0.0 0 2.1 9 200 M M 2 M M
5 91 75 83 M 0 18 0.00 0.0 0 4.1 9 180 M M 0 M M
6 90 76 83 M 0 18 0.00 0.0 0 4.3 13 160 M M 1 10 190
7 91 75 83 M 0 18 0.00 0.0 0 4.5 10 160 M M 2 M M
8 91 74 83 M 0 18 0.00 0.0 0 5.3 13 170 M M 2 M M
9 91 76 84 M 0 19 0.00 0.0 0 5.8 16 170 M M 2 M M
10 91 76 84 M 0 19 0.00 0.0 0 7.0 13 130 M M 3 18 160
11 92 77 85 M 0 20 0.00 0.0 0 6.4 13 170 M M 3 16 170
12 93 77 85 M 0 20 0.00 0.0 0 5.6 12 160 M M 1 M M
13 93 74 84 M 0 19 0.00 0.0 0 4.0 10 190 M M 2 1 M M
14 94 74 84 M 0 19 0.00 0.0 0 4.6 12 170 M M 2 M M
15 93 77 85 M 0 20 0.00 0.0 0 5.4 12 170 M M 2 M M
16 96 74 85 M 0 20 0.00 0.0 0 2.0 10 170 M M 1 M M
17 91 73 82 M 0 17 0.00 0.0 0 4.3 15 20 M M 1 31 20
18 96 74 85 M 0 20 0.00 0.0 0 3.3 12 150 M M 0 M M
19 97 74 86 M 0 21 0.00 0.0 0 3.5 9 140 M M 2 M M
20 93 72 83 M 0 18 0.00 0.0 0 2.9 14 190 M M 2 1 20 190
21 91 72 82 M 0 17 0.04 0.0 0 2.8 14 160 M M 1 1 18 160
22 90 72 81 M 0 16 0.01 0.0 0 3.2 13 270 M M 2 M M
23 90 71 81 M 0 16 0.34 0.0 0 4.2 20 80 M M 1 33 80
24 89 73 81 M 0 16 0.00 0.0 0 4.7 14 20 M M 1 18 20
25 93 74 84 M 0 19 0.00 0.0 0 4.8 10 50 M M 1 M M
26 93 78 86 M 0 21 0.00 0.0 0 9.6 17 60 M M 4 24 40
27 94 74 84 M 0 19 0.00 0.0 0 6.3 13 180 M M 1 M M
28 94 80 87 M 0 22 0.00 0.0 0 10.4 18 210 M M 4 22 210
29 93 76 85 M 0 20 0.00 0.0 0 6.3 15 150 M M 2 1 17 150
30 92 77 85 M 0 20 0.36 0.0 0 5.7 15 170 M M 4 22 170
31 92 82 87 M 0 22 0.00 0.0 0 10.6 18 170 M M 6 24 170
================================================================================
SM 2852 2322 0 580 2.17 0.0 150.3 M 63
================================================================================
AV 92.0 74.9 4.8 FASTST M M 2 MAX(MPH)
MISC ----> 20 80 33 80
================================================================================
NOTES:
# LAST OF SEVERAL OCCURRENCES
COLUMN 17 PEAK WIND IN M.P.H.
PRELIMINARY LOCAL CLIMATOLOGICAL DATA (WS FORM: F-6) , PAGE 2
STATION: Bay City
MONTH: AUGUST
YEAR: 2020
LATITUDE: 28 58 N
LONGITUDE: 95 52 W
[TEMPERATURE DATA] [PRECIPITATION DATA] SYMBOLS USED IN COLUMN 16
AVERAGE MONTHLY: 83.5 TOTAL FOR MONTH: 2.17 1 = FOG OR MIST
DPTR FM NORMAL: 0.0 DPTR FM NORMAL: M 2 = FOG REDUCING VISIBILITY
HIGHEST: 97 ON 19 GRTST 24HR 1.42 ON 1- 1 TO 1/4 MILE OR LESS
LOWEST: 71 ON 23 3 = THUNDER
SNOW, ICE PELLETS, HAIL 4 = ICE PELLETS
TOTAL MONTH: 0.0 INCH 5 = HAIL
GRTST 24HR 0.0 6 = FREEZING RAIN OR DRIZZLE
GRTST DEPTH: 0 7 = DUSTSTORM OR SANDSTORM:
VSBY 1/2 MILE OR LESS
8 = SMOKE OR HAZE
[NO. OF DAYS WITH] [WEATHER - DAYS WITH] 9 = BLOWING SNOW
X = TORNADO
MAX 32 OR BELOW: 0 0.01 INCH OR MORE: 5
MAX 90 OR ABOVE: 29 0.10 INCH OR MORE: 3
MIN 32 OR BELOW: 0 0.50 INCH OR MORE: 1
MIN 0 OR BELOW: 0 1.00 INCH OR MORE: 1
[HDD (BASE 65) ]
TOTAL THIS MO. 0 CLEAR (SCALE 0-3) 26
DPTR FM NORMAL M PTCLDY (SCALE 4-7) 5
TOTAL FM JUL 1 0 CLOUDY (SCALE 8-10) 0
DPTR FM NORMAL M
[CDD (BASE 65) ]
TOTAL THIS MO. 580
DPTR FM NORMAL M [PRESSURE DATA]
TOTAL FM JAN 1 2727 HIGHEST SLP M ON M
DPTR FM NORMAL M LOWEST SLP M ON M
[REMARKS]
#FINAL-08-20#