000
CXUS52 KCAE 011400
CF6CAE
PRELIMINARY LOCAL CLIMATOLOGICAL DATA (WS FORM: F-6)
STATION: COLUMBIA METRO AIRPORT SC
MONTH: SEPTEMBER
YEAR: 2021
LATITUDE: 33 57 N
LONGITUDE: 81 7 W
TEMPERATURE IN F: :PCPN: SNOW: WIND :SUNSHINE: SKY :PK WND
================================================================================
1 2 3 4 5 6A 6B 7 8 9 10 11 12 13 14 15 16 17 18
12Z AVG MX 2MIN
DY MAX MIN AVG DEP HDD CDD WTR SNW DPTH SPD SPD DIR MIN PSBL S-S WX SPD DR
================================================================================
1 83 74 79 0 0 14 0.02 0.0 0 9.3 17 210 M M 9 1 22 210
2 86 72 79 0 0 14 0.00 0.0 0 6.3 15 20 M M 4 23 70
3 84 59 72 -7 0 7 0.00 0.0 0 4.7 16 70 M M 2 1 21 100
4 85 56 71 -7 0 6 0.00 0.0 0 2.4 10 140 M M 1 15 110
5 87 60 74 -4 0 9 0.00 0.0 0 4.5 15 260 M M 2 21 250
6 90 63 77 -1 0 12 0.19 0.0 0 5.2 15 290 M M 5 1 20 310
7 87 72 80 2 0 15 0.07 0.0 0 3.3 9 120 M M 8 138 13 100
8 84 72 78 0 0 13 0.55 0.0 0 4.0 15 80 M M 9 138 20 180
9 86 65 76 -1 0 11 0.08 0.0 0 4.7 13 10 M M 6 18 16 10
10 84 61 73 -4 0 8 0.00 0.0 0 3.4 13 70 M M 3 18 50
11 86 56 71 -6 0 6 0.00 0.0 0 1.6 9 140 M M 2 11 360
12 86 60 73 -4 0 8 0.00 0.0 0 2.2 10 120 M M 1 14 170
13 88 61 75 -1 0 10 0.00 0.0 0 1.3 12 160 M M 1 1 14 170
14 87 63 75 -1 0 10 0.00 0.0 0 3.0 14 120 M M 2 1 16 120
15 88 67 78 2 0 13 0.79 0.0 0 2.3 37 140 M M 8 1238 52 150
16 81 70 76 0 0 11 0.49 0.0 0 3.2 14 210 M M 8 1 18 210
17 87 69 78 3 0 13 0.92 0.0 0 1.8 13 290 M M 5 138 16 320
18 90 71 81 6 0 16 0.00 0.0 0 3.5 10 70 M M 5 1 13 100
19 87 72 80 5 0 15 0.00 0.0 0 4.8 18 80 M M 7 1 23 90
20 83 72 78 4 0 13 0.04 0.0 0 7.7 16 100 M M 7 1 20 70
21 83 72 78 4 0 13 0.37 0.0 0 6.7 14 90 M M 9 1 17 90
22 88 65 77 3 0 12 0.57 0.0 0 7.4 22 280 M M 8 138 26 280
23 78 57 68 -6 0 3 0.00 0.0 0 5.7 14 310 M M 0 20 280
24 78 54 66 -7 0 1 0.00 0.0 0 2.5 13 20 M M 0 17 20
25 79 50 65 -8 0 0 0.00 0.0 0 2.6 12 300 M M 2 19 310
26 83 55 69 -3 0 4 0.00 0.0 0 1.7 9 360 M M 1 12 20
27 85 57 71 -1 0 6 0.00 0.0 0 3.4 12 260 M M 1 16 270
28 86 61 74 2 0 9 0.00 0.0 0 4.6 14 260 M M 1 20 260
29 89 60 75 4 0 10 0.00 0.0 0 1.9 8 20 M M 1 10 320
30 90 62 76 5 0 11 0.00 0.0 0 2.0 10 80 M M 5 1 11 80
================================================================================
SM 2558 1908 0 293 4.09 0.0 117.7 M 123
================================================================================
AV 85.3 63.6 3.9 FASTST M M 4 MAX(MPH)
MISC ----> 37 140 52 150
================================================================================
NOTES:
# LAST OF SEVERAL OCCURRENCES
COLUMN 17 PEAK WIND IN M.P.H.
PRELIMINARY LOCAL CLIMATOLOGICAL DATA (WS FORM: F-6) , PAGE 2
STATION: COLUMBIA METRO AIRPORT SC
MONTH: SEPTEMBER
YEAR: 2021
LATITUDE: 33 57 N
LONGITUDE: 81 7 W
[TEMPERATURE DATA] [PRECIPITATION DATA] SYMBOLS USED IN COLUMN 16
AVERAGE MONTHLY: 74.4 TOTAL FOR MONTH: 4.09 1 = FOG OR MIST
DPTR FM NORMAL: -1.1 DPTR FM NORMAL: 0.18 2 = FOG REDUCING VISIBILITY
HIGHEST: 90 ON 30,18 GRTST 24HR 1.23 ON 16-17 TO 1/4 MILE OR LESS
LOWEST: 50 ON 25 3 = THUNDER
SNOW, ICE PELLETS, HAIL 4 = ICE PELLETS
TOTAL MONTH: 0.0 INCH 5 = HAIL
GRTST 24HR 0.0 6 = FREEZING RAIN OR DRIZZLE
GRTST DEPTH: 0 7 = DUSTSTORM OR SANDSTORM:
VSBY 1/2 MILE OR LESS
8 = SMOKE OR HAZE
[NO. OF DAYS WITH] [WEATHER - DAYS WITH] 9 = BLOWING SNOW
X = TORNADO
MAX 32 OR BELOW: 0 0.01 INCH OR MORE: 11
MAX 90 OR ABOVE: 3 0.10 INCH OR MORE: 7
MIN 32 OR BELOW: 0 0.50 INCH OR MORE: 4
MIN 0 OR BELOW: 0 1.00 INCH OR MORE: 0
[HDD (BASE 65) ]
TOTAL THIS MO. 0 CLEAR (SCALE 0-3) 15
DPTR FM NORMAL -6 PTCLDY (SCALE 4-7) 11
TOTAL FM JUL 1 0 CLOUDY (SCALE 8-10) 4
DPTR FM NORMAL -4
[CDD (BASE 65) ]
TOTAL THIS MO. 293
DPTR FM NORMAL -28 [PRESSURE DATA]
TOTAL FM JAN 1 2032 HIGHEST SLP 30.31 ON 12
DPTR FM NORMAL -96 LOWEST SLP 29.65 ON 1
[REMARKS]
#FINAL-09-21#