000
CXUS52 KCAE 011400
CF6CAE
PRELIMINARY LOCAL CLIMATOLOGICAL DATA (WS FORM: F-6)
STATION: COLUMBIA METRO AIRPORT SC
MONTH: AUGUST
YEAR: 2023
LATITUDE: 33 57 N
LONGITUDE: 81 7 W
TEMPERATURE IN F: :PCPN: SNOW: WIND :SUNSHINE: SKY :PK WND
================================================================================
1 2 3 4 5 6A 6B 7 8 9 10 11 12 13 14 15 16 17 18
12Z AVG MX 2MIN
DY MAX MIN AVG DEP HDD CDD WTR SNW DPTH SPD SPD DIR MIN PSBL S-S WX SPD DR
================================================================================
1 92 71 82 0 0 17 0.06 0.0 0 6.0 15 50 M M 4 19 50
2 88 70 79 -3 0 14 0.00 0.0 0 7.0 14 100 M M 5 19 150
3 81 72 77 -5 0 12 0.25 0.0 0 5.2 13 220 M M 9 1 16 220
4 89 72 81 -1 0 16 T 0.0 0 3.8 13 290 M M 7 15 330
5 94 71 83 1 0 18 0.00 0.0 0 3.6 12 120 M M 2 14 110
6 95 72 84 2 0 19 1.00 0.0 0 3.6 33 280 M M 5 13 38 280
7 97 72 85 3 0 20 0.10 0.0 0 9.1 24 320 M M 6 13 31 320
8 93 73 83 1 0 18 T 0.0 0 10.4 22 280 M M 6 28 280
9 92 72 82 0 0 17 0.00 0.0 0 4.5 10 150 M M 5 13 310
10 94 73 84 2 0 19 0.00 0.0 0 9.8 25 270 M M 5 32 280
11 87 71 79 -3 0 14 0.22 0.0 M 4.1 18 250 M M 5 138 23 250
12 96 71 84 2 0 19 T 0.0 0 3.0 22 300 M M 4 1 30 320
13 98 71 85 4 0 20 0.00 0.0 0 4.8 13 260 M M 3 2 21 250
14 99 76 88 7 0 23 0.00 0.0 0 6.4 15 260 M M 4 19 230
15 101 78 90 9 0 25 0.16 0.0 0 7.6 45 300 M M 3 3 88 280
16 88 73 81 0 0 16 0.04 0.0 0 5.5 12 130 M M 6 1 14 250
17 93 72 83 2 0 18 0.00 0.0 0 4.9 16 230 M M 6 21 240
18 94 68 81 0 0 16 0.00 0.0 0 5.1 15 310 M M 3 19 310
19 93 67 80 -1 0 15 0.00 0.0 0 5.2 14 60 M M 3 19 40
20 96 72 84 3 0 19 0.00 0.0 0 3.1 12 180 M M 5 15 180
21 98 75 87 6 0 22 0.00 0.0 0 2.9 12 130 M M 4 14 140
22 99 73 86 6 0 21 0.00 0.0 0 3.9 13 90 M M 4 16 80
23 93 72 83 3 0 18 0.00 0.0 0 7.5 15 60 M M 3 8 29 50
24 97 66 82 2 0 17 0.00 0.0 0 4.6 14 180 M M 2 17 200
25 98 75 87 7 0 22 0.00 0.0 0 4.5 12 50 M M 6 17 60
26 101 76 89 9 0 24 0.18 0.0 0 4.6 26 110 M M 5 38 37 100
27 97 71 84 4 0 19 1.45 0.0 0 5.3 30 260 M M 7 123 38 270
28 90 73 82 2 0 17 0.06 0.0 0 4.5 12 130 M M 7 1 15 130
29 89 74 82 2 0 17 0.23 0.0 0 2.6 21 160 M M 7 138 24 160
30 79 73 76 -3 0 11 1.87 0.0 0 7.8 22 30 M M 10 1 35 20
31 87 69 78 -1 0 13 0.09 0.0 0 7.1 20 310 M M 4 1 26 320
================================================================================
SM 2888 2234 0 556 5.71 0.0 168.0 M 155
================================================================================
AV 93.2 72.1 5.4 FASTST M M 5 MAX(MPH)
MISC ----> 45 300 88 280
================================================================================
NOTES:
# LAST OF SEVERAL OCCURRENCES
COLUMN 17 PEAK WIND IN M.P.H.
PRELIMINARY LOCAL CLIMATOLOGICAL DATA (WS FORM: F-6) , PAGE 2
STATION: COLUMBIA METRO AIRPORT SC
MONTH: AUGUST
YEAR: 2023
LATITUDE: 33 57 N
LONGITUDE: 81 7 W
[TEMPERATURE DATA] [PRECIPITATION DATA] SYMBOLS USED IN COLUMN 16
AVERAGE MONTHLY: 82.6 TOTAL FOR MONTH: 5.71 1 = FOG OR MIST
DPTR FM NORMAL: 1.6 DPTR FM NORMAL: 1.06 2 = FOG REDUCING VISIBILITY
HIGHEST: 101 ON 26,15 GRTST 24HR 1.96 ON 30-31 TO 1/4 MILE OR LESS
LOWEST: 66 ON 24 3 = THUNDER
SNOW, ICE PELLETS, HAIL 4 = ICE PELLETS
TOTAL MONTH: 0.0 INCH 5 = HAIL
GRTST 24HR 0.0 6 = FREEZING RAIN OR DRIZZLE
GRTST DEPTH: 0 7 = DUSTSTORM OR SANDSTORM:
VSBY 1/2 MILE OR LESS
8 = SMOKE OR HAZE
[NO. OF DAYS WITH] [WEATHER - DAYS WITH] 9 = BLOWING SNOW
X = TORNADO
MAX 32 OR BELOW: 0 0.01 INCH OR MORE: 13
MAX 90 OR ABOVE: 23 0.10 INCH OR MORE: 9
MIN 32 OR BELOW: 0 0.50 INCH OR MORE: 3
MIN 0 OR BELOW: 0 1.00 INCH OR MORE: 3
[HDD (BASE 65) ]
TOTAL THIS MO. 0 CLEAR (SCALE 0-3) 5
DPTR FM NORMAL 0 PTCLDY (SCALE 4-7) 24
TOTAL FM JUL 1 0 CLOUDY (SCALE 8-10) 2
DPTR FM NORMAL 0
[CDD (BASE 65) ]
TOTAL THIS MO. 556
DPTR FM NORMAL 60 [PRESSURE DATA]
TOTAL FM JAN 1 1778 HIGHEST SLP 30.20 ON 2
DPTR FM NORMAL -29 LOWEST SLP 29.51 ON 30
[REMARKS]
#FINAL-08-23#