000
CXUS55 KABQ 180440
CF6CAO
PRELIMINARY LOCAL CLIMATOLOGICAL DATA (WS FORM: F-6)
STATION: CLAYTON NM
MONTH: JUNE
YEAR: 2022
LATITUDE: 36 27 N
LONGITUDE: 103 9 W
TEMPERATURE IN F: :PCPN: SNOW: WIND :SUNSHINE: SKY :PK WND
================================================================================
1 2 3 4 5 6A 6B 7 8 9 10 11 12 13 14 15 16 17 18
12Z AVG MX 2MIN
DY MAX MIN AVG DEP HDD CDD WTR SNW DPTH SPD SPD DIR MIN PSBL S-S WX SPD DR
================================================================================
1 58 51 55 -12 10 0 T 0.0 0 16.2 29 20 M M 9 35 20
2 60 50 55 -13 10 0 T 0.0 0 9.4 16 140 M M 9 138 21 150
3 77 53 65 -3 0 0 T 0.0 0 13.2 26 180 M M 6 12 37 180
4 89 52 71 3 0 6 0.00 0.0 0 15.8 31 220 M M 0 42 210
5 93 54 74 6 0 9 0.00 0.0 0 11.4 26 340 M M 0 39 340
6 88 59 74 5 0 9 0.00 0.0 0 13.4 32 20 M M 2 3 40 50
7 79 57 68 -1 0 3 0.00 0.0 0 12.0 29 140 M M 6 1 38 140
8 74 55 65 -4 0 0 0.05 0.0 0 12.1 32 40 M M 4 13 43 50
9 88 58 73 3 0 8 0.08 0.0 0 17.3 41 310 M M 3 13 57 310
10 92 61 77 7 0 12 0.00 0.0 0 11.1 18 360 M M 0 24 30
11 102 59 81 11 0 16 0.00 0.0 0 8.4 21 110 M M 0 1 27 350
12 103 70 87 16 0 22 T 0.0 0 12.0 32 240 M M 0 3 50 240
13 100 70 85 14 0 20 0.00 0.0 0 20.0 40 210 M M 0 58 210
14 98 68 83 12 0 18 0.00 0.0 0 15.3 31 200 M M 1 42 180
15 87 58 73 2 0 8 0.00 0.0 0 12.8 25 360 M M 0 36 360
16 97 59 78 6 0 13 0.00 0.0 0 13.5 26 150 M M 0 40 160
17 93 65 79 7 0 14 0.00 0.0 0 19.0 32 170 M M 0 45 160
18 92 59 76 4 0 11 0.00 0.0 0 19.1 32 170 M M 0 44 160
19 90 63 77 5 0 12 T 0.0 0 20.1 37 170 M M 2 3 47 170
20 86 61 74 2 0 9 0.08 0.0 0 17.8 32 190 M M 2 1 41 170
21 69 57 63 -10 2 0 0.48 0.0 0 11.2 21 320 M M 8 1 27 320
22 79 59 69 -4 0 4 0.01 0.0 0 6.1 22 250 M M 6 3 32 260
23 88 59 74 1 0 9 0.31 0.0 0 15.2 35 200 M M 1 13 46 200
24 94 63 79 6 0 14 0.00 0.0 0 11.2 25 190 M M 1 38 210
25 83 59 71 -3 0 6 0.03 0.0 0 15.3 28 20 M M 5 38 10
26 63 54 59 -15 6 0 0.41 0.0 0 11.5 24 40 M M 9 1 30 30
27 63 52 58 -16 7 0 0.16 0.0 0 5.8 15 160 M M 7 1 23 150
28 85 52 69 -5 0 4 0.00 0.0 0 7.8 16 220 M M 0 22 210
29 89 59 74 0 0 9 0.00 0.0 0 13.9 26 200 M M 0 35 190
30 95 63 79 5 0 14 0.00 0.0 0 9.6 29 350 M M 1 40 350
================================================================================
SM 2554 1759 35 250 1.61 0.0 397.5 M 82
================================================================================
AV 85.1 58.6 13.3 FASTST M M 3 MAX(MPH)
MISC ----> 41 310 58 210
================================================================================
NOTES:
# LAST OF SEVERAL OCCURRENCES
COLUMN 17 PEAK WIND IN M.P.H.
PRELIMINARY LOCAL CLIMATOLOGICAL DATA (WS FORM: F-6) , PAGE 2
STATION: CLAYTON NM
MONTH: JUNE
YEAR: 2022
LATITUDE: 36 27 N
LONGITUDE: 103 9 W
[TEMPERATURE DATA] [PRECIPITATION DATA] SYMBOLS USED IN COLUMN 16
AVERAGE MONTHLY: 71.9 TOTAL FOR MONTH: 1.61 1 = FOG OR MIST
DPTR FM NORMAL: 0.7 DPTR FM NORMAL: -0.36 2 = FOG REDUCING VISIBILITY
HIGHEST: 103 ON 12 GRTST 24HR 0.48 ON 21-21 TO 1/4 MILE OR LESS
LOWEST: 50 ON 2 3 = THUNDER
SNOW, ICE PELLETS, HAIL 4 = ICE PELLETS
TOTAL MONTH: 0.0 INCH 5 = HAIL
GRTST 24HR 0.0 6 = FREEZING RAIN OR DRIZZLE
GRTST DEPTH: 0 7 = DUSTSTORM OR SANDSTORM:
VSBY 1/2 MILE OR LESS
8 = SMOKE OR HAZE
[NO. OF DAYS WITH] [WEATHER - DAYS WITH] 9 = BLOWING SNOW
X = TORNADO
MAX 32 OR BELOW: 0 0.01 INCH OR MORE: 9
MAX 90 OR ABOVE: 12 0.10 INCH OR MORE: 4
MIN 32 OR BELOW: 0 0.50 INCH OR MORE: 0
MIN 0 OR BELOW: 0 1.00 INCH OR MORE: 0
[HDD (BASE 65) ]
TOTAL THIS MO. 35 CLEAR (SCALE 0-3) 20
DPTR FM NORMAL 17 PTCLDY (SCALE 4-7) 7
TOTAL FM JUL 1 4412 CLOUDY (SCALE 8-10) 3
DPTR FM NORMAL -434
[CDD (BASE 65) ]
TOTAL THIS MO. 250
DPTR FM NORMAL 45 [PRESSURE DATA]
TOTAL FM JAN 1 378 HIGHEST SLP 30.42 ON 26
DPTR FM NORMAL 114 LOWEST SLP 29.44 ON 13
[REMARKS]
#FINAL-06-22#