000
CXUS55 KBOU 011000
CF6CCU
PRELIMINARY LOCAL CLIMATOLOGICAL DATA (WS FORM: F-6)
STATION: COPPER MTN/RED CLIFF
MONTH: JANUARY
YEAR: 2023
LATITUDE: 39 28 N
LONGITUDE: 106 9 W
TEMPERATURE IN F: :PCPN: SNOW: WIND :SUNSHINE: SKY :PK WND
================================================================================
1 2 3 4 5 6A 6B 7 8 9 10 11 12 13 14 15 16 17 18
12Z AVG MX 2MIN
DY MAX MIN AVG DEP HDD CDD WTR SNW DPTH SPD SPD DIR MIN PSBL S-S WX SPD DR
================================================================================
1 28 27 28 M 37 0 M M M 15.6 25 170 M M 8 8 30 170
2 27 14 21 M 44 0 M M M 11.6 21 150 M M 7 8 24 150
3 14 9 12 M 53 0 M M M 14.5 24 300 M M 10 32 290
4 10 5 8 M 57 0 M M M 18.9 25 300 M M 9 37 300
5 30 7 19 M 46 0 M M M 14.9 24 270 M M 3 8 35 240
6 25 19 22 M 43 0 M M M 14.8 28 190 M M 7 8 35 190
7 21 16 19 M 46 0 M M M 11.7 21 290 M M 7 8 28 280
8 28 19 24 M 41 0 M M M 15.3 31 270 M M 2 8 44 270
9 28 18 23 M 42 0 M M M 12.1 29 250 M M 7 8 43 250
10 28 25 27 M 38 0 M M M 19.4 32 270 M M 10 8 45 270
11 25 14 20 M 45 0 M M M 16.1 27 290 M M 9 38 310
12 25 10 18 M 47 0 M M M 10.3 20 270 M M 3 25 290
13 36 25 31 M 34 0 M M M 9.6 17 270 M M 0 24 270
14 34 25 30 M 35 0 M M M 13.9 28 260 M M 3 8 36 180
15 27 18 23 M 42 0 M M M 11.9 18 290 M M 7 27 290
16 21 14 18 M 47 0 M M M 12.4 22 290 M M 9 8 30 290
17 27 16 22 M 43 0 M M M 12.5 22 120 M M 9 28 120
18 16 7 12 M 53 0 M M M 15.4 24 270 M M 10 31 310
19 21 3 12 M 53 0 M M M 7.9 16 290 M M 5 28 290
20 21 9 15 M 50 0 M M M 9.7 18 130 M M 9 8 33 130
21 9 1 5 M 60 0 M M M 10.2 16 300 M M 9 8 22 310
22 27 7 17 M 48 0 M M M 6.7 20 170 M M 4 24 290
23 25 10 18 M 47 0 M M M 6.7 13 190 M M 5 8 18 190
24 14 1 8 M 57 0 M M M 9.8 24 300 M M 10 8 29 300
25 3 0 2 M 63 0 M M M 12.9 22 310 M M 10 8 36 310
26 10 0 5 M 60 0 M M M 12.9 20 270 M M 10 28 300
27 19 9 14 M 51 0 M M M 16.0 31 290 M M 10 48 290
28 18 9 14 M 51 0 M M M 11.5 24 290 M M 10 33 290
29 19 9 14 M 51 0 M M M 14.4 21 190 M M 10 8 31 240
30 16 3 10 M 55 0 M M M 13.9 25 270 M M 10 39 270
31 14 0 7 M 58 0 M M M 6.7 21 270 M M 3 31 270
================================================================================
SM 666 349 1497 0 M M 390.1 M 225
================================================================================
AV 21.5 11.3 12.6 FASTST M M 7 MAX(MPH)
MISC ----> 32 270 48 290
================================================================================
NOTES:
# LAST OF SEVERAL OCCURRENCES
COLUMN 17 PEAK WIND IN M.P.H.
PRELIMINARY LOCAL CLIMATOLOGICAL DATA (WS FORM: F-6) , PAGE 2
STATION: COPPER MTN/RED CLIFF
MONTH: JANUARY
YEAR: 2023
LATITUDE: 39 28 N
LONGITUDE: 106 9 W
[TEMPERATURE DATA] [PRECIPITATION DATA] SYMBOLS USED IN COLUMN 16
AVERAGE MONTHLY: 16.4 TOTAL FOR MONTH: M 1 = FOG OR MIST
DPTR FM NORMAL: 0.0 DPTR FM NORMAL: M 2 = FOG REDUCING VISIBILITY
HIGHEST: 36 ON 13 GRTST 24HR 0.49 ON 17-18 TO 1/4 MILE OR LESS
LOWEST: 0 ON 25,26 3 = THUNDER
SNOW, ICE PELLETS, HAIL 4 = ICE PELLETS
TOTAL MONTH: M 5 = HAIL
GRTST 24HR M ON M 6 = FREEZING RAIN OR DRIZZLE
GRTST DEPTH: M ON M 7 = DUSTSTORM OR SANDSTORM:
VSBY 1/2 MILE OR LESS
8 = SMOKE OR HAZE
[NO. OF DAYS WITH] [WEATHER - DAYS WITH] 9 = BLOWING SNOW
X = TORNADO
MAX 32 OR BELOW: 29 0.01 INCH OR MORE: 0
MAX 90 OR ABOVE: 0 0.10 INCH OR MORE: 0
MIN 32 OR BELOW: 31 0.50 INCH OR MORE: 0
MIN 0 OR BELOW: 3 1.00 INCH OR MORE: 0
[HDD (BASE 65) ]
TOTAL THIS MO. 1497 CLEAR (SCALE 0-3) 5
DPTR FM NORMAL M PTCLDY (SCALE 4-7) 9
TOTAL FM JUL 1 5679 CLOUDY (SCALE 8-10) 17
DPTR FM NORMAL M
[CDD (BASE 65) ]
TOTAL THIS MO. 0
DPTR FM NORMAL M [PRESSURE DATA]
TOTAL FM JAN 1 0 HIGHEST SLP M ON M
DPTR FM NORMAL M LOWEST SLP M ON M
[REMARKS]
#FINAL-01-23#