000
CXUS55 KBOU 010900
CF6CCU
PRELIMINARY LOCAL CLIMATOLOGICAL DATA (WS FORM: F-6)
STATION: COPPER MTN/RED CLIFF
MONTH: AUGUST
YEAR: 2022
LATITUDE: 39 28 N
LONGITUDE: 106 9 W
TEMPERATURE IN F: :PCPN: SNOW: WIND :SUNSHINE: SKY :PK WND
================================================================================
1 2 3 4 5 6A 6B 7 8 9 10 11 12 13 14 15 16 17 18
12Z AVG MX 2MIN
DY MAX MIN AVG DEP HDD CDD WTR SNW DPTH SPD SPD DIR MIN PSBL S-S WX SPD DR
================================================================================
1 70 48 59 M 6 0 M M M 7.4 22 160 M M 8 17 0
2 64 48 56 M 9 0 M M M 10.2 20 280 M M 5 28 280
3 64 48 56 M 9 0 M M M 6.1 17 170 M M 7 17 280
4 72 54 63 M 2 0 M M M 5.5 15 170 M M 3 M M
5 68 52 60 M 5 0 M M M 7.0 26 170 M M 6 18 280
6 68 54 61 M 4 0 M M M 6.2 14 290 M M 3 M M
7 68 54 61 M 4 0 M M M 8.3 14 300 M M 4 21 240
8 70 52 61 M 4 0 M M M 8.3 15 300 M M 5 26 280
9 73 54 64 M 1 0 0.00 M M 4.6 18 90 M M 2 23 110
10 72 54 63 M 2 0 0.00 M M 10.7 25 100 M M 3 30 100
11 73 54 64 M 1 0 0.00 M M 7.1 24 30 M M 4 31 30
12 73 54 64 M 1 0 0.02 M M 7.9 31 110 M M 3 39 110
13 64 54 59 M 6 0 0.13 M M 6.3 16 160 M M 6 18 170
14 68 46 57 M 8 0 0.14 M M 5.8 15 170 M M 5 32 0
15 61 46 54 M 11 0 1.02 M M 4.3 13 290 M M 8 1 17 290
16 55 45 50 M 15 0 0.68 M M 5.6 18 120 M M 9 8 24 120
17 64 46 55 M 10 0 0.00 M M 4.1 13 120 M M 5 18 120
18 68 50 59 M 6 0 0.00 M M 5.1 14 130 M M 2 21 60
19 59 45 52 M 13 0 0.01 M M 6.9 20 280 M M 4 26 280
20 59 45 52 M 13 0 0.64 M M 7.3 14 170 M M 10 1 M M
21 57 45 51 M 14 0 0.09 M M 3.7 14 160 M M 8 128 M M
22 63 45 54 M 11 0 0.23 M M 4.6 15 140 M M 5 17 70
23 64 46 55 M 10 0 0.00 M M 4.3 17 280 M M 1 25 280
24 66 46 56 M 9 0 0.00 M M 6.1 17 160 M M 3 21 0
25 59 45 52 M 13 0 0.27 M M 9.9 18 170 M M 5 23 290
26 55 45 50 M 15 0 0.13 M M 6.4 15 160 M M 9 1 13 290
27 59 41 50 M 15 0 0.00 M M 8.6 20 290 M M 1 24 290
28 59 45 52 M 13 0 0.02 M M 9.7 18 180 M M 4 29 0
29 64 46 55 M 10 0 0.00 M M 4.9 10 10 M M 1 18 270
30 68 46 57 M 8 0 0.00 M M 8.2 17 160 M M 3 22 160
31 64 54 59 M 6 0 0.00 M M 4.8 18 300 M M 4 28 300
================================================================================
SM 2011 1507 254 0 3.38 M 205.8 M 146
================================================================================
AV 64.9 48.6 6.6 FASTST M M 5 MAX(MPH)
MISC ----> 31 110 39 110
================================================================================
NOTES:
# LAST OF SEVERAL OCCURRENCES
COLUMN 17 PEAK WIND IN M.P.H.
PRELIMINARY LOCAL CLIMATOLOGICAL DATA (WS FORM: F-6) , PAGE 2
STATION: COPPER MTN/RED CLIFF
MONTH: AUGUST
YEAR: 2022
LATITUDE: 39 28 N
LONGITUDE: 106 9 W
[TEMPERATURE DATA] [PRECIPITATION DATA] SYMBOLS USED IN COLUMN 16
AVERAGE MONTHLY: 56.7 TOTAL FOR MONTH: 3.38 1 = FOG OR MIST
DPTR FM NORMAL: 0.0 DPTR FM NORMAL: M 2 = FOG REDUCING VISIBILITY
HIGHEST: 73 ON 12,11 GRTST 24HR 1.02 ON 15-15 TO 1/4 MILE OR LESS
LOWEST: 41 ON 27 3 = THUNDER
SNOW, ICE PELLETS, HAIL 4 = ICE PELLETS
TOTAL MONTH: M 5 = HAIL
GRTST 24HR M ON M 6 = FREEZING RAIN OR DRIZZLE
GRTST DEPTH: M ON M 7 = DUSTSTORM OR SANDSTORM:
VSBY 1/2 MILE OR LESS
8 = SMOKE OR HAZE
[NO. OF DAYS WITH] [WEATHER - DAYS WITH] 9 = BLOWING SNOW
X = TORNADO
MAX 32 OR BELOW: 0 0.01 INCH OR MORE: 12
MAX 90 OR ABOVE: 0 0.10 INCH OR MORE: 8
MIN 32 OR BELOW: 0 0.50 INCH OR MORE: 3
MIN 0 OR BELOW: 0 1.00 INCH OR MORE: 1
[HDD (BASE 65) ]
TOTAL THIS MO. 254 CLEAR (SCALE 0-3) 7
DPTR FM NORMAL M PTCLDY (SCALE 4-7) 20
TOTAL FM JUL 1 465 CLOUDY (SCALE 8-10) 4
DPTR FM NORMAL M
[CDD (BASE 65) ]
TOTAL THIS MO. 0
DPTR FM NORMAL M [PRESSURE DATA]
TOTAL FM JAN 1 0 HIGHEST SLP M ON M
DPTR FM NORMAL M LOWEST SLP M ON M
[REMARKS]
#FINAL-08-22#