000
CXAK56 PAFC 060202
CF6CDB
PRELIMINARY LOCAL CLIMATOLOGICAL DATA (WS FORM: F-6)
STATION: COLD BAY
MONTH: MARCH
YEAR: 2020
LATITUDE: 55 13 N
LONGITUDE: 162 44 W
TEMPERATURE IN F: :PCPN: SNOW: WIND :SUNSHINE: SKY :PK WND
================================================================================
1 2 3 4 5 6A 6B 7 8 9 10 11 12 13 14 15 16 17 18
12Z AVG MX 2MIN
DY MAX MIN AVG DEP HDD CDD WTR SNW DPTH SPD SPD DIR MIN PSBL S-S WX SPD DR
================================================================================
1 42 29 36 6 29 0 0.04 M M 24.1 55 240 M M 10 1 70 250
2 31 22 27 -3 38 0 0.01 M M 11.9 20 280 M M 10 1 23 300
3 25 17 21 -9 44 0 T M M 22.1 32 310 M M 9 8 39 310
4 29 18 24 -6 41 0 T M M 29.0 40 310 M M 10 9 49 310
5 34 27 31 1 34 0 T M M 14.4 33 130 M M 9 18 41 140
6 38 33 36 6 29 0 0.13 M M 13.4 28 140 M M 9 1 37 140
7 42 33 38 8 27 0 0.01 M M 8.2 21 270 M M 9 1 26 250
8 41 33 37 7 28 0 0.07 M M 9.1 22 250 M M 10 12 27 250
9 36 21 29 -1 36 0 0.07 M M 15.7 28 330 M M 9 1 33 330
10 23 18 21 -9 44 0 0.01 M M 13.4 24 330 M M 10 8 30 330
11 27 12 20 -10 45 0 0.00 M M 13.8 29 360 M M 1 35 360
12 38 7 23 -7 42 0 T M M 17.9 38 130 M M 0 46 130
13 38 34 36 6 29 0 0.03 M M 34.8 49 150 M M 10 60 140
14 41 35 38 8 27 0 0.01 M M 27.3 37 130 M M 10 45 130
15 41 35 38 8 27 0 0.13 M M 23.3 35 120 M M 10 1 42 120
16 41 35 38 8 27 0 0.27 M M 17.1 29 120 M M 10 1 36 120
17 40 35 38 8 27 0 0.04 M M 13.7 23 270 M M 10 1 28 270
18 37 31 34 4 31 0 0.01 M M 23.1 37 140 M M 9 1 46 140
19 44 26 35 5 30 0 0.01 M M 17.3 35 160 M M 6 1 42 170
20 38 27 33 3 32 0 0.05 M M 20.2 35 150 M M 6 1 43 140
21 40 26 33 3 32 0 0.03 M M 15.7 31 280 M M 8 1 37 270
22 43 23 33 3 32 0 0.00 M M 9.0 21 360 M M 1 27 350
23 42 25 34 4 31 0 T M M 24.2 40 140 M M 0 49 140
24 46 37 42 12 23 0 0.01 M M 27.4 45 150 M M 9 12 53 150
25 41 37 39 9 26 0 0.11 M M 18.3 31 260 M M 10 12 37 270
26 47 37 42 11 23 0 0.06 M M 13.6 22 270 M M 10 1 26 270
27 44 34 39 8 26 0 0.12 M M 18.2 31 300 M M 7 1 37 290
28 42 25 34 3 31 0 0.04 M M 29.4 41 290 M M 8 16 49 290
29 30 18 24 -7 41 0 T M M 15.1 26 320 M M 9 31 320
30 36 13 25 -6 40 0 0.14 M M 14.3 27 150 M M 6 1 39 150
31 41 13 27 -4 38 0 0.04 M M 5.0 32 140 M M 9 1 40 140
================================================================================
SM 1178 816 1010 0 1.44 M 560.0 M 244
================================================================================
AV 38.0 26.3 18.1 FASTST M M 8 MAX(MPH)
MISC ----> 55 240 70 250
================================================================================
NOTES:
# LAST OF SEVERAL OCCURRENCES
COLUMN 17 PEAK WIND IN M.P.H.
PRELIMINARY LOCAL CLIMATOLOGICAL DATA (WS FORM: F-6) , PAGE 2
STATION: COLD BAY
MONTH: MARCH
YEAR: 2020
LATITUDE: 55 13 N
LONGITUDE: 162 44 W
[TEMPERATURE DATA] [PRECIPITATION DATA] SYMBOLS USED IN COLUMN 16
AVERAGE MONTHLY: 32.2 TOTAL FOR MONTH: 1.44 1 = FOG OR MIST
DPTR FM NORMAL: 2.1 DPTR FM NORMAL: -1.26 2 = FOG REDUCING VISIBILITY
HIGHEST: 47 ON 26 GRTST 24HR 0.30 ON 15-16 TO 1/4 MILE OR LESS
LOWEST: 7 ON 12 3 = THUNDER
SNOW, ICE PELLETS, HAIL 4 = ICE PELLETS
TOTAL MONTH: M 5 = HAIL
GRTST 24HR M ON M 6 = FREEZING RAIN OR DRIZZLE
GRTST DEPTH: M ON M 7 = DUSTSTORM OR SANDSTORM:
VSBY 1/2 MILE OR LESS
8 = SMOKE OR HAZE
[NO. OF DAYS WITH] [WEATHER - DAYS WITH] 9 = BLOWING SNOW
X = TORNADO
MAX 32 OR BELOW: 6 0.01 INCH OR MORE: 23
MAX 90 OR ABOVE: 0 0.10 INCH OR MORE: 6
MIN 32 OR BELOW: 19 0.50 INCH OR MORE: 0
MIN 0 OR BELOW: 0 1.00 INCH OR MORE: 0
[HDD (BASE 65) ]
TOTAL THIS MO. 1010 CLEAR (SCALE 0-3) 4
DPTR FM NORMAL -72 PTCLDY (SCALE 4-7) 6
TOTAL FM JUL 1 6482 CLOUDY (SCALE 8-10) 21
DPTR FM NORMAL -815
[CDD (BASE 65) ]
TOTAL THIS MO. 0
DPTR FM NORMAL 0 [PRESSURE DATA]
TOTAL FM JAN 1 0 HIGHEST SLP M ON M
DPTR FM NORMAL 0 LOWEST SLP 28.99 ON 1
[REMARKS]
#FINAL-03-20#