000
CXUS56 KSLC 041611
CF6CDC
PRELIMINARY LOCAL CLIMATOLOGICAL DATA (WS FORM: F-6)
STATION: CEDAR CITY UT
MONTH: JANUARY
YEAR: 2023
LATITUDE: 37 42 N
LONGITUDE: 113 6 W
TEMPERATURE IN F: :PCPN: SNOW: WIND :SUNSHINE: SKY :PK WND
================================================================================
1 2 3 4 5 6A 6B 7 8 9 10 11 12 13 14 15 16 17 18
12Z AVG MX 2MIN
DY MAX MIN AVG DEP HDD CDD WTR SNW DPTH SPD SPD DIR MIN PSBL S-S WX SPD DR
================================================================================
1 45 27 36 7 29 0 0.57 M M 10.7 31 200 M M 10 1 43 210
2 31 21 26 -3 39 0 0.10 M M 4.6 17 210 M M 10 1 22 210
3 33 19 26 -3 39 0 0.01 M M 7.5 15 220 M M 6 1 19 210
4 38 18 28 -1 37 0 0.00 M M 7.9 18 220 M M 5 23 220
5 45 30 38 9 27 0 0.27 M M 11.2 26 200 M M 6 1 39 190
6 43 29 36 7 29 0 T M M 5.7 15 210 M M 5 1 20 220
7 43 22 33 4 32 0 0.00 M M 4.1 14 210 M M 1 19 210
8 48 31 40 10 25 0 0.00 M M 10.1 22 200 M M 4 28 220
9 44 32 38 8 27 0 T M M 18.1 30 220 M M 8 44 220
10 50 31 41 11 24 0 0.28 M M 17.5 37 200 M M 6 13 56 270
11 42 24 33 3 32 0 T M M 5.1 16 170 M M 1 1 20 170
12 49 23 36 6 29 0 0.00 M M 2.4 9 130 M M 0 10 130
13 50 27 39 9 26 0 0.00 M M 8.4 23 220 M M 0 32 220
14 49 33 41 11 24 0 0.00 M M 16.2 33 190 M M 5 43 190
15 39 32 36 6 29 0 0.05 M M 13.5 25 210 M M 9 1 34 210
16 42 31 37 7 28 0 0.07 M M 13.7 33 200 M M 8 1 46 200
17 35 25 30 -1 35 0 0.02 M M 5.2 15 320 M M 8 12 21 320
18 34 18 26 -5 39 0 0.01 M M 5.9 16 40 M M 4 1 21 40
19 33 19 26 -5 39 0 0.03 M M 7.6 21 220 M M 7 1 30 230
20 27 13 20 -11 45 0 0.02 M M 9.8 16 10 M M 10 1 23 10
21 29 6 18 -13 47 0 0.00 M M 3.4 12 340 M M 0 17 340
22 22 6 14 -17 51 0 0.03 M M 7.9 23 10 M M 6 1 31 20
23 25 8 17 -14 48 0 T M M 8.3 16 10 M M 5 1 23 10
24 32 5 19 -12 46 0 0.00 M M 2.7 12 10 M M 1 14 10
25 32 11 22 -9 43 0 T M M 8.0 16 340 M M 9 24 340
26 34 14 24 -7 41 0 T M M 5.9 13 360 M M 2 1 17 360
27 42 12 27 -5 38 0 0.00 M M 4.6 14 220 M M 0 19 210
28 42 17 30 -2 35 0 0.00 M M 5.4 14 210 M M 0 20 250
29 39 24 32 0 33 0 T M M 9.3 24 210 M M 3 1 32 200
30 26 0 13 -19 52 0 0.02 M M 6.4 16 360 M M 9 1 20 360
31 20 -3 9 -23 56 0 0.00 M M 3.2 9 280 M M 0 11 280
================================================================================
SM 1163 605 1124 0 1.48 M 250.3 M 148
================================================================================
AV 37.5 19.5 8.1 FASTST M M 5 MAX(MPH)
MISC ----> 37 200 56 270
================================================================================
NOTES:
# LAST OF SEVERAL OCCURRENCES
COLUMN 17 PEAK WIND IN M.P.H.
PRELIMINARY LOCAL CLIMATOLOGICAL DATA (WS FORM: F-6) , PAGE 2
STATION: CEDAR CITY UT
MONTH: JANUARY
YEAR: 2023
LATITUDE: 37 42 N
LONGITUDE: 113 6 W
[TEMPERATURE DATA] [PRECIPITATION DATA] SYMBOLS USED IN COLUMN 16
AVERAGE MONTHLY: 28.5 TOTAL FOR MONTH: 1.48 1 = FOG OR MIST
DPTR FM NORMAL: -1.9 DPTR FM NORMAL: 0.66 2 = FOG REDUCING VISIBILITY
HIGHEST: 50 ON 13,10 GRTST 24HR 0.77 ON 10-10 TO 1/4 MILE OR LESS
LOWEST: -3 ON 31 3 = THUNDER
SNOW, ICE PELLETS, HAIL 4 = ICE PELLETS
TOTAL MONTH: M 5 = HAIL
GRTST 24HR M ON M 6 = FREEZING RAIN OR DRIZZLE
GRTST DEPTH: M ON M 7 = DUSTSTORM OR SANDSTORM:
VSBY 1/2 MILE OR LESS
8 = SMOKE OR HAZE
[NO. OF DAYS WITH] [WEATHER - DAYS WITH] 9 = BLOWING SNOW
X = TORNADO
MAX 32 OR BELOW: 9 0.01 INCH OR MORE: 13
MAX 90 OR ABOVE: 0 0.10 INCH OR MORE: 4
MIN 32 OR BELOW: 30 0.50 INCH OR MORE: 1
MIN 0 OR BELOW: 2 1.00 INCH OR MORE: 0
[HDD (BASE 65) ]
TOTAL THIS MO. 1124 CLEAR (SCALE 0-3) 11
DPTR FM NORMAL 51 PTCLDY (SCALE 4-7) 14
TOTAL FM JUL 1 3579 CLOUDY (SCALE 8-10) 6
DPTR FM NORMAL 39
[CDD (BASE 65) ]
TOTAL THIS MO. 0
DPTR FM NORMAL 0 [PRESSURE DATA]
TOTAL FM JAN 1 0 HIGHEST SLP 30.61 ON 26
DPTR FM NORMAL 0 LOWEST SLP 29.45 ON 1
[REMARKS]
#FINAL-01-23#