000
CXUS56 KSLC 010726
CF6CDC
PRELIMINARY LOCAL CLIMATOLOGICAL DATA (WS FORM: F-6)
STATION: CEDAR CITY UT
MONTH: SEPTEMBER
YEAR: 2021
LATITUDE: 37 42 N
LONGITUDE: 113 6 W
TEMPERATURE IN F: :PCPN: SNOW: WIND :SUNSHINE: SKY :PK WND
================================================================================
1 2 3 4 5 6A 6B 7 8 9 10 11 12 13 14 15 16 17 18
12Z AVG MX 2MIN
DY MAX MIN AVG DEP HDD CDD WTR SNW DPTH SPD SPD DIR MIN PSBL S-S WX SPD DR
================================================================================
1 73 59 66 -2 0 1 0.43 M M 5.8 20 220 M M 5 13 23 220
2 79 56 68 0 0 3 0.00 M M 8.8 20 230 M M 0 25 210
3 82 53 68 0 0 3 0.00 M M 6.7 17 230 M M 0 22 230
4 86 51 69 1 0 4 0.00 M M 4.5 15 340 M M 0 19 330
5 89 51 70 3 0 5 0.00 M M 4.7 13 140 M M 0 14 350
6 91 54 73 6 0 8 0.00 M M 4.3 12 140 M M 0 16 290
7 93 53 73 7 0 8 0.00 M M 5.4 14 350 M M 0 18 360
8 93 52 73 7 0 8 0.00 M M 4.1 15 110 M M 0 17 110
9 92 53 73 7 0 8 0.00 M M 6.5 23 210 M M 0 38 29 210
10 88 60 74 9 0 9 0.01 M M 10.2 37 140 M M 0 3 44 150
11 86 63 75 10 0 10 0.00 M M 9.4 22 220 M M 0 30 210
12 87 51 69 4 0 4 0.00 M M 7.8 23 230 M M 0 29 230
13 87 55 71 7 0 6 0.00 M M 9.0 22 190 M M 0 27 190
14 87 49 68 4 0 3 0.00 M M 5.1 12 300 M M 0 16 310
15 86 48 67 3 0 2 0.00 M M 7.4 21 210 M M 0 8 27 210
16 83 56 70 7 0 5 0.00 M M 10.5 23 210 M M 0 30 200
17 84 52 68 5 0 3 T M M 8.8 23 210 M M 1 29 210
18 72 56 64 2 1 0 0.09 M M 8.5 38 240 M M 5 3 47 250
19 78 50 64 2 1 0 0.00 M M 15.9 33 210 M M 0 44 210
20 69 40 55 -6 10 0 0.00 M M 8.9 18 360 M M 0 25 320
21 76 37 57 -4 8 0 0.00 M M 2.3 10 350 M M 0 11 360
22 83 39 61 1 4 0 0.00 M M 5.8 20 220 M M 0 34 330
23 81 47 64 4 1 0 0.00 M M 5.7 14 350 M M 0 29 330
24 79 43 61 1 4 0 0.00 M M 3.5 12 360 M M 0 8 17 50
25 85 44 65 6 0 0 0.00 M M 3.5 15 210 M M 0 18 210
26 84 48 66 7 0 1 0.00 M M 5.9 20 220 M M 0 25 220
27 82 52 67 9 0 2 0.03 M M 8.7 33 120 M M 2 3 44 120
28 75 46 61 3 4 0 T M M 12.7 24 210 M M 2 32 210
29 60 38 49 -8 16 0 0.04 M M 7.2 17 350 M M 5 1 25 10
30 63 32 48 -9 17 0 0.00 M M 5.2 17 340 M M 0 25 20
================================================================================
SM 2453 1488 66 93 0.60 M 212.8 M 20
================================================================================
AV 81.8 49.6 7.1 FASTST M M 1 MAX(MPH)
MISC ----> 38 240 47 250
================================================================================
NOTES:
# LAST OF SEVERAL OCCURRENCES
COLUMN 17 PEAK WIND IN M.P.H.
PRELIMINARY LOCAL CLIMATOLOGICAL DATA (WS FORM: F-6) , PAGE 2
STATION: CEDAR CITY UT
MONTH: SEPTEMBER
YEAR: 2021
LATITUDE: 37 42 N
LONGITUDE: 113 6 W
[TEMPERATURE DATA] [PRECIPITATION DATA] SYMBOLS USED IN COLUMN 16
AVERAGE MONTHLY: 65.7 TOTAL FOR MONTH: 0.60 1 = FOG OR MIST
DPTR FM NORMAL: 2.6 DPTR FM NORMAL: -0.15 2 = FOG REDUCING VISIBILITY
HIGHEST: 93 ON 8, 7 GRTST 24HR 0.43 ON 31- 1 TO 1/4 MILE OR LESS
LOWEST: 32 ON 30 3 = THUNDER
SNOW, ICE PELLETS, HAIL 4 = ICE PELLETS
TOTAL MONTH: M 5 = HAIL
GRTST 24HR M ON M 6 = FREEZING RAIN OR DRIZZLE
GRTST DEPTH: M ON M 7 = DUSTSTORM OR SANDSTORM:
VSBY 1/2 MILE OR LESS
8 = SMOKE OR HAZE
[NO. OF DAYS WITH] [WEATHER - DAYS WITH] 9 = BLOWING SNOW
X = TORNADO
MAX 32 OR BELOW: 0 0.01 INCH OR MORE: 5
MAX 90 OR ABOVE: 4 0.10 INCH OR MORE: 1
MIN 32 OR BELOW: 1 0.50 INCH OR MORE: 0
MIN 0 OR BELOW: 0 1.00 INCH OR MORE: 0
[HDD (BASE 65) ]
TOTAL THIS MO. 66 CLEAR (SCALE 0-3) 27
DPTR FM NORMAL -42 PTCLDY (SCALE 4-7) 3
TOTAL FM JUL 1 74 CLOUDY (SCALE 8-10) 0
DPTR FM NORMAL -40
[CDD (BASE 65) ]
TOTAL THIS MO. 93
DPTR FM NORMAL 43 [PRESSURE DATA]
TOTAL FM JAN 1 963 HIGHEST SLP M ON M
DPTR FM NORMAL 285 LOWEST SLP 29.66 ON 28
[REMARKS]
#FINAL-09-21#