575
CXUS55 KEAX 010736
CF6CDJ
PRELIMINARY LOCAL CLIMATOLOGICAL DATA (WS FORM: F-6)
STATION: CHILLICOTHE
MONTH: MARCH
YEAR: 2021
LATITUDE: 39 49 N
LONGITUDE: 93 35 W
TEMPERATURE IN F: :PCPN: SNOW: WIND :SUNSHINE: SKY :PK WND
================================================================================
1 2 3 4 5 6A 6B 7 8 9 10 11 12 13 14 15 16 17 18
12Z AVG MX 2MIN
DY MAX MIN AVG DEP HDD CDD WTR SNW DPTH SPD SPD DIR MIN PSBL S-S WX SPD DR
================================================================================
1 52 21 37 1 28 0 0.00 M M 3.6 10 340 M M 0 16 340
2 61 22 42 5 23 0 0.00 M M 6.2 16 190 M M 0 26 190
3 68 28 48 11 17 0 0.00 M M 2.5 8 220 M M 0 12 220
4 67 32 50 12 15 0 0.00 M M 6.7 16 120 M M 0 25 70
5 56 31 44 6 21 0 0.00 M M 5.8 13 130 M M 0 20 120
6 66 30 48 10 17 0 0.00 M M 3.6 12 190 M M 0 20 220
7 68 34 51 12 14 0 0.00 M M 9.2 25 190 M M 0 36 180
8 71 43 57 18 8 0 0.00 M M 8.3 17 180 M M 0 32 160
9 M M M M M M 0.00 M M 13.9 26 190 M M 0 45 180
10 74 48 61 21 4 0 0.14 M M 15.9 30 210 M M 0 3 47 180
11 59 38 49 8 16 0 0.00 M M 4.5 12 40 M M 0 21 20
12 52 32 42 1 23 0 0.01 M M 3.3 13 100 M M 0 20 60
13 58 41 50 8 15 0 0.00 M M 6.9 18 120 M M 0 27 120
14 53 44 49 7 16 0 1.53 M M 13.1 25 100 M M 0 45 100
15 46 42 44 2 21 0 0.00 M M 8.2 16 100 M M 0 29 130
16 48 40 44 1 21 0 0.00 M M 4.7 12 110 M M 0 18 100
17 43 37 40 -3 25 0 0.76 M M 11.7 23 30 M M 0 3 38 20
18 51 36 44 0 21 0 0.09 M M 11.4 22 360 M M 0 38 10
19 54 28 41 -3 24 0 0.00 M M 4.1 10 130 M M 0 17 80
20 60 26 43 -1 22 0 0.00 M M 6.0 16 180 M M 0 26 170
21 67 39 53 8 12 0 0.00 M M 9.8 24 180 M M 0 37 180
22 67 50 59 14 6 0 0.00 M M 6.2 14 150 M M 0 21 140
23 62 49 56 10 9 0 0.63 M M 10.1 23 200 M M 0 39 200
24 53 43 48 2 17 0 0.00 M M 7.8 16 360 M M 0 31 360
25 45 42 44 -2 21 0 0.50 M M 4.8 16 140 M M 0 1 22 140
26 60 39 50 3 15 0 0.00 M M 3.2 13 120 M M 0 22 100
27 62 45 54 7 11 0 0.09 M M 8.3 18 300 M M 0 30 310
28 57 37 47 -1 18 0 0.00 M M 7.7 20 310 M M 0 31 300
29 74 42 58 10 7 0 0.00 M M 15.8 31 180 M M 0 48 190
30 60 43 52 4 13 0 0.00 M M 8.6 17 350 M M 0 29 10
31 50 30 40 -9 25 0 0.00 M M 8.2 21 320 M M 0 35 320
================================================================================
SM 1764 1112 505 0 3.75 M 240.1 M 0
================================================================================
AV 58.8 37.1 7.7 FASTST M M 0 MAX(MPH)
MISC ----> 31 180 48 190
================================================================================
NOTES:
# LAST OF SEVERAL OCCURRENCES
COLUMN 17 PEAK WIND IN M.P.H.
PRELIMINARY LOCAL CLIMATOLOGICAL DATA (WS FORM: F-6) , PAGE 2
STATION: CHILLICOTHE
MONTH: MARCH
YEAR: 2021
LATITUDE: 39 49 N
LONGITUDE: 93 35 W
[TEMPERATURE DATA] [PRECIPITATION DATA] SYMBOLS USED IN COLUMN 16
AVERAGE MONTHLY: 47.9 TOTAL FOR MONTH: 3.75 1 = FOG OR MIST
DPTR FM NORMAL: 5.2 DPTR FM NORMAL: 1.05 2 = FOG REDUCING VISIBILITY
HIGHEST: 74 ON 29,10 GRTST 24HR 1.53 ON 14-14 TO 1/4 MILE OR LESS
LOWEST: 21 ON 1 3 = THUNDER
SNOW, ICE PELLETS, HAIL 4 = ICE PELLETS
TOTAL MONTH: M 5 = HAIL
GRTST 24HR M ON M 6 = FREEZING RAIN OR DRIZZLE
GRTST DEPTH: M ON M 7 = DUSTSTORM OR SANDSTORM:
VSBY 1/2 MILE OR LESS
8 = SMOKE OR HAZE
[NO. OF DAYS WITH] [WEATHER - DAYS WITH] 9 = BLOWING SNOW
X = TORNADO
MAX 32 OR BELOW: 0 0.01 INCH OR MORE: 8
MAX 90 OR ABOVE: 0 0.10 INCH OR MORE: 5
MIN 32 OR BELOW: 10 0.50 INCH OR MORE: 4
MIN 0 OR BELOW: 0 1.00 INCH OR MORE: 1
[HDD (BASE 65) ]
TOTAL THIS MO. 505 CLEAR (SCALE 0-3) 31
DPTR FM NORMAL -189 PTCLDY (SCALE 4-7) 0
TOTAL FM JUL 1 4771 CLOUDY (SCALE 8-10) 0
DPTR FM NORMAL -250
[CDD (BASE 65) ]
TOTAL THIS MO. 0
DPTR FM NORMAL -2 [PRESSURE DATA]
TOTAL FM JAN 1 0 HIGHEST SLP M ON M
DPTR FM NORMAL -2 LOWEST SLP 29.45 ON 23
[REMARKS]
#FINAL-03-21#