000
CXUS54 KLUB 010830
CF6CDS
PRELIMINARY LOCAL CLIMATOLOGICAL DATA (WS FORM: F-6)
STATION: CHILDRESS
MONTH: JANUARY
YEAR: 2024
LATITUDE: 34 25 N
LONGITUDE: 100 17 W
TEMPERATURE IN F: :PCPN: SNOW: WIND :SUNSHINE: SKY :PK WND
================================================================================
1 2 3 4 5 6A 6B 7 8 9 10 11 12 13 14 15 16 17 18
12Z AVG MX 2MIN
DY MAX MIN AVG DEP HDD CDD WTR SNW DPTH SPD SPD DIR MIN PSBL S-S WX SPD DR
================================================================================
1 39 25 32 -9 33 0 0.00 0.0 0 5.5 12 20 M M 4 1 14 20
2 51 28 40 -1 25 0 0.00 0.0 0 6.0 10 160 M M 1 1 15 160
3 51 26 39 -2 26 0 0.00 0.0 0 5.7 12 330 M M 0 1 13 320
4 43 31 37 -4 28 0 0.21 0.0 0 11.0 21 140 M M 9 12 28 130
5 46 34 40 -1 25 0 0.08 0.0 0 12.5 23 320 M M 7 1 30 330
6 52 28 40 -1 25 0 0.00 0.0 0 8.5 23 330 M M 1 30 320
7 57 27 42 1 23 0 0.00 0.0 0 14.6 28 180 M M 1 42 180
8 53 30 42 1 23 0 T 0.0 0 27.9 52 330 M M 5 1 68 330
9 48 29 39 -2 26 0 0.00 0.0 0 18.1 44 330 M M 0 56 330
10 66 28 47 6 18 0 0.00 0.0 0 13.2 35 290 M M 0 44 300
11 67 24 46 5 19 0 0.00 0.0 0 11.6 37 350 M M 2 52 280
12 50 21 36 -6 29 0 0.00 0.0 0 15.9 33 340 M M 1 45 330
13 32 10 21 -21 44 0 0.00 0.0 0 15.1 29 360 M M 0 38 20
14 15 6 11 -31 54 0 0.00 0.0 0 9.0 16 20 M M 2 22 40
15 21 6 14 -28 51 0 0.00 0.0 0 10.6 25 20 M M 0 36 20
16 28 6 17 -25 48 0 0.00 0.0 0 7.6 17 10 M M 0 22 10
17 56 16 36 -6 29 0 0.00 0.0 0 15.2 30 190 M M 0 40 190
18 60 26 43 1 22 0 0.00 0.0 0 10.7 33 10 M M 0 45 10
19 34 17 26 -16 39 0 0.00 0.0 0 11.6 30 20 M M 0 42 10
20 32 14 23 -19 42 0 0.00 0.0 0 6.7 14 140 M M 0 19 130
21 40 19 30 -12 35 0 T 0.0 0 12.7 22 180 M M 4 1 30 180
22 46 33 40 -2 25 0 0.00 0.0 0 8.4 16 160 M M 10 12 21 160
23 41 37 39 -3 26 0 0.25 0.0 0 5.4 12 20 M M 10 12 14 30
24 43 37 40 -2 25 0 0.04 0.0 0 5.4 14 30 M M 10 12 19 20
25 50 35 43 1 22 0 0.00 0.0 0 5.8 12 120 M M 9 12 17 120
26 45 41 43 1 22 0 0.26 0.0 0 9.3 18 50 M M 10 12 25 50
27 59 34 47 5 18 0 T 0.0 0 10.7 23 340 M M 1 1 32 330
28 67 32 50 7 15 0 0.00 0.0 0 7.1 15 250 M M 0 22 250
29 71 36 54 11 11 0 0.00 0.0 0 7.5 16 300 M M 0 20 300
30 72 35 54 11 11 0 0.00 0.0 0 5.5 10 210 M M 0 12 330
31 70 37 54 11 11 0 0.00 0.0 0 6.6 15 210 M M 0 19 190
================================================================================
SM 1505 808 850 0 0.84 0.0 321.4 M 87
================================================================================
AV 48.5 26.1 10.4 FASTST M M 3 MAX(MPH)
MISC ----> 52 330 68 330
================================================================================
NOTES:
# LAST OF SEVERAL OCCURRENCES
COLUMN 17 PEAK WIND IN M.P.H.
PRELIMINARY LOCAL CLIMATOLOGICAL DATA (WS FORM: F-6) , PAGE 2
STATION: CHILDRESS
MONTH: JANUARY
YEAR: 2024
LATITUDE: 34 25 N
LONGITUDE: 100 17 W
[TEMPERATURE DATA] [PRECIPITATION DATA] SYMBOLS USED IN COLUMN 16
AVERAGE MONTHLY: 37.3 TOTAL FOR MONTH: 0.84 1 = FOG OR MIST
DPTR FM NORMAL: -4.5 DPTR FM NORMAL: 0.07 2 = FOG REDUCING VISIBILITY
HIGHEST: 72 ON 30 GRTST 24HR 0.29 ON 23-24 TO 1/4 MILE OR LESS
LOWEST: 6 ON 16,15 3 = THUNDER
SNOW, ICE PELLETS, HAIL 4 = ICE PELLETS
TOTAL MONTH: 0.0 INCH 5 = HAIL
GRTST 24HR 0.0 6 = FREEZING RAIN OR DRIZZLE
GRTST DEPTH: 0 7 = DUSTSTORM OR SANDSTORM:
VSBY 1/2 MILE OR LESS
8 = SMOKE OR HAZE
[NO. OF DAYS WITH] [WEATHER - DAYS WITH] 9 = BLOWING SNOW
X = TORNADO
MAX 32 OR BELOW: 5 0.01 INCH OR MORE: 5
MAX 90 OR ABOVE: 0 0.10 INCH OR MORE: 3
MIN 32 OR BELOW: 21 0.50 INCH OR MORE: 0
MIN 0 OR BELOW: 0 1.00 INCH OR MORE: 0
[HDD (BASE 65) ]
TOTAL THIS MO. 850 CLEAR (SCALE 0-3) 21
DPTR FM NORMAL 131 PTCLDY (SCALE 4-7) 4
TOTAL FM JUL 1 1928 CLOUDY (SCALE 8-10) 6
DPTR FM NORMAL -43
[CDD (BASE 65) ]
TOTAL THIS MO. 0
DPTR FM NORMAL 0 [PRESSURE DATA]
TOTAL FM JAN 1 0 HIGHEST SLP 30.68 ON 19
DPTR FM NORMAL 0 LOWEST SLP 29.34 ON 8
[REMARKS]
#FINAL-01-24#