000
CXUS56 KEKA 050625
CF6CEC
PRELIMINARY LOCAL CLIMATOLOGICAL DATA (WS FORM: F-6)
STATION: CRESCENT CITY CA
MONTH: OCTOBER
YEAR: 2020
LATITUDE: 41 46 N
LONGITUDE: 124 14 W
TEMPERATURE IN F: :PCPN: SNOW: WIND :SUNSHINE: SKY :PK WND
================================================================================
1 2 3 4 5 6A 6B 7 8 9 10 11 12 13 14 15 16 17 18
12Z AVG MX 2MIN
DY MAX MIN AVG DEP HDD CDD WTR SNW DPTH SPD SPD DIR MIN PSBL S-S WX SPD DR
================================================================================
1 64 50 57 3 8 0 0.00 M M 5.0 14 340 M M 6 28 18 340
2 62 51 57 3 8 0 0.00 M M 5.4 13 150 M M 9 28 17 160
3 58 53 56 2 9 0 0.00 M M 3.1 9 180 M M 10 28 12 190
4 58 54 56 2 9 0 0.00 M M 3.7 12 150 M M 10 2 M M
5 63 52 58 4 7 0 0.00 M M 4.4 9 160 M M 9 28 M 190
6 57 49 53 -1 12 0 0.00 M M 3.3 8 160 M M 10 2 9 160
7 56 52 54 0 11 0 0.00 M M 2.2 8 190 M M 10 128 11 170
8 59 52 56 2 9 0 0.00 0.0 M 2.4 8 260 M M 10 18 11 270
9 63 55 59 5 6 0 0.00 0.0 M 6.9 14 160 M M 9 18 19 160
10 64 53 59 5 6 0 1.00 0.0 M 7.9 20 170 M M 7 1 30 160
11 66 51 59 5 6 0 0.01 0.0 M 5.9 8 160 M M 3 M M
12 65 53 59 5 6 0 0.14 0.0 M 6.3 15 170 M M 10 128 17 170
13 68 53 61 7 4 0 0.08 0.0 M 4.4 10 190 M M 10 28 13 190
14 64 56 60 6 5 0 0.00 0.0 M 11.5 25 340 M M 2 28 34 340
15 67 56 62 8 3 0 0.00 M M 13.1 24 350 M M 0 8 35 350
16 67 53 60 6 5 0 0.00 M M 10.7 18 350 M M 0 18 25 360
17 63 53 58 5 7 0 0.00 M M 11.5 23 340 M M 0 18 31 350
18 61 50 56 3 9 0 0.00 M M 10.8 20 350 M M 0 18 26 340
19 62 48 55 2 10 0 0.00 M M 7.1 20 340 M M 4 28 27 340
20 61 47 54 1 11 0 0.00 M M 11.0 22 340 M M 1 28 30 350
21 60 51 56 3 9 0 0.00 M M 17.4 29 340 M M 0 18 42 340
22 57 50 54 1 11 0 0.00 0.0 M 16.2 28 340 M M 0 8 37 350
23 59 46 53 0 12 0 0.00 0.0 0 9.3 18 330 M M 1 28 27 330
24 58 49 54 1 11 0 0.00 0.0 0 9.0 18 350 M M 5 28 28 350
25 66 46 56 3 9 0 0.00 0.0 0 9.8 18 340 M M 0 8 24 340
26 67 47 57 4 8 0 0.00 0.0 0 9.1 16 350 M M 0 18 22 340
27 63 44 54 1 11 0 0.00 M M 6.7 13 350 M M 0 18 17 340
28 63 41 52 0 13 0 0.00 0.0 0 3.9 12 180 M M 0 18 14 170
29 61 40 51 -1 14 0 0.00 M M 2.9 10 200 M M 0 18 12 200
30 60 39 50 -2 15 0 0.00 M M 4.0 15 340 M M 0 1 21 340
31 61 42 52 0 13 0 0.00 M M 4.4 9 170 M M 1 128 12 170
================================================================================
SM 1923 1536 277 0 1.23 0.0 229.3 M 127
================================================================================
AV 62.0 49.5 7.4 FASTST M M 4 MAX(MPH)
MISC ----> 29 340 150 190
================================================================================
NOTES:
# LAST OF SEVERAL OCCURRENCES
COLUMN 17 PEAK WIND IN M.P.H.
PRELIMINARY LOCAL CLIMATOLOGICAL DATA (WS FORM: F-6) , PAGE 2
STATION: CRESCENT CITY CA
MONTH: OCTOBER
YEAR: 2020
LATITUDE: 41 46 N
LONGITUDE: 124 14 W
[TEMPERATURE DATA] [PRECIPITATION DATA] SYMBOLS USED IN COLUMN 16
AVERAGE MONTHLY: 55.8 TOTAL FOR MONTH: 1.23 1 = FOG OR MIST
DPTR FM NORMAL: 2.4 DPTR FM NORMAL: -3.01 2 = FOG REDUCING VISIBILITY
HIGHEST: 68 ON 13 GRTST 24HR 1.00 ON 10-10 TO 1/4 MILE OR LESS
LOWEST: 39 ON 30 3 = THUNDER
SNOW, ICE PELLETS, HAIL 4 = ICE PELLETS
TOTAL MONTH: 0.0 INCH 5 = HAIL
GRTST 24HR 0.0 6 = FREEZING RAIN OR DRIZZLE
GRTST DEPTH: 0 7 = DUSTSTORM OR SANDSTORM:
VSBY 1/2 MILE OR LESS
8 = SMOKE OR HAZE
[NO. OF DAYS WITH] [WEATHER - DAYS WITH] 9 = BLOWING SNOW
X = TORNADO
MAX 32 OR BELOW: 0 0.01 INCH OR MORE: 4
MAX 90 OR ABOVE: 0 0.10 INCH OR MORE: 2
MIN 32 OR BELOW: 0 0.50 INCH OR MORE: 1
MIN 0 OR BELOW: 0 1.00 INCH OR MORE: 1
[HDD (BASE 65) ]
TOTAL THIS MO. 277 CLEAR (SCALE 0-3) 17
DPTR FM NORMAL -83 PTCLDY (SCALE 4-7) 4
TOTAL FM JUL 1 832 CLOUDY (SCALE 8-10) 10
DPTR FM NORMAL -333
[CDD (BASE 65) ]
TOTAL THIS MO. 0
DPTR FM NORMAL 0 [PRESSURE DATA]
TOTAL FM JAN 1 28 HIGHEST SLP 30.37 ON 14
DPTR FM NORMAL 28 LOWEST SLP 29.84 ON 10
[REMARKS]
#FINAL-10-20#