000
CXUS51 KLWX 011905
CF6CHO
PRELIMINARY LOCAL CLIMATOLOGICAL DATA (WS FORM: F-6)
STATION: CHARLOTTESVILLE VA
MONTH: MAY
YEAR: 2021
LATITUDE: 38 7 N
LONGITUDE: 78 27 W
TEMPERATURE IN F: :PCPN: SNOW: WIND :SUNSHINE: SKY :PK WND
================================================================================
1 2 3 4 5 6A 6B 7 8 9 10 11 12 13 14 15 16 17 18
12Z AVG MX 2MIN
DY MAX MIN AVG DEP HDD CDD WTR SNW DPTH SPD SPD DIR MIN PSBL S-S WX SPD DR
================================================================================
1 73 48 61 -2 4 0 0.00 M M 6.9 20 330 M M 0 30 300
2 85 52 69 6 0 4 0.00 M M 9.2 21 190 M M 1 27 180
3 77 64 71 8 0 6 0.15 M M 6.7 20 200 M M 7 1 24 200
4 87 64 76 12 0 11 0.11 M M 5.9 17 190 M M 2 13 26 260
5 83 57 70 6 0 5 0.01 M M 6.6 16 330 M M 4 28 260
6 67 48 58 -6 7 0 0.00 M M 4.6 14 360 M M 1 21 360
7 60 42 51 -13 14 0 0.19 M M 2.7 14 330 M M 5 8 20 320
8 67 41 54 -11 11 0 0.00 M M 7.0 17 310 M M M 26 330
9 75 46 61 -4 4 0 0.00 M M 10.8 22 190 M M 3 32 190
10 73 56 65 0 0 0 0.00 M M 6.8 15 50 M M 8 23 250
11 73 51 62 -3 3 0 0.00 M M 4.3 17 200 M M 8 24 200
12 67 44 56 -10 9 0 0.00 M M 4.0 14 60 M M 3 21 50
13 72 41 57 -9 8 0 0.00 M M 4.1 14 40 M M 1 17 70
14 72 42 57 -9 8 0 T M M 2.7 14 40 M M 3 20 310
15 77 42 60 -6 5 0 0.00 M M 3.0 12 60 M M 2 15 360
16 65 47 56 -10 9 0 0.01 M M 2.0 9 190 M M 6 11 210
17 74 43 59 -8 6 0 0.00 M M 1.6 9 190 M M 1 1 12 170
18 78 50 64 -3 1 0 0.00 M M 3.5 14 170 M M 3 20 180
19 85 53 69 2 0 4 0.00 M M 2.6 9 180 M M 0 1 14 140
20 88 53 71 3 0 6 0.00 M M 3.4 12 130 M M 0 17 190
21 86 54 70 2 0 5 0.00 M M 2.8 9 140 M M 0 13 180
22 90 56 73 5 0 8 T M M 2.8 12 20 M M 1 14 330
23 93 70 82 14 0 17 T M M 4.0 13 330 M M 5 18 320
24 79 61 70 2 0 5 0.15 M M 6.3 15 40 M M 8 1 18 40
25 83 60 72 3 0 7 0.00 M M 4.3 12 170 M M 7 15 200
26 94 68 81 12 0 16 0.00 M M 5.4 18 200 M M 1 13 29 200
27 88 67 78 9 0 13 0.00 M M 3.7 13 50 M M 3 17 60
28 79 63 71 1 0 6 0.09 M M 4.1 13 30 M M 5 1 16 30
29 68 51 60 -10 5 0 0.19 M M 11.1 18 30 M M 10 1 26 40
30 65 50 58 -12 7 0 0.01 M M 5.8 15 30 M M 10 1 21 30
31 75 50 63 -7 2 0 0.00 M M 3.8 10 20 M M 3 15 40
================================================================================
SM 2398 1634 103 113 0.91 M 152.5 M 111
================================================================================
AV 77.4 52.7 4.9 FASTST M M 4 MAX(MPH)
MISC ----> 22 190 32 190
================================================================================
NOTES:
# LAST OF SEVERAL OCCURRENCES
COLUMN 17 PEAK WIND IN M.P.H.
PRELIMINARY LOCAL CLIMATOLOGICAL DATA (WS FORM: F-6) , PAGE 2
STATION: CHARLOTTESVILLE VA
MONTH: MAY
YEAR: 2021
LATITUDE: 38 7 N
LONGITUDE: 78 27 W
[TEMPERATURE DATA] [PRECIPITATION DATA] SYMBOLS USED IN COLUMN 16
AVERAGE MONTHLY: 65.0 TOTAL FOR MONTH: 0.91 1 = FOG OR MIST
DPTR FM NORMAL: -1.6 DPTR FM NORMAL: -3.26 2 = FOG REDUCING VISIBILITY
HIGHEST: 94 ON 26 GRTST 24HR 0.19 ON 7- 7 TO 1/4 MILE OR LESS
LOWEST: 41 ON 13, 8 3 = THUNDER
SNOW, ICE PELLETS, HAIL 4 = ICE PELLETS
TOTAL MONTH: M 5 = HAIL
GRTST 24HR M ON M 6 = FREEZING RAIN OR DRIZZLE
GRTST DEPTH: M ON M 7 = DUSTSTORM OR SANDSTORM:
VSBY 1/2 MILE OR LESS
8 = SMOKE OR HAZE
[NO. OF DAYS WITH] [WEATHER - DAYS WITH] 9 = BLOWING SNOW
X = TORNADO
MAX 32 OR BELOW: 0 0.01 INCH OR MORE: 9
MAX 90 OR ABOVE: 3 0.10 INCH OR MORE: 5
MIN 32 OR BELOW: 0 0.50 INCH OR MORE: 0
MIN 0 OR BELOW: 0 1.00 INCH OR MORE: 0
[HDD (BASE 65) ]
TOTAL THIS MO. 103 CLEAR (SCALE 0-3) 16
DPTR FM NORMAL 27 PTCLDY (SCALE 4-7) 11
TOTAL FM JUL 1 3519 CLOUDY (SCALE 8-10) 4
DPTR FM NORMAL -245
[CDD (BASE 65) ]
TOTAL THIS MO. 113
DPTR FM NORMAL -11 [PRESSURE DATA]
TOTAL FM JAN 1 151 HIGHEST SLP 30.53 ON 21
DPTR FM NORMAL -17 LOWEST SLP 29.66 ON 5
[REMARKS]
#FINAL-05-21#