000
CXUS53 KDVN 010822
CLACID
CLIMATE REPORT
NATIONAL WEATHER SERVICE QUAD CITIES IA IL
222 AM CST SAT JAN 01 2022
...................................
...THE CEDAR RAPIDS IA CLIMATE SUMMARY FOR THE YEAR OF 2021...
CLIMATE NORMAL PERIOD 1991 TO 2020
CLIMATE RECORD PERIOD 1891 TO 2021
WEATHER OBSERVED NORMAL DEPART LAST YEAR`S
VALUE DATE(S) VALUE FROM VALUE
NORMAL
..............................................................
TEMPERATURE (F)
RECORD
HIGH 110 07/05/1911
LOW -30 01/31/2019
HIGHEST 94 08/24 84 10
LOWEST -21 02/07 11 -32
AVG. MAXIMUM 59.5 58.1 1.4
AVG. MINIMUM 39.0 38.3 0.7
MEAN 49.2 48.2 1.0
DAYS MAX >= 90 18
DAYS MAX <= 32 52
DAYS MIN <= 32 140
DAYS MIN <= 0 19
PRECIPITATION (INCHES)
TOTALS 23.69 35.91 -12.22
DAILY AVG. 0.06 0.10 -0.04
DAYS >= .01 97
DAYS >= .10 53
DAYS >= .50 13
DAYS >= 1.00 4
GREATEST
24 HR. TOTAL 2.03 10/24 TO 10/25
DEGREE DAYS
HEATING TOTAL 6545 6824 -279
SINCE 7/1 2211 2674 -463
COOLING TOTAL 971 755 216
SINCE 1/1 971 756 215
..............................................................
WIND (MPH)
AVERAGE WIND SPEED 9.9
HIGHEST WIND SPEED/DIRECTION 46/250 DATE 12/15
HIGHEST GUST SPEED/DIRECTION 65/180 DATE 12/15
SKY COVER
POSSIBLE SUNSHINE (PERCENT) MM
AVERAGE SKY COVER 0.36
NUMBER OF DAYS FAIR 201
NUMBER OF DAYS PC 102
NUMBER OF DAYS CLOUDY 62
AVERAGE RH (PERCENT) 73
WEATHER CONDITIONS. NUMBER OF DAYS WITH
THUNDERSTORM 35 HAIL 0
SLEET 0 FOG 189
FOG W/VIS <= 1/4 MILE 26 HAZE 79
- INDICATES NEGATIVE NUMBERS.
R INDICATES RECORD WAS SET OR TIED.
MM INDICATES DATA IS MISSING.
T INDICATES TRACE AMOUNT.
$$