000
CXUS53 KDVN 011510
CLMCID
CLIMATE REPORT
NATIONAL WEATHER SERVICE QUAD CITIES IA IL
915 AM CST FRI DEC 01 2023
...................................
...THE CEDAR RAPIDS IA CLIMATE SUMMARY FOR THE MONTH OF NOVEMBER 2023...
CLIMATE NORMAL PERIOD 1991 TO 2020
CLIMATE RECORD PERIOD 1891 TO 2023
WEATHER OBSERVED NORMAL DEPART LAST YEAR`S
VALUE DATE(S) VALUE FROM VALUE
NORMAL
..............................................................
TEMPERATURE (F)
RECORD
HIGH 79 11/07/1915
LOW -12 11/29/1891
HIGHEST 68 11/06 55 13
LOWEST 11/28 20 -21
AVG. MAXIMUM 50.6 46.2 4.4
AVG. MINIMUM 28.1 27.7 0.4
MEAN 39.4 37.0 2.4
DAYS MAX >= 90 0
DAYS MAX <= 32 5
DAYS MIN <= 32 21
DAYS MIN <= 0 1
PRECIPITATION (INCHES)
TOTALS 0.54 2.00 -1.46
DAILY AVG. 0.02 0.07 -0.05
DAYS >= .01 4
DAYS >= .10 2
DAYS >= .50 0
DAYS >= 1.00 0
GREATEST
24 HR. TOTAL 0.41 11/25 TO 11/26
DEGREE DAYS
HEATING TOTAL 761 842 -81
SINCE 7/1 1173 1441 -268
COOLING TOTAL 0 0 0
SINCE 1/1 974 756 218
..............................................................
WIND (MPH)
AVERAGE WIND SPEED 9.9
HIGHEST WIND SPEED/DIRECTION 29/190 DATE 11/12
29/180 11/14
HIGHEST GUST SPEED/DIRECTION 41/340 DATE 11/08
41/190 11/14
SKY COVER
POSSIBLE SUNSHINE (PERCENT) MM
AVERAGE SKY COVER 0.27
NUMBER OF DAYS FAIR 23
NUMBER OF DAYS PC 3
NUMBER OF DAYS CLOUDY 4
AVERAGE RH (PERCENT) 66
WEATHER CONDITIONS. NUMBER OF DAYS WITH
THUNDERSTORM 0 HAIL 0
SLEET 0 FOG 9
FOG W/VIS <= 1/4 MILE 0 HAZE 7
- INDICATES NEGATIVE NUMBERS.
R INDICATES RECORD WAS SET OR TIED.
MM INDICATES DATA IS MISSING.
T INDICATES TRACE AMOUNT.
$$
NOTE: SUPPLEMENTAL CLIMATE DATA WAS USED FROM A NEARBY
CLIMATOLOGICALLY REPRESENTATIVE STATION.