000
CXUS51 KCLE 010800
CF6CLE
PRELIMINARY LOCAL CLIMATOLOGICAL DATA (WS FORM: F-6)
STATION: CLEVELAND OH
MONTH: JULY
YEAR: 2020
LATITUDE: 41 24 N
LONGITUDE: 81 51 W
TEMPERATURE IN F: :PCPN: SNOW: WIND :SUNSHINE: SKY :PK WND
================================================================================
1 2 3 4 5 6A 6B 7 8 9 10 11 12 13 14 15 16 17 18
12Z AVG MX 2MIN
DY MAX MIN AVG DEP HDD CDD WTR SNW DPTH SPD SPD DIR MIN PSBL S-S WX SPD DR
================================================================================
1 82 62 72 -1 0 7 0.00 0.0 0 7.5 17 20 M M 1 23 10
2 87 62 75 2 0 10 0.00 0.0 0 5.4 12 350 M M 1 16 360
3 90 65 78 5 0 13 0.00 0.0 0 5.8 14 340 M M 4 20 300
4 86 64 75 2 0 10 0.00 0.0 0 6.4 15 20 M M 3 8 19 10
5 87 58 73 0 0 8 0.00 0.0 0 4.0 14 350 M M 3 18 18 360
6 92 60 76 3 0 11 0.00 0.0 0 4.9 13 20 M M 3 16 30
7 93 70 82 9 0 17 0.00 0.0 0 8.1 18 160 M M 5 3 26 310
8 94 69 82 8 0 17 0.00 0.0 0 5.8 15 30 M M 4 3 18 30
9 94 69 82 8 0 17 0.00 0.0 0 6.0 14 20 M M 4 16 360
10 95 72 84 10 0 19 0.24 0.0 0 9.4 23 250 M M 5 138 29 270
11 83 70 77 3 0 12 0.25 0.0 0 13.8 24 270 M M 7 13 35 270
12 83 65 74 0 0 9 0.00 0.0 0 7.0 13 40 M M 6 17 340
13 79 63 71 -3 0 6 0.00 0.0 0 7.7 15 10 M M 4 8 21 330
14 82 58 70 -4 0 5 0.00 0.0 0 5.5 13 360 M M 3 19 360
15 90 65 78 4 0 13 0.00 0.0 0 7.3 15 150 M M 5 18 160
16 89 72 81 7 0 16 0.07 0.0 0 10.4 23 200 M M 8 29 190
17 85 68 77 3 0 12 0.00 0.0 0 4.9 14 360 M M 4 1 24 10
18 95 65 80 6 0 15 0.00 0.0 0 7.3 17 240 M M 2 23 240
19 93 72 83 9 0 18 0.41 0.0 0 10.9 35 280 M M 5 138 46 280
20 87 69 78 4 0 13 0.00 0.0 0 8.2 16 250 M M 7 21 240
21 86 69 78 4 0 13 T 0.0 0 7.2 16 10 M M 7 22 20
22 84 69 77 3 0 12 0.23 0.0 0 10.4 23 240 M M 9 13 29 230
23 83 68 76 2 0 11 2.91 0.0 0 6.2 15 30 M M 8 123 16 30
24 82 64 73 -1 0 8 0.00 0.0 0 4.3 12 30 M M 2 16 10
25 85 60 73 0 0 8 0.00 0.0 0 4.0 15 20 M M 3 20 360
26 89 65 77 4 0 12 0.00 0.0 0 6.8 16 200 M M 4 20 200
27 90 72 81 8 0 16 0.96 0.0 0 10.4 33 260 M M 6 13 43 260
28 85 68 77 4 0 12 0.06 0.0 0 8.2 17 270 M M 4 1 25 300
29 87 67 77 4 0 12 T 0.0 0 10.4 21 250 M M 4 3 27 260
30 82 70 76 3 0 11 0.00 0.0 0 8.2 16 30 M M 9 3 19 40
31 80 67 74 1 0 9 0.00 0.0 0 9.3 17 20 M M 5 22 20
================================================================================
SM 2699 2057 0 372 5.13 0.0 231.7 M 145
================================================================================
AV 87.1 66.4 7.5 FASTST M M 5 MAX(MPH)
MISC ----> 35 280 46 280
================================================================================
NOTES:
# LAST OF SEVERAL OCCURRENCES
COLUMN 17 PEAK WIND IN M.P.H.
PRELIMINARY LOCAL CLIMATOLOGICAL DATA (WS FORM: F-6) , PAGE 2
STATION: CLEVELAND OH
MONTH: JULY
YEAR: 2020
LATITUDE: 41 24 N
LONGITUDE: 81 51 W
[TEMPERATURE DATA] [PRECIPITATION DATA] SYMBOLS USED IN COLUMN 16
AVERAGE MONTHLY: 76.7 TOTAL FOR MONTH: 5.13 1 = FOG OR MIST
DPTR FM NORMAL: 3.2 DPTR FM NORMAL: 1.67 2 = FOG REDUCING VISIBILITY
HIGHEST: 95 ON 18,10 GRTST 24HR 2.92 ON 22-23 TO 1/4 MILE OR LESS
LOWEST: 58 ON 14, 5 3 = THUNDER
SNOW, ICE PELLETS, HAIL 4 = ICE PELLETS
TOTAL MONTH: 0.0 INCH 5 = HAIL
GRTST 24HR 0.0 6 = FREEZING RAIN OR DRIZZLE
GRTST DEPTH: 0 7 = DUSTSTORM OR SANDSTORM:
VSBY 1/2 MILE OR LESS
8 = SMOKE OR HAZE
[NO. OF DAYS WITH] [WEATHER - DAYS WITH] 9 = BLOWING SNOW
X = TORNADO
MAX 32 OR BELOW: 0 0.01 INCH OR MORE: 8
MAX 90 OR ABOVE: 10 0.10 INCH OR MORE: 6
MIN 32 OR BELOW: 0 0.50 INCH OR MORE: 2
MIN 0 OR BELOW: 0 1.00 INCH OR MORE: 1
[HDD (BASE 65) ]
TOTAL THIS MO. 0 CLEAR (SCALE 0-3) 5
DPTR FM NORMAL -4 PTCLDY (SCALE 4-7) 23
TOTAL FM JUL 1 0 CLOUDY (SCALE 8-10) 3
DPTR FM NORMAL 0
[CDD (BASE 65) ]
TOTAL THIS MO. 372
DPTR FM NORMAL 107 [PRESSURE DATA]
TOTAL FM JAN 1 609 HIGHEST SLP 30.18 ON 25
DPTR FM NORMAL 117 LOWEST SLP 29.66 ON 11
[REMARKS]
#FINAL-07-20#