000
CXUS54 KHGX 021411
CF6CLL
PRELIMINARY LOCAL CLIMATOLOGICAL DATA (WS FORM: F-6)
STATION: COLLEGE STATION
MONTH: MARCH
YEAR: 2022
LATITUDE: 30 34 N
LONGITUDE: 96 22 W
TEMPERATURE IN F: :PCPN: SNOW: WIND :SUNSHINE: SKY :PK WND
================================================================================
1 2 3 4 5 6A 6B 7 8 9 10 11 12 13 14 15 16 17 18
12Z AVG MX 2MIN
DY MAX MIN AVG DEP HDD CDD WTR SNW DPTH SPD SPD DIR MIN PSBL S-S WX SPD DR
================================================================================
1 72 35 54 -4 11 0 0.00 0.0 0 1.9 10 150 M M 0 8 17 210
2 74 41 58 -1 7 0 0.00 0.0 0 3.3 10 160 M M 0 16 110
3 77 52 65 6 0 0 0.00 0.0 0 4.4 14 160 M M 1 20 160
4 79 56 68 9 0 3 0.00 0.0 0 10.7 21 150 M M 6 12 30 160
5 83 67 75 16 0 10 0.00 0.0 0 16.4 26 170 M M 9 39 200
6 84 70 77 17 0 12 0.00 0.0 0 13.7 26 170 M M 8 39 170
7 72 46 59 -1 6 0 T 0.0 0 16.4 25 350 M M 10 35 320
8 47 40 44 -16 21 0 0.55 0.0 0 11.3 18 360 M M 10 138 27 30
9 62 37 50 -10 15 0 T 0.0 0 6.0 17 20 M M 0 23 10
10 73 38 56 -5 9 0 0.00 0.0 0 5.6 15 130 M M 1 22 120
11 61 38 50 -11 15 0 0.01 0.0 0 15.0 29 340 M M 8 40 350
12 59 29 44 -17 21 0 0.00 0.0 9 6.6 22 360 M M 0 29 360
13 67 36 52 -9 13 0 0.00 0.0 0 10.7 24 160 M M 1 31 150
14 80 51 66 4 0 1 0.80 0.0 0 12.2 25 150 M M 4 13 37 150
15 73 53 63 1 2 0 0.00 0.0 0 10.5 22 310 M M 0 29 320
16 79 45 62 0 3 0 0.00 0.0 0 6.5 16 170 M M 0 21 180
17 75 53 64 2 1 0 0.07 0.0 0 10.4 24 160 M M 6 1 32 170
18 71 51 61 -2 4 0 0.00 0.0 0 12.7 26 300 M M 2 18 41 300
19 78 43 61 -2 4 0 0.00 0.0 0 3.0 13 20 M M 0 18 40
20 79 47 63 0 2 0 0.00 0.0 0 10.2 24 140 M M 2 34 130
21 75 60 68 5 0 3 0.50 0.0 0 17.4 33 160 M M 10 13 46 150
22 74 48 61 -3 4 0 1.18 0.0 0 13.0 26 280 M M 5 13 46 270
23 69 42 56 -8 9 0 0.00 0.0 0 8.8 22 290 M M 0 32 290
24 72 46 59 -5 6 0 0.00 0.0 0 6.7 22 310 M M 1 31 290
25 84 45 65 1 0 0 0.00 0.0 0 2.5 10 140 M M 0 13 340
26 87 52 70 6 0 5 0.00 0.0 0 9.0 20 170 M M 0 26 220
27 85 53 69 4 0 4 0.00 0.0 0 10.9 18 170 M M 0 27 220
28 85 57 71 6 0 6 0.00 0.0 0 12.7 23 170 M M 1 33 210
29 82 70 76 11 0 11 0.00 0.0 0 20.1 36 160 M M 7 51 150
30 80 55 68 3 0 3 0.45 0.0 0 14.2 36 170 M M 4 1 51 170
31 73 46 60 -6 5 0 0.00 0.0 0 4.8 14 350 M M 0 19 10
================================================================================
SM 2311 1502 158 58 3.56 0.0 307.6 M 96
================================================================================
AV 74.5 48.5 9.9 FASTST M M 3 MAX(MPH)
MISC ----> # 36 160 # 51 150
================================================================================
NOTES:
# LAST OF SEVERAL OCCURRENCES
COLUMN 17 PEAK WIND IN M.P.H.
PRELIMINARY LOCAL CLIMATOLOGICAL DATA (WS FORM: F-6) , PAGE 2
STATION: COLLEGE STATION
MONTH: MARCH
YEAR: 2022
LATITUDE: 30 34 N
LONGITUDE: 96 22 W
[TEMPERATURE DATA] [PRECIPITATION DATA] SYMBOLS USED IN COLUMN 16
AVERAGE MONTHLY: 61.5 TOTAL FOR MONTH: 3.56 1 = FOG OR MIST
DPTR FM NORMAL: -0.6 DPTR FM NORMAL: 0.15 2 = FOG REDUCING VISIBILITY
HIGHEST: 87 ON 26 GRTST 24HR 1.67 ON 21-22 TO 1/4 MILE OR LESS
LOWEST: 29 ON 12 3 = THUNDER
SNOW, ICE PELLETS, HAIL 4 = ICE PELLETS
TOTAL MONTH: 0.0 INCH 5 = HAIL
GRTST 24HR 0.0 6 = FREEZING RAIN OR DRIZZLE
GRTST DEPTH: 9 ON 12 7 = DUSTSTORM OR SANDSTORM:
VSBY 1/2 MILE OR LESS
8 = SMOKE OR HAZE
[NO. OF DAYS WITH] [WEATHER - DAYS WITH] 9 = BLOWING SNOW
X = TORNADO
MAX 32 OR BELOW: 0 0.01 INCH OR MORE: 7
MAX 90 OR ABOVE: 0 0.10 INCH OR MORE: 5
MIN 32 OR BELOW: 1 0.50 INCH OR MORE: 4
MIN 0 OR BELOW: 0 1.00 INCH OR MORE: 1
[HDD (BASE 65) ]
TOTAL THIS MO. 158 CLEAR (SCALE 0-3) 19
DPTR FM NORMAL 1 PTCLDY (SCALE 4-7) 6
TOTAL FM JUL 1 1287 CLOUDY (SCALE 8-10) 6
DPTR FM NORMAL -211
[CDD (BASE 65) ]
TOTAL THIS MO. 58
DPTR FM NORMAL -9 [PRESSURE DATA]
TOTAL FM JAN 1 71 HIGHEST SLP 30.54 ON 12
DPTR FM NORMAL -29 LOWEST SLP 29.52 ON 30
[REMARKS]
#FINAL-03-22#