000
CXUS52 KGSP 010817
CF6CLT
PRELIMINARY LOCAL CLIMATOLOGICAL DATA (WS FORM: F-6)
STATION: CHARLOTTE NC
MONTH: MARCH
YEAR: 2023
LATITUDE: 35 12 N
LONGITUDE: 80 57 W
TEMPERATURE IN F: :PCPN: SNOW: WIND :SUNSHINE: SKY :PK WND
================================================================================
1 2 3 4 5 6A 6B 7 8 9 10 11 12 13 14 15 16 17 18
12Z AVG MX 2MIN
DY MAX MIN AVG DEP HDD CDD WTR SNW DPTH SPD SPD DIR MIN PSBL S-S WX SPD DR
================================================================================
1 71 48 60 11 5 0 0.00 0.0 0 4.4 13 40 M M 6 21 60
2 67 59 63 14 2 0 0.13 0.0 0 4.9 20 170 M M 10 138 23 350
3 76 58 67 18 0 2 0.32 0.0 0 13.7 31 240 M M 9 13 42 230
4 69 52 61 11 4 0 0.00 0.0 0 7.6 14 220 M M 2 20 50
5 68 42 55 5 10 0 0.00 0.0 0 6.0 13 110 M M 1 21 100
6 73 42 58 8 7 0 0.00 0.0 0 6.6 16 190 M M 5 1 19 190
7 78 48 63 13 2 0 0.00 0.0 0 12.7 28 20 M M 1 8 38 20
8 65 41 53 2 12 0 0.00 0.0 0 8.2 18 20 M M 4 24 20
9 64 40 52 1 13 0 0.00 0.0 0 6.3 13 30 M M 6 8 20 230
10 58 46 52 1 13 0 0.18 0.0 0 7.5 18 340 M M 8 18 23 340
11 59 39 49 -2 16 0 0.00 0.0 0 8.2 17 340 M M 5 23 80
12 47 37 42 -10 23 0 0.46 0.0 0 8.1 16 100 M M 10 1 23 30
13 58 39 49 -3 16 0 0.00 0.0 0 7.5 18 320 M M 8 1 24 320
14 50 30 40 -12 25 0 0.00 0.0 0 10.2 21 320 M M 1 30 340
15 58 26 42 -10 23 0 0.00 0.0 0 5.4 17 340 M M 0 22 340
16 68 30 49 -4 16 0 0.00 0.0 0 7.4 18 200 M M 4 8 25 190
17 62 51 57 4 8 0 0.32 0.0 0 12.5 23 220 M M 10 1 32 220
18 59 43 51 -2 14 0 0.06 0.0 0 8.8 17 340 M M 7 1 22 330
19 51 35 43 -10 22 0 0.00 0.0 0 8.1 21 20 M M 3 25 40
20 54 30 42 -12 23 0 0.00 0.0 0 7.4 14 20 M M 2 20 30
21 64 27 46 -8 19 0 0.00 0.0 0 5.3 14 140 M M 6 1 18 150
22 54 46 50 -4 15 0 0.08 0.0 0 4.5 9 160 M M 9 128 12 190
23 78 52 65 11 0 0 0.00 0.0 0 9.4 22 220 M M 7 12 27 210
24 84 60 72 17 0 7 0.00 0.0 0 11.3 23 220 M M 3 30 220
25 78 63 71 16 0 6 0.10 0.0 0 13.3 25 210 M M 5 18 33 210
26 69 58 64 9 1 0 0.15 0.0 0 5.8 15 90 M M 8 138 22 90
27 79 61 70 14 0 5 0.46 0.0 0 9.4 22 190 M M 7 13 27 210
28 73 50 62 6 3 0 0.06 0.0 0 8.3 20 320 M M 7 25 320
29 62 43 53 -3 12 0 0.00 0.0 0 6.1 15 30 M M 2 23 30
30 70 40 55 -1 10 0 0.00 0.0 0 3.8 14 60 M M 1 17 70
31 69 52 61 4 4 0 T 0.0 0 5.8 15 190 M M 7 22 190
================================================================================
SM 2035 1388 318 20 2.32 0.0 244.5 M 164
================================================================================
AV 65.6 44.8 7.9 FASTST M M 5 MAX(MPH)
MISC ----> 31 240 42 230
================================================================================
NOTES:
# LAST OF SEVERAL OCCURRENCES
COLUMN 17 PEAK WIND IN M.P.H.
PRELIMINARY LOCAL CLIMATOLOGICAL DATA (WS FORM: F-6) , PAGE 2
STATION: CHARLOTTE NC
MONTH: MARCH
YEAR: 2023
LATITUDE: 35 12 N
LONGITUDE: 80 57 W
[TEMPERATURE DATA] [PRECIPITATION DATA] SYMBOLS USED IN COLUMN 16
AVERAGE MONTHLY: 55.2 TOTAL FOR MONTH: 2.32 1 = FOG OR MIST
DPTR FM NORMAL: 2.5 DPTR FM NORMAL: -1.63 2 = FOG REDUCING VISIBILITY
HIGHEST: 84 ON 24 GRTST 24HR 0.61 ON 26-27 TO 1/4 MILE OR LESS
LOWEST: 26 ON 15 3 = THUNDER
SNOW, ICE PELLETS, HAIL 4 = ICE PELLETS
TOTAL MONTH: 0.0 INCH 5 = HAIL
GRTST 24HR 0.0 6 = FREEZING RAIN OR DRIZZLE
GRTST DEPTH: 0 7 = DUSTSTORM OR SANDSTORM:
VSBY 1/2 MILE OR LESS
8 = SMOKE OR HAZE
[NO. OF DAYS WITH] [WEATHER - DAYS WITH] 9 = BLOWING SNOW
X = TORNADO
MAX 32 OR BELOW: 0 0.01 INCH OR MORE: 11
MAX 90 OR ABOVE: 0 0.10 INCH OR MORE: 8
MIN 32 OR BELOW: 5 0.50 INCH OR MORE: 0
MIN 0 OR BELOW: 0 1.00 INCH OR MORE: 0
[HDD (BASE 65) ]
TOTAL THIS MO. 318 CLEAR (SCALE 0-3) 9
DPTR FM NORMAL -74 PTCLDY (SCALE 4-7) 16
TOTAL FM JUL 1 2338 CLOUDY (SCALE 8-10) 6
DPTR FM NORMAL -517
[CDD (BASE 65) ]
TOTAL THIS MO. 20
DPTR FM NORMAL 10 [PRESSURE DATA]
TOTAL FM JAN 1 33 HIGHEST SLP 30.48 ON 21
DPTR FM NORMAL 21 LOWEST SLP 29.38 ON 3
[REMARKS]
#FINAL-03-23#