000
CXUS56 KLOX 011255
CF6CMA
PRELIMINARY LOCAL CLIMATOLOGICAL DATA (WS FORM: F-6)
STATION: CAMARILLO AIRPORT CA
MONTH: DECEMBER
YEAR: 2021
LATITUDE: 34 12 N
LONGITUDE: 119 6 W
TEMPERATURE IN F: :PCPN: SNOW: WIND :SUNSHINE: SKY :PK WND
================================================================================
1 2 3 4 5 6A 6B 7 8 9 10 11 12 13 14 15 16 17 18
12Z AVG MX 2MIN
DY MAX MIN AVG DEP HDD CDD WTR SNW DPTH SPD SPD DIR MIN PSBL S-S WX SPD DR
================================================================================
1 64 44 54 -3 11 0 0.00 M M 3.1 12 240 M M 8 128 15 240
2 60 50 55 -2 10 0 0.00 M M 2.3 12 210 M M 8 128 17 240
3 61 50 56 -1 9 0 0.00 M M 5.3 12 280 M M 8 18 15 240
4 62 45 54 -3 11 0 0.00 M M 4.6 13 270 M M 5 18 17 260
5 65 39 52 -5 13 0 0.00 M M 2.9 9 210 M M 0 18 13 230
6 64 43 54 -2 11 0 0.00 M M 4.3 10 230 M M 5 128 14 260
7 65 50 58 2 7 0 0.02 M M 4.0 12 220 M M 7 18 16 220
8 65 45 55 -1 10 0 0.00 M M 4.6 13 270 M M 3 18 16 260
9 61 44 53 -3 12 0 0.03 M M 8.9 25 280 M M 6 1 33 290
10 66 38 52 -4 13 0 0.00 M M 2.9 15 270 M M 0 19 290
11 67 38 53 -3 12 0 0.00 M M 4.8 15 80 M M 0 21 210
12 64 33 49 -7 16 0 0.00 M M 3.3 10 250 M M 0 17 250
13 62 39 51 -5 14 0 0.03 M M 5.9 15 150 M M 7 8 23 150
14 59 41 50 -6 15 0 1.38 M M 13.8 36 280 M M 7 18 48 260
15 58 36 47 -8 18 0 0.00 M M 4.1 12 230 M M 0 15 230
16 57 36 47 -8 18 0 0.09 M M 3.4 15 70 M M 6 18 18 60
17 69 42 56 1 9 0 0.00 M M 8.7 22 80 M M 0 1 28 80
18 71 42 57 2 8 0 0.00 M M 7.8 23 60 M M 0 29 60
19 63 36 50 -5 15 0 0.00 M M 2.7 13 230 M M 0 18 15 250
20 60 34 47 -8 18 0 0.00 M M 1.1 9 230 M M 0 18 12 230
21 63 44 54 -1 11 0 0.00 M M 2.3 13 70 M M 0 14 70
22 62 42 52 -3 13 0 0.04 M M 2.3 12 290 M M 3 1 14 50
23 56 52 54 -1 11 0 2.61 M M 9.2 15 60 M M 10 13 19 60
24 61 53 57 2 8 0 0.56 M M 5.6 20 270 M M 8 13 25 280
25 59 50 55 0 10 0 0.34 M M 5.1 17 190 M M 9 1 25 200
26 58 43 51 -4 14 0 T M M 6.1 15 280 M M 1 1 19 280
27 52 37 45 -10 20 0 0.17 M M 3.9 22 280 M M 3 18 28 280
28 57 37 47 -8 18 0 0.00 M M 4.0 10 260 M M 0 14 260
29 54 41 48 -7 17 0 1.73 M M 8.4 17 60 M M 9 18 22 60
30 53 49 51 -5 14 0 1.89 M M 10.5 22 60 M M 10 1 29 70
31 60 44 52 -4 13 0 0.00 M M 5.0 13 270 M M 3 16 260
================================================================================
SM 1898 1317 399 0 8.89 M 160.9 M 126
================================================================================
AV 61.2 42.5 5.2 FASTST M M 4 MAX(MPH)
MISC ----> 36 280 48 260
================================================================================
NOTES:
# LAST OF SEVERAL OCCURRENCES
COLUMN 17 PEAK WIND IN M.P.H.
PRELIMINARY LOCAL CLIMATOLOGICAL DATA (WS FORM: F-6) , PAGE 2
STATION: CAMARILLO AIRPORT CA
MONTH: DECEMBER
YEAR: 2021
LATITUDE: 34 12 N
LONGITUDE: 119 6 W
[TEMPERATURE DATA] [PRECIPITATION DATA] SYMBOLS USED IN COLUMN 16
AVERAGE MONTHLY: 51.9 TOTAL FOR MONTH: 8.89 1 = FOG OR MIST
DPTR FM NORMAL: -3.9 DPTR FM NORMAL: 7.18 2 = FOG REDUCING VISIBILITY
HIGHEST: 71 ON 18 GRTST 24HR 3.36 ON 29-30 TO 1/4 MILE OR LESS
LOWEST: 33 ON 12 3 = THUNDER
SNOW, ICE PELLETS, HAIL 4 = ICE PELLETS
TOTAL MONTH: M 5 = HAIL
GRTST 24HR M ON M 6 = FREEZING RAIN OR DRIZZLE
GRTST DEPTH: M ON M 7 = DUSTSTORM OR SANDSTORM:
VSBY 1/2 MILE OR LESS
8 = SMOKE OR HAZE
[NO. OF DAYS WITH] [WEATHER - DAYS WITH] 9 = BLOWING SNOW
X = TORNADO
MAX 32 OR BELOW: 0 0.01 INCH OR MORE: 12
MAX 90 OR ABOVE: 0 0.10 INCH OR MORE: 7
MIN 32 OR BELOW: 0 0.50 INCH OR MORE: 5
MIN 0 OR BELOW: 0 1.00 INCH OR MORE: 4
[HDD (BASE 65) ]
TOTAL THIS MO. 399 CLEAR (SCALE 0-3) 14
DPTR FM NORMAL 107 PTCLDY (SCALE 4-7) 12
TOTAL FM JUL 1 595 CLOUDY (SCALE 8-10) 5
DPTR FM NORMAL 74
[CDD (BASE 65) ]
TOTAL THIS MO. 0
DPTR FM NORMAL -5 [PRESSURE DATA]
TOTAL FM JAN 1 889 HIGHEST SLP 30.29 ON 15
DPTR FM NORMAL 246 LOWEST SLP 29.71 ON 31
[REMARKS]
#FINAL-12-21#