000
CXUS53 KTOP 230810
CF6CNK
PRELIMINARY LOCAL CLIMATOLOGICAL DATA (WS FORM: F-6)
STATION: CONCORDIA KS
MONTH: APRIL
YEAR: 2024
LATITUDE: 39 32 N
LONGITUDE: 97 39 W
TEMPERATURE IN F: :PCPN: SNOW: WIND :SUNSHINE: SKY :PK WND
================================================================================
1 2 3 4 5 6A 6B 7 8 9 10 11 12 13 14 15 16 17 18
12Z AVG MX 2MIN
DY MAX MIN AVG DEP HDD CDD WTR SNW DPTH SPD SPD DIR MIN PSBL S-S WX SPD DR
================================================================================
1 57 42 50 1 15 0 0.00 M M 13.6 24 350 M M 10 18 33 350
2 63 38 51 2 14 0 0.04 M M 19.8 35 320 M M 5 1 48 360
3 61 36 49 -1 16 0 0.00 M M 15.0 28 320 M M 0 38 330
4 66 32 49 -1 16 0 0.00 M M 7.8 17 350 M M 0 29 10
5 72 32 52 2 13 0 0.00 M M 13.5 26 140 M M 0 8 34 140
6 77 46 62 12 3 0 0.42 M M 19.2 44 150 M M 2 3 63 150
7 64 44 54 3 11 0 0.00 M M 18.6 37 270 M M 4 51 290
8 68 37 53 2 12 0 0.00 M M 9.2 20 280 M M 0 26 260
9 70 35 53 2 12 0 0.00 M M 4.0 12 290 M M 0 16 280
10 76 41 59 7 6 0 0.00 M M 9.4 30 350 M M 2 46 340
11 65 45 55 3 10 0 0.00 M M 16.2 33 320 M M 0 45 340
12 73 34 54 2 11 0 0.00 M M 8.3 20 170 M M 0 27 180
13 91 57 74 22 0 9 0.00 M M 20.4 31 200 M M 0 42 200
14 91 55 73 20 0 8 0.00 M M 7.5 20 200 M M 0 27 200
15 87 56 72 19 0 7 0.00 M M 20.0 39 140 M M 3 53 150
16 78 57 68 15 0 3 T M M 21.9 36 280 M M 5 50 280
17 80 54 67 14 0 2 0.00 M M 11.0 28 100 M M 1 38 46 90
18 61 44 53 -1 12 0 0.01 M M 18.7 32 10 M M 6 47 50
19 62 39 51 -3 14 0 0.00 M M 4.8 16 10 M M 7 23 360
20 53 37 45 -9 20 0 0.00 M M 9.2 17 10 M M 5 25 300
21 64 33 49 -5 16 0 0.00 M M 7.7 16 340 M M 1 22 320
22 79 45 62 7 3 0 0.00 M M 20.0 40 200 M M 0 53 210
================================================================================
SM 1558 939 204 29 0.47 M 295.8 M 51
================================================================================
AV 70.8 42.7 13.4 FASTST M M 2 MAX(MPH)
MISC ----> 44 150 63 150
================================================================================
NOTES:
# LAST OF SEVERAL OCCURRENCES
COLUMN 17 PEAK WIND IN M.P.H.
PRELIMINARY LOCAL CLIMATOLOGICAL DATA (WS FORM: F-6) , PAGE 2
STATION: CONCORDIA KS
MONTH: APRIL
YEAR: 2024
LATITUDE: 39 32 N
LONGITUDE: 97 39 W
[TEMPERATURE DATA] [PRECIPITATION DATA] SYMBOLS USED IN COLUMN 16
AVERAGE MONTHLY: 56.8 TOTAL FOR MONTH: 0.47 1 = FOG OR MIST
DPTR FM NORMAL: 4.8 DPTR FM NORMAL: -1.25 2 = FOG REDUCING VISIBILITY
HIGHEST: 91 ON 14,13 GRTST 24HR 0.42 ON 6- 6 TO 1/4 MILE OR LESS
LOWEST: 32 ON 5, 4 3 = THUNDER
SNOW, ICE PELLETS, HAIL 4 = ICE PELLETS
TOTAL MONTH: M 5 = HAIL
GRTST 24HR M ON M 6 = FREEZING RAIN OR DRIZZLE
GRTST DEPTH: M ON M 7 = DUSTSTORM OR SANDSTORM:
VSBY 1/2 MILE OR LESS
8 = SMOKE OR HAZE
[NO. OF DAYS WITH] [WEATHER - DAYS WITH] 9 = BLOWING SNOW
X = TORNADO
MAX 32 OR BELOW: 0 0.01 INCH OR MORE: 3
MAX 90 OR ABOVE: 2 0.10 INCH OR MORE: 1
MIN 32 OR BELOW: 2 0.50 INCH OR MORE: 0
MIN 0 OR BELOW: 0 1.00 INCH OR MORE: 0
[HDD (BASE 65) ]
TOTAL THIS MO. 204 CLEAR (SCALE 0-3) 15
DPTR FM NORMAL -92 PTCLDY (SCALE 4-7) 6
TOTAL FM JUL 1 4161 CLOUDY (SCALE 8-10) 1
DPTR FM NORMAL -934
[CDD (BASE 65) ]
TOTAL THIS MO. 29
DPTR FM NORMAL 29 [PRESSURE DATA]
TOTAL FM JAN 1 29 HIGHEST SLP M ON M
DPTR FM NORMAL 27 LOWEST SLP 29.28 ON 16
[REMARKS]