000
CXUS53 KTOP 032355
CF6CNK
PRELIMINARY LOCAL CLIMATOLOGICAL DATA (WS FORM: F-6)
STATION: CONCORDIA KS
MONTH: DECEMBER
YEAR: 2023
LATITUDE: 39 32 N
LONGITUDE: 97 39 W
TEMPERATURE IN F: :PCPN: SNOW: WIND :SUNSHINE: SKY :PK WND
================================================================================
1 2 3 4 5 6A 6B 7 8 9 10 11 12 13 14 15 16 17 18
12Z AVG MX 2MIN
DY MAX MIN AVG DEP HDD CDD WTR SNW DPTH SPD SPD DIR MIN PSBL S-S WX SPD DR
================================================================================
1 43 23 33 -3 32 0 0.00 M M 7.7 16 40 M M 2 23 30
2 37 18 28 -7 37 0 0.00 M M 3.1 14 220 M M 6 1 19 220
3 48 28 38 3 27 0 0.05 M M 9.4 24 310 M M 4 36 320
4 58 28 43 9 22 0 T M M 10.4 20 350 M M 2 28 360
5 50 33 42 8 23 0 0.00 M M 8.9 17 330 M M 2 23 320
6 61 33 47 13 18 0 0.00 M M 12.0 21 210 M M 0 27 210
7 65 41 53 19 12 0 0.00 M M 12.8 25 190 M M 0 36 190
8 58 40 49 16 16 0 0.00 M M 8.1 15 340 M M 2 20 340
9 47 28 38 5 27 0 0.00 M M 14.2 26 340 M M 0 36 330
10 50 23 37 4 28 0 0.00 M M 10.4 20 190 M M 0 28 180
11 56 24 40 8 25 0 0.00 M M 7.6 13 210 M M 0 15 240
12 44 32 38 6 27 0 0.00 M M 9.2 17 340 M M 2 24 60
13 49 27 38 6 27 0 0.00 M M 3.7 8 40 M M 0 8 11 40
14 48 30 39 7 26 0 0.18 M M 3.0 12 200 M M 6 1 14 200
15 44 40 42 11 23 0 0.59 M M 5.8 13 320 M M 10 1 17 330
16 45 30 38 7 27 0 0.02 M M 8.5 20 300 M M 5 25 300
17 55 26 41 10 24 0 0.00 M M 7.1 17 340 M M 0 22 340
18 42 27 35 4 30 0 0.00 M M 7.1 16 360 M M 0 23 350
19 56 33 45 15 20 0 0.00 M M 17.2 25 190 M M 0 40 190
20 52 33 43 13 22 0 0.00 M M 4.0 15 200 M M 1 20 190
21 56 45 51 21 14 0 0.06 M M 5.2 15 180 M M 10 12 19 170
22 59 36 48 18 17 0 0.00 M M 5.8 14 290 M M 5 12 18 290
23 59 34 47 17 18 0 0.03 M M 13.9 33 170 M M 6 12 48 170
24 59 33 46 16 19 0 0.20 M M 18.0 35 140 M M 10 1 50 150
25 33 27 30 0 35 0 0.39 M M 15.4 28 320 M M 10 1 35 320
26 31 28 30 1 35 0 0.04 M M 9.8 16 340 M M 10 18 22 320
27 33 24 29 0 36 0 T M M 11.8 20 340 M M 7 28 340
28 35 21 28 -1 37 0 0.00 M M 10.0 20 330 M M 4 26 340
29 43 24 34 5 31 0 0.00 M M 9.9 20 330 M M 2 27 320
30 51 31 41 12 24 0 0.00 M M 8.4 14 350 M M 1 21 350
31 33 28 31 2 34 0 0.00 M M 11.1 20 360 M M 9 26 360
================================================================================
SM 1500 928 793 0 1.56 M 289.5 M 116
================================================================================
AV 48.4 29.9 9.3 FASTST M M 4 MAX(MPH)
MISC ----> 35 140 50 150
================================================================================
NOTES:
# LAST OF SEVERAL OCCURRENCES
COLUMN 17 PEAK WIND IN M.P.H.
PRELIMINARY LOCAL CLIMATOLOGICAL DATA (WS FORM: F-6) , PAGE 2
STATION: CONCORDIA KS
MONTH: DECEMBER
YEAR: 2023
LATITUDE: 39 32 N
LONGITUDE: 97 39 W
[TEMPERATURE DATA] [PRECIPITATION DATA] SYMBOLS USED IN COLUMN 16
AVERAGE MONTHLY: 39.2 TOTAL FOR MONTH: 1.56 1 = FOG OR MIST
DPTR FM NORMAL: 7.7 DPTR FM NORMAL: 0.52 2 = FOG REDUCING VISIBILITY
HIGHEST: 65 ON 7 GRTST 24HR 0.77 ON 14-15 TO 1/4 MILE OR LESS
LOWEST: 18 ON 2 3 = THUNDER
SNOW, ICE PELLETS, HAIL 4 = ICE PELLETS
TOTAL MONTH: M 5 = HAIL
GRTST 24HR M ON M 6 = FREEZING RAIN OR DRIZZLE
GRTST DEPTH: M ON M 7 = DUSTSTORM OR SANDSTORM:
VSBY 1/2 MILE OR LESS
8 = SMOKE OR HAZE
[NO. OF DAYS WITH] [WEATHER - DAYS WITH] 9 = BLOWING SNOW
X = TORNADO
MAX 32 OR BELOW: 1 0.01 INCH OR MORE: 9
MAX 90 OR ABOVE: 0 0.10 INCH OR MORE: 4
MIN 32 OR BELOW: 20 0.50 INCH OR MORE: 1
MIN 0 OR BELOW: 0 1.00 INCH OR MORE: 0
[HDD (BASE 65) ]
TOTAL THIS MO. 793 CLEAR (SCALE 0-3) 17
DPTR FM NORMAL -245 PTCLDY (SCALE 4-7) 8
TOTAL FM JUL 1 1586 CLOUDY (SCALE 8-10) 6
DPTR FM NORMAL -523
[CDD (BASE 65) ]
TOTAL THIS MO. 0
DPTR FM NORMAL 0 [PRESSURE DATA]
TOTAL FM JAN 1 1856 HIGHEST SLP 30.63 ON 13
DPTR FM NORMAL 483 LOWEST SLP 29.48 ON 7
[REMARKS]
#FINAL-12-23#