715
CXUS54 KMAF 011510
CF6CNM
PRELIMINARY LOCAL CLIMATOLOGICAL DATA (WS FORM: F-6)
STATION: CARLSBAD
MONTH: AUGUST
YEAR: 2020
LATITUDE: 32 20 N
LONGITUDE: 104 15 W
TEMPERATURE IN F: :PCPN: SNOW: WIND :SUNSHINE: SKY :PK WND
================================================================================
1 2 3 4 5 6A 6B 7 8 9 10 11 12 13 14 15 16 17 18
12Z AVG MX 2MIN
DY MAX MIN AVG DEP HDD CDD WTR SNW DPTH SPD SPD DIR MIN PSBL S-S WX SPD DR
================================================================================
1 97 69 83 2 0 18 0.00 M M 6.2 16 360 M M 0 3 21 360
2 100 68 84 3 0 19 0.05 M M 8.4 41 10 M M 1 38 50 360
3 95 66 81 0 0 16 0.02 M M 6.4 16 120 M M 1 21 90
4 102 74 88 7 0 23 0.00 M M 8.5 15 100 M M 0 19 140
5 103 72 88 7 0 23 0.00 M M 7.8 24 240 M M 0 3 29 240
6 100 76 88 7 0 23 T M M 8.1 31 310 M M 0 3 46 310
7 99 75 87 6 0 22 T M M 9.8 31 210 M M 1 38 210
8 99 73 86 5 0 21 0.00 M M 9.1 20 160 M M 0 26 160
9 101 71 86 5 0 21 0.00 M M 8.6 20 150 M M 0 27 140
10 102 71 87 6 0 22 0.00 M M 7.7 22 160 M M 0 8 30 150
11 104 70 87 6 0 22 0.00 M M 7.6 18 170 M M 0 24 160
12 107 71 89 8 0 24 0.00 M M 7.5 23 310 M M 0 28 300
13 108 71 90 9 0 25 0.00 M M 5.5 15 330 M M 0 21 20
14 106 72 89 8 0 24 0.00 M M 6.1 25 20 M M 0 38 10
15 104 75 90 10 0 25 T M M 10.9 37 340 M M 0 8 47 350
16 93 73 83 3 0 18 T M M 8.8 20 100 M M 2 25 100
17 94 69 82 2 0 17 T M M 7.7 29 100 M M 1 38 35 110
18 94 64 79 -1 0 14 0.00 M M 5.1 14 20 M M 0 18 20
19 99 67 83 3 0 18 0.00 M M 7.3 17 150 M M 0 25 170
20 103 69 86 6 0 21 0.00 M M 5.2 13 50 M M 0 17 80
21 98 71 85 5 0 20 0.14 M M 8.2 36 320 M M 0 3 45 320
22 100 68 84 4 0 19 0.00 M M 6.0 28 230 M M 0 34 220
23 98 68 83 3 0 18 0.00 M M 7.0 16 110 M M 0 21 160
24 95 69 82 2 0 17 0.00 M M 8.5 20 110 M M 0 26 130
25 93 61 77 -2 0 12 0.00 M M 7.4 21 130 M M 0 8 26 180
26 96 64 80 1 0 15 0.00 M M 6.3 17 160 M M 0 22 180
27 98 66 82 3 0 17 0.00 M M 8.9 20 120 M M 0 26 140
28 104 70 87 8 0 22 0.00 M M 8.6 18 160 M M 0 33 160
29 102 74 88 10 0 23 0.00 M M 7.5 15 150 M M 0 18 130
30 101 74 88 10 0 23 0.00 M M 5.8 16 360 M M 0 19 330
31 95 81 88 10 0 23 T M M 8.9 23 280 M M 1 28 280
================================================================================
SM 3090 2182 0 625 0.21 M 235.4 M 7
================================================================================
AV 99.7 70.4 7.6 FASTST M M 0 MAX(MPH)
MISC ----> 41 10 50 360
================================================================================
NOTES:
# LAST OF SEVERAL OCCURRENCES
COLUMN 17 PEAK WIND IN M.P.H.
PRELIMINARY LOCAL CLIMATOLOGICAL DATA (WS FORM: F-6) , PAGE 2
STATION: CARLSBAD
MONTH: AUGUST
YEAR: 2020
LATITUDE: 32 20 N
LONGITUDE: 104 15 W
[TEMPERATURE DATA] [PRECIPITATION DATA] SYMBOLS USED IN COLUMN 16
AVERAGE MONTHLY: 85.0 TOTAL FOR MONTH: 0.21 1 = FOG OR MIST
DPTR FM NORMAL: 4.8 DPTR FM NORMAL: -1.79 2 = FOG REDUCING VISIBILITY
HIGHEST: 108 ON 13 GRTST 24HR 0.14 ON 21-22 TO 1/4 MILE OR LESS
LOWEST: 61 ON 25 3 = THUNDER
SNOW, ICE PELLETS, HAIL 4 = ICE PELLETS
TOTAL MONTH: 0.0 INCH 5 = HAIL
GRTST 24HR M ON M 6 = FREEZING RAIN OR DRIZZLE
GRTST DEPTH: 0 7 = DUSTSTORM OR SANDSTORM:
VSBY 1/2 MILE OR LESS
8 = SMOKE OR HAZE
[NO. OF DAYS WITH] [WEATHER - DAYS WITH] 9 = BLOWING SNOW
X = TORNADO
MAX 32 OR BELOW: 0 0.01 INCH OR MORE: 3
MAX 90 OR ABOVE: 31 0.10 INCH OR MORE: 1
MIN 32 OR BELOW: 0 0.50 INCH OR MORE: 0
MIN 0 OR BELOW: 0 1.00 INCH OR MORE: 0
[HDD (BASE 65) ]
TOTAL THIS MO. 0 CLEAR (SCALE 0-3) 31
DPTR FM NORMAL 0 PTCLDY (SCALE 4-7) 0
TOTAL FM JUL 1 0 CLOUDY (SCALE 8-10) 0
DPTR FM NORMAL 0
[CDD (BASE 65) ]
TOTAL THIS MO. 625
DPTR FM NORMAL 155 [PRESSURE DATA]
TOTAL FM JAN 1 2244 HIGHEST SLP 30.13 ON 17
DPTR FM NORMAL 484 LOWEST SLP 29.55 ON 30
[REMARKS]
#FINAL-08-20#