000
CDUS43 KICT 280634
CLICNU


CLIMATE REPORT
NATIONAL WEATHER SERVICE WICHITA KS
1234 AM CST SUN DEC 28 2014


...................................

...THE CHANUTE KS CLIMATE SUMMARY FOR DECEMBER 27 2014...

CLIMATE NORMAL PERIOD 1981 TO 2010
CLIMATE RECORD PERIOD 1894 TO 2014


WEATHER ITEM   OBSERVED TIME   RECORD YEAR NORMAL DEPARTURE LAST
                VALUE   (LST)  VALUE       VALUE  FROM      YEAR
                                                  NORMAL
..................................................................
TEMPERATURE (F)
 YESTERDAY
  MAXIMUM         39   1213 AM  74    1946  42     -3       51
  MINIMUM         22   1159 PM   3    1925  24     -2       24
  AVERAGE         31                        33     -2       38

PRECIPITATION (IN)
  YESTERDAY        T             1.41 1927   0.06  -0.06     0.00
  MONTH TO DATE    2.37                      1.58   0.79     0.16
  SINCE DEC 1      2.37                      1.58   0.79     0.16
  SINCE JAN 1     31.88                     41.90 -10.02    47.75

DEGREE DAYS
 HEATING
  YESTERDAY       34                        32      2       27
  MONTH TO DATE  674                       809   -135      900
  SINCE DEC 1    674                       809   -135      900
  SINCE JUL 1   1616                      1661    -45     1820

 COOLING
  YESTERDAY        0                         0      0        0
  MONTH TO DATE    0                         0      0        0
  SINCE DEC 1      0                         0      0        0
  SINCE JAN 1   1512                      1532    -20     1560
..................................................................


WIND (MPH)
  HIGHEST WIND SPEED    23   HIGHEST WIND DIRECTION    NW (310)
  HIGHEST GUST SPEED    27   HIGHEST GUST DIRECTION    NW (320)
  AVERAGE WIND SPEED    10.8


SKY COVER
  POSSIBLE SUNSHINE  MM
  AVERAGE SKY COVER 0.6


WEATHER CONDITIONS
 THE FOLLOWING WEATHER WAS RECORDED YESTERDAY.
  FOG


RELATIVE HUMIDITY (PERCENT)
 HIGHEST    85          1200 AM
 LOWEST     52           400 PM
 AVERAGE    69

..........................................................


THE CHANUTE KS CLIMATE NORMALS FOR TODAY
                         NORMAL    RECORD    YEAR
 MAXIMUM TEMPERATURE (F)   42        69      1928
 MINIMUM TEMPERATURE (F)   23        -4      1924


SUNRISE AND SUNSET
DECEMBER 28 2014......SUNRISE   736 AM CST   SUNSET   511 PM CST
DECEMBER 29 2014......SUNRISE   736 AM CST   SUNSET   512 PM CST


-  INDICATES NEGATIVE NUMBERS.
R  INDICATES RECORD WAS SET OR TIED.
MM INDICATES DATA IS MISSING.
T  INDICATES TRACE AMOUNT.




$$
