312
CDUS43 KICT 300631
CLICNU


CLIMATE REPORT
NATIONAL WEATHER SERVICE WICHITA KS
130 AM CDT SAT JUL 30 2016


...................................

...THE CHANUTE KS CLIMATE SUMMARY FOR JULY 29 2016...

CLIMATE NORMAL PERIOD 1981 TO 2010
CLIMATE RECORD PERIOD 1894 TO 2016


WEATHER ITEM   OBSERVED TIME   RECORD YEAR NORMAL DEPARTURE LAST
                VALUE   (LST)  VALUE       VALUE  FROM      YEAR
                                                  NORMAL
..................................................................
TEMPERATURE (F)
 YESTERDAY
  MAXIMUM         87    521 PM 110    2012  91     -4       93
  MINIMUM         68    424 AM  54    2005  69     -1       75
  AVERAGE         78                        80     -2       84

PRECIPITATION (IN)
  YESTERDAY        0.00          6.97 2013   0.11  -0.11     0.00
  MONTH TO DATE    4.49                      4.13   0.36     4.80
  SINCE JUN 1      7.69                     10.16  -2.47     7.17
  SINCE JAN 1     19.48                     26.56  -7.08    25.14

DEGREE DAYS
 HEATING
  YESTERDAY        0                         0      0        0
  MONTH TO DATE    0                         0      0        0
  SINCE JUN 1      0                         6     -6        0
  SINCE JUL 1      0                         0      0        0

 COOLING
  YESTERDAY       13                        15     -2       19
  MONTH TO DATE  470                       422     48      460
  SINCE JUN 1    904                       714    190      851
  SINCE JAN 1   1011                       847    164      960
..................................................................


WIND (MPH)
  HIGHEST WIND SPEED    13   HIGHEST WIND DIRECTION     N (340)
  HIGHEST GUST SPEED    16   HIGHEST GUST DIRECTION     N (360)
  AVERAGE WIND SPEED     4.6


SKY COVER
  POSSIBLE SUNSHINE  MM
  AVERAGE SKY COVER 0.2


WEATHER CONDITIONS
 THE FOLLOWING WEATHER WAS RECORDED YESTERDAY.
  NO SIGNIFICANT WEATHER WAS OBSERVED.


RELATIVE HUMIDITY (PERCENT)
 HIGHEST    93          1100 PM
 LOWEST     55           400 PM
 AVERAGE    74

..........................................................


THE CHANUTE KS CLIMATE NORMALS FOR TODAY
                         NORMAL    RECORD    YEAR
 MAXIMUM TEMPERATURE (F)   91       108      1986
 MINIMUM TEMPERATURE (F)   69        54      1971


SUNRISE AND SUNSET
JULY 30 2016..........SUNRISE   624 AM CDT   SUNSET   832 PM CDT
JULY 31 2016..........SUNRISE   625 AM CDT   SUNSET   831 PM CDT


-  INDICATES NEGATIVE NUMBERS.
R  INDICATES RECORD WAS SET OR TIED.
MM INDICATES DATA IS MISSING.
T  INDICATES TRACE AMOUNT.




$$
