000
CDUS43 KICT 190623
CLICNU


CLIMATE REPORT
NATIONAL WEATHER SERVICE WICHITA KS
1223 AM CST FRI JAN 19 2018


...................................

...THE CHANUTE KS CLIMATE SUMMARY FOR JANUARY 18 2018...

CLIMATE NORMAL PERIOD 1981 TO 2010
CLIMATE RECORD PERIOD 1894 TO 2018


WEATHER ITEM   OBSERVED TIME   RECORD YEAR NORMAL DEPARTURE LAST
                VALUE   (LST)  VALUE       VALUE  FROM      YEAR
                                                  NORMAL
..................................................................
TEMPERATURE (F)
 YESTERDAY
  MAXIMUM         45        MM  69    1951  42      3       49
  MINIMUM         34        MM -18    1930  23     11       29
  AVERAGE         40                        32      8       39

PRECIPITATION (IN)
  YESTERDAY        0.00          1.33 1979   0.04  -0.04     0.00
  MONTH TO DATE    0.10                      0.70  -0.60     1.39
  SINCE DEC 1      0.34                      2.45  -2.11     2.17
  SINCE JAN 1      0.10                      0.70  -0.60     1.39

DEGREE DAYS
 HEATING
  YESTERDAY       25                        33     -8       26
  MONTH TO DATE  583                       594    -11      555
  SINCE DEC 1   1445                      1535    -90     1497
  SINCE JUL 1   2146                      2387   -241     1975

 COOLING
  YESTERDAY        0                         0      0        0
  MONTH TO DATE    0                         0      0        0
  SINCE DEC 1      0                         0      0        0
  SINCE JAN 1      0                         0      0        0
..................................................................


WIND (MPH)
  HIGHEST WIND SPEED    16   HIGHEST WIND DIRECTION     S (190)
  HIGHEST GUST SPEED    MM   HIGHEST GUST DIRECTION    MM
  AVERAGE WIND SPEED    12.1


SKY COVER
  POSSIBLE SUNSHINE   0 PERCENT
  AVERAGE SKY COVER 0.0


WEATHER CONDITIONS
 THE FOLLOWING WEATHER WAS RECORDED YESTERDAY.
  NO SIGNIFICANT WEATHER WAS OBSERVED.


RELATIVE HUMIDITY (PERCENT)
 HIGHEST     0          1200 AM
 LOWEST      0          1200 AM
 AVERAGE     0

..........................................................


THE CHANUTE KS CLIMATE NORMALS FOR TODAY
                         NORMAL    RECORD    YEAR
 MAXIMUM TEMPERATURE (F)   42        70      1951
 MINIMUM TEMPERATURE (F)   23       -16      1943


SUNRISE AND SUNSET
JANUARY 19 2018.......SUNRISE   734 AM CST   SUNSET   532 PM CST
JANUARY 20 2018.......SUNRISE   734 AM CST   SUNSET   533 PM CST


-  INDICATES NEGATIVE NUMBERS.
R  INDICATES RECORD WAS SET OR TIED.
MM INDICATES DATA IS MISSING.
T  INDICATES TRACE AMOUNT.




$$
