000
CDUS43 KICT 220637
CLICNU


CLIMATE REPORT
NATIONAL WEATHER SERVICE WICHITA KS
136 AM CDT SUN OCT 22 2017


...................................

...THE CHANUTE KS CLIMATE SUMMARY FOR OCTOBER 21 2017...

CLIMATE NORMAL PERIOD 1981 TO 2010
CLIMATE RECORD PERIOD 1894 TO 2017


WEATHER ITEM   OBSERVED TIME   RECORD YEAR NORMAL DEPARTURE LAST
                VALUE   (LST)  VALUE       VALUE  FROM      YEAR
                                                  NORMAL
..................................................................
TEMPERATURE (F)
 YESTERDAY
  MAXIMUM         79    215 PM  90    1978  68     11       65
  MINIMUM         53   1159 PM  25    1987  46      7       37
  AVERAGE         66                        57      9       51

PRECIPITATION (IN)
  YESTERDAY        1.10          1.92 1972   0.10   1.00     0.00
  MONTH TO DATE    4.81                      2.68   2.13     3.10
  SINCE SEP 1      8.40                      6.35   2.05    10.01
  SINCE JAN 1     45.04                     36.84   8.20    35.24

DEGREE DAYS
 HEATING
  YESTERDAY        0                         9     -9       14
  MONTH TO DATE   59                       136    -77       73
  SINCE SEP 1     66                       182   -116       84
  SINCE JUL 1     66                       183   -117       84

 COOLING
  YESTERDAY        1                         1      0        0
  MONTH TO DATE   79                        29     50       60
  SINCE SEP 1    309                       222     87      321
  SINCE JAN 1   1616                      1526     90     1802
..................................................................


WIND (MPH)
  HIGHEST WIND SPEED    30   HIGHEST WIND DIRECTION     S (180)
  HIGHEST GUST SPEED    37   HIGHEST GUST DIRECTION     S (180)
  AVERAGE WIND SPEED    17.8


SKY COVER
  POSSIBLE SUNSHINE  MM
  AVERAGE SKY COVER 0.9


WEATHER CONDITIONS
 THE FOLLOWING WEATHER WAS RECORDED YESTERDAY.
  THUNDERSTORM
  HEAVY RAIN
  RAIN
  LIGHT RAIN
  FOG


RELATIVE HUMIDITY (PERCENT)
 HIGHEST   100          1100 PM
 LOWEST     64           200 PM
 AVERAGE    82

..........................................................


THE CHANUTE KS CLIMATE NORMALS FOR TODAY
                         NORMAL    RECORD    YEAR
 MAXIMUM TEMPERATURE (F)   67        88      1939
 MINIMUM TEMPERATURE (F)   45        27      2006


SUNRISE AND SUNSET
OCTOBER 22 2017.......SUNRISE   737 AM CDT   SUNSET   635 PM CDT
OCTOBER 23 2017.......SUNRISE   738 AM CDT   SUNSET   634 PM CDT


-  INDICATES NEGATIVE NUMBERS.
R  INDICATES RECORD WAS SET OR TIED.
MM INDICATES DATA IS MISSING.
T  INDICATES TRACE AMOUNT.




$$
