641
CDUS43 KICT 090724
CLICNU

CLIMATE REPORT
NATIONAL WEATHER SERVICE WICHITA KS
122 AM CST TUE FEB 9 2016

...................................

...THE CHANUTE KS CLIMATE SUMMARY FOR FEBRUARY 8 2016...

CLIMATE NORMAL PERIOD 1981 TO 2010
CLIMATE RECORD PERIOD 1894 TO 2016


WEATHER ITEM   OBSERVED TIME   RECORD YEAR NORMAL DEPARTURE LAST
                VALUE   (LST)  VALUE       VALUE  FROM      YEAR
                                                  NORMAL
..................................................................
TEMPERATURE (F)
 YESTERDAY
  MAXIMUM         42    307 PM  73    2015  46     -4       73
  MINIMUM         31   1159 PM -12    1933  25      6       43
  AVERAGE         37                        35      2       58

PRECIPITATION (IN)
  YESTERDAY        0.00          0.50 1910   0.07  -0.07     0.00
                                      1910
                                      2011
  MONTH TO DATE    0.29                      0.43  -0.14     0.23
  SINCE DEC 1      4.62                      3.44   1.18     3.23
  SINCE JAN 1      1.07                      1.69  -0.62     0.86

DEGREE DAYS
 HEATING
  YESTERDAY       28                        30     -2        7
  MONTH TO DATE  207                       244    -37      233
  SINCE DEC 1   1893                      2191   -298     2025
  SINCE JUL 1   2536                      3043   -507     2967

 COOLING
  YESTERDAY        0                         0      0        0
  MONTH TO DATE    0                         0      0        0
  SINCE DEC 1      0                         0      0        0
  SINCE JAN 1      0                         0      0        0
..................................................................


WIND (MPH)
  HIGHEST WIND SPEED    35   HIGHEST WIND DIRECTION    NW (320)
  HIGHEST GUST SPEED    49   HIGHEST GUST DIRECTION    NW (320)
  AVERAGE WIND SPEED    18.2


SKY COVER
  POSSIBLE SUNSHINE  MM
  AVERAGE SKY COVER 0.4


WEATHER CONDITIONS
 THE FOLLOWING WEATHER WAS RECORDED YESTERDAY.
  NO SIGNIFICANT WEATHER WAS OBSERVED.


RELATIVE HUMIDITY (PERCENT)
 HIGHEST    56          1200 AM
 LOWEST     32           600 PM
 AVERAGE    44

..........................................................


THE CHANUTE KS CLIMATE NORMALS FOR TODAY
                         NORMAL    RECORD    YEAR
 MAXIMUM TEMPERATURE (F)   46        74      1932
 MINIMUM TEMPERATURE (F)   25       -11      1979


SUNRISE AND SUNSET
FEBRUARY  9 2016......SUNRISE   719 AM CST   SUNSET   554 PM CST
FEBRUARY 10 2016......SUNRISE   717 AM CST   SUNSET   555 PM CST


-  INDICATES NEGATIVE NUMBERS.
R  INDICATES RECORD WAS SET OR TIED.
MM INDICATES DATA IS MISSING.
T  INDICATES TRACE AMOUNT.

$$
