000
CDUS43 KICT 260656
CLICNU


CLIMATE REPORT
NATIONAL WEATHER SERVICE WICHITA KS
1255 AM CST SAT NOV 26 2016


...................................

...THE CHANUTE KS CLIMATE SUMMARY FOR NOVEMBER 25 2016...

CLIMATE NORMAL PERIOD 1981 TO 2010
CLIMATE RECORD PERIOD 1894 TO 2016


WEATHER ITEM   OBSERVED TIME   RECORD YEAR NORMAL DEPARTURE LAST
                VALUE   (LST)  VALUE       VALUE  FROM      YEAR
                                                  NORMAL
..................................................................
TEMPERATURE (F)
 YESTERDAY
  MAXIMUM         55    345 PM  73    1910  52      3       63
  MINIMUM         30   1109 PM  15    1993  32     -2       54
  AVERAGE         43                        42      1       59

PRECIPITATION (IN)
  YESTERDAY        0.00          1.01 1978   0.08  -0.08     0.00
  MONTH TO DATE    0.36                      2.13  -1.77     2.02
  SINCE SEP 1     10.78                      9.46   1.32     4.91
  SINCE JAN 1     36.01                     39.95  -3.94    36.22

DEGREE DAYS
 HEATING
  YESTERDAY       22                        23     -1        6
  MONTH TO DATE  285                       437   -152      330
  SINCE SEP 1    383                       724   -341      510
  SINCE JUL 1    383                       725   -342      510

 COOLING
  YESTERDAY        0                         0      0        0
  MONTH TO DATE   20                         0     20        0
  SINCE SEP 1    365                       225    140      293
  SINCE JAN 1   1846                      1529    317     1612
..................................................................


WIND (MPH)
  HIGHEST WIND SPEED    16   HIGHEST WIND DIRECTION     N (350)
  HIGHEST GUST SPEED    21   HIGHEST GUST DIRECTION     N (350)
  AVERAGE WIND SPEED     6.0


SKY COVER
  POSSIBLE SUNSHINE  MM
  AVERAGE SKY COVER 0.4


WEATHER CONDITIONS
 THE FOLLOWING WEATHER WAS RECORDED YESTERDAY.
  NO SIGNIFICANT WEATHER WAS OBSERVED.


RELATIVE HUMIDITY (PERCENT)
 HIGHEST    92           900 PM
 LOWEST     47           300 PM
 AVERAGE    70

..........................................................


THE CHANUTE KS CLIMATE NORMALS FOR TODAY
                         NORMAL    RECORD    YEAR
 MAXIMUM TEMPERATURE (F)   51        76      1990
 MINIMUM TEMPERATURE (F)   31         4      1975


SUNRISE AND SUNSET
NOVEMBER 26 2016......SUNRISE   714 AM CST   SUNSET   505 PM CST
NOVEMBER 27 2016......SUNRISE   715 AM CST   SUNSET   504 PM CST


-  INDICATES NEGATIVE NUMBERS.
R  INDICATES RECORD WAS SET OR TIED.
MM INDICATES DATA IS MISSING.
T  INDICATES TRACE AMOUNT.




$$
