000
CDUS43 KICT 200631
CLICNU


CLIMATE REPORT
NATIONAL WEATHER SERVICE WICHITA KS
131 AM CDT FRI MAY 20 2016


...................................

...THE CHANUTE KS CLIMATE SUMMARY FOR MAY 19 2016...

CLIMATE NORMAL PERIOD 1981 TO 2010
CLIMATE RECORD PERIOD 1894 TO 2016


WEATHER ITEM   OBSERVED TIME   RECORD YEAR NORMAL DEPARTURE LAST
                VALUE   (LST)  VALUE       VALUE  FROM      YEAR
                                                  NORMAL
..................................................................
TEMPERATURE (F)
 YESTERDAY
  MAXIMUM         65   1131 AM  94    1911  77    -12       63
  MINIMUM         43    455 AM  41    1968  57    -14       51
  AVERAGE         54                        67    -13       57

PRECIPITATION (IN)
  YESTERDAY        0.05          2.82 1943   0.20  -0.15     0.10
  MONTH TO DATE    2.45                      3.29  -0.84     5.78
  SINCE MAR 1      9.33                     10.73  -1.40    10.86
  SINCE JAN 1     10.41                     13.89  -3.48    12.17

DEGREE DAYS
 HEATING
  YESTERDAY       11                         2      9        8
  MONTH TO DATE  111                        61     50       43
  SINCE MAR 1    674                       891   -217      725
  SINCE JUL 1   3639                      4463   -824     4415

 COOLING
  YESTERDAY        0                         4     -4        0
  MONTH TO DATE   20                        45    -25       62
  SINCE MAR 1     44                        76    -32       84
  SINCE JAN 1     44                        76    -32       84
..................................................................


WIND (MPH)
  HIGHEST WIND SPEED    12   HIGHEST WIND DIRECTION    SE (130)
  HIGHEST GUST SPEED    15   HIGHEST GUST DIRECTION    SE (140)
  AVERAGE WIND SPEED     4.6


SKY COVER
  POSSIBLE SUNSHINE  MM
  AVERAGE SKY COVER 0.5


WEATHER CONDITIONS
 THE FOLLOWING WEATHER WAS RECORDED YESTERDAY.
  LIGHT RAIN


RELATIVE HUMIDITY (PERCENT)
 HIGHEST    93          1200 AM
 LOWEST     60           100 PM
 AVERAGE    77

..........................................................


THE CHANUTE KS CLIMATE NORMALS FOR TODAY
                         NORMAL    RECORD    YEAR
 MAXIMUM TEMPERATURE (F)   77        94      1956
 MINIMUM TEMPERATURE (F)   57        41      1981


SUNRISE AND SUNSET
MAY 20 2016...........SUNRISE   608 AM CDT   SUNSET   829 PM CDT
MAY 21 2016...........SUNRISE   607 AM CDT   SUNSET   830 PM CDT


-  INDICATES NEGATIVE NUMBERS.
R  INDICATES RECORD WAS SET OR TIED.
MM INDICATES DATA IS MISSING.
T  INDICATES TRACE AMOUNT.




$$
