000
CDUS43 KICT 260708
CLICNU


CLIMATE REPORT
NATIONAL WEATHER SERVICE WICHITA KS
107 AM CST THU FEB 26 2015


...................................

...THE CHANUTE KS CLIMATE SUMMARY FOR FEBRUARY 25 2015...

CLIMATE NORMAL PERIOD 1981 TO 2010
CLIMATE RECORD PERIOD 1894 TO 2015


WEATHER ITEM   OBSERVED TIME   RECORD YEAR NORMAL DEPARTURE LAST
                VALUE   (LST)  VALUE       VALUE  FROM      YEAR
                                                  NORMAL
..................................................................
TEMPERATURE (F)
 YESTERDAY
  MAXIMUM         53    439 PM  76    1944  51      2       36
  MINIMUM         18    631 AM   2    2003  30    -12       18
  AVERAGE         36                        41     -5       27

PRECIPITATION (IN)
  YESTERDAY        0.00          1.38 1899   0.08  -0.08     0.00
  MONTH TO DATE    0.41                      1.65  -1.24     0.71
  SINCE DEC 1      3.41                      4.66  -1.25     0.98
  SINCE JAN 1      1.04                      2.91  -1.87     0.82

DEGREE DAYS
 HEATING
  YESTERDAY       29                        24      5       38
  MONTH TO DATE  816                       702    114      872
  SINCE DEC 1   2608                      2649    -41     2991
  SINCE JUL 1   3550                      3501     49     3911

 COOLING
  YESTERDAY        0                         0      0        0
  MONTH TO DATE    0                         0      0        0
  SINCE DEC 1      0                         0      0        0
  SINCE JAN 1      0                         0      0        0
..................................................................


WIND (MPH)
  HIGHEST WIND SPEED    30   HIGHEST WIND DIRECTION     N (350)
  HIGHEST GUST SPEED    37   HIGHEST GUST DIRECTION    NW (330)
  AVERAGE WIND SPEED     9.9


SKY COVER
  POSSIBLE SUNSHINE  MM
  AVERAGE SKY COVER 0.2


WEATHER CONDITIONS
 THE FOLLOWING WEATHER WAS RECORDED YESTERDAY.
  NO SIGNIFICANT WEATHER WAS OBSERVED.


RELATIVE HUMIDITY (PERCENT)
 HIGHEST    88           800 AM
 LOWEST     32           300 PM
 AVERAGE    60

..........................................................


THE CHANUTE KS CLIMATE NORMALS FOR TODAY
                         NORMAL    RECORD    YEAR
 MAXIMUM TEMPERATURE (F)   52        75      2009
                                             1999
 MINIMUM TEMPERATURE (F)   30         0      1934


SUNRISE AND SUNSET
FEBRUARY 26 2015......SUNRISE   658 AM CST   SUNSET   612 PM CST
FEBRUARY 27 2015......SUNRISE   656 AM CST   SUNSET   613 PM CST


-  INDICATES NEGATIVE NUMBERS.
R  INDICATES RECORD WAS SET OR TIED.
MM INDICATES DATA IS MISSING.
T  INDICATES TRACE AMOUNT.




$$
