000
CDUS43 KICT 170643
CLICNU


CLIMATE REPORT
NATIONAL WEATHER SERVICE WICHITA KS
142 AM CDT FRI MAR 17 2017


...................................

...THE CHANUTE KS CLIMATE SUMMARY FOR MARCH 16 2017...

CLIMATE NORMAL PERIOD 1981 TO 2010
CLIMATE RECORD PERIOD 1894 TO 2017


WEATHER ITEM   OBSERVED TIME   RECORD YEAR NORMAL DEPARTURE LAST
                VALUE   (LST)  VALUE       VALUE  FROM      YEAR
                                                  NORMAL
..................................................................
TEMPERATURE (F)
 YESTERDAY
  MAXIMUM         70    337 PM  82    2015  58     12       63
                                      2012
  MINIMUM         33    622 AM  17    1900  36     -3       35
  AVERAGE         52                        47      5       49

PRECIPITATION (IN)
  YESTERDAY        0.00          0.95 1970   0.10  -0.10     0.00
  MONTH TO DATE    0.26                      1.48  -1.22     0.60
  SINCE MAR 1      0.26                      1.48  -1.22     0.60
  SINCE JAN 1      2.41                      4.64  -2.23     1.68

DEGREE DAYS
 HEATING
  YESTERDAY       13                        18     -5       16
  MONTH TO DATE  304                       327    -23      172
  SINCE MAR 1    304                       327    -23      172
  SINCE JUL 1   3072                      3899   -827     3137

 COOLING
  YESTERDAY        0                         0      0        0
  MONTH TO DATE    0                         0      0        0
  SINCE MAR 1      0                         0      0        0
  SINCE JAN 1      3                         0      3        0
..................................................................


WIND (MPH)
  HIGHEST WIND SPEED    25   HIGHEST WIND DIRECTION     S (180)
  HIGHEST GUST SPEED    31   HIGHEST GUST DIRECTION     S (190)
  AVERAGE WIND SPEED    15.5


SKY COVER
  POSSIBLE SUNSHINE  MM
  AVERAGE SKY COVER 0.0


WEATHER CONDITIONS
 THE FOLLOWING WEATHER WAS RECORDED YESTERDAY.
  NO SIGNIFICANT WEATHER WAS OBSERVED.


RELATIVE HUMIDITY (PERCENT)
 HIGHEST    80          1000 PM
 LOWEST     47           400 PM
 AVERAGE    64

..........................................................


THE CHANUTE KS CLIMATE NORMALS FOR TODAY
                         NORMAL    RECORD    YEAR
 MAXIMUM TEMPERATURE (F)   59        84      1994
 MINIMUM TEMPERATURE (F)   37        12      1941


SUNRISE AND SUNSET
MARCH 17 2017.........SUNRISE   730 AM CDT   SUNSET   731 PM CDT
MARCH 18 2017.........SUNRISE   728 AM CDT   SUNSET   732 PM CDT


-  INDICATES NEGATIVE NUMBERS.
R  INDICATES RECORD WAS SET OR TIED.
MM INDICATES DATA IS MISSING.
T  INDICATES TRACE AMOUNT.




$$
