000
CDUS43 KICT 250635
CLICNU


CLIMATE REPORT
NATIONAL WEATHER SERVICE WICHITA KS
135 AM CDT MON AUG 25 2014


...................................

...THE CHANUTE KS CLIMATE SUMMARY FOR AUGUST 24 2014...

CLIMATE NORMAL PERIOD 1981 TO 2010
CLIMATE RECORD PERIOD 1894 TO 2014


WEATHER ITEM   OBSERVED TIME   RECORD YEAR NORMAL DEPARTURE LAST
                VALUE   (LST)  VALUE       VALUE  FROM      YEAR
                                                  NORMAL
..................................................................
TEMPERATURE (F)
 YESTERDAY
  MAXIMUM        100    224 PM 108    1936  89     11       92
  MINIMUM         75    547 AM  54    1945  67      8       70
  AVERAGE         88                        78     10       81

PRECIPITATION (IN)
  YESTERDAY        0.00          1.76 2005   0.12  -0.12     0.00
  MONTH TO DATE    1.36                      2.89  -1.53     3.91
  SINCE JUN 1     11.02                     13.29  -2.27    17.06
  SINCE JAN 1     20.48                     29.69  -9.21    35.62

DEGREE DAYS
 HEATING
  YESTERDAY        0                         0      0        0
  MONTH TO DATE    0                         0      0        0
  SINCE JUN 1      1                         6     -5       10
  SINCE JUL 1      1                         0      1        0

 COOLING
  YESTERDAY       23                        13     10       16
  MONTH TO DATE  359                       346     13      277
  SINCE JUN 1    967                      1087   -120     1018
  SINCE JAN 1   1159                      1220    -61     1141
..................................................................


WIND (MPH)
  HIGHEST WIND SPEED    22   HIGHEST WIND DIRECTION     S (200)
  HIGHEST GUST SPEED    30   HIGHEST GUST DIRECTION     S (180)
  AVERAGE WIND SPEED    12.8


SKY COVER
  POSSIBLE SUNSHINE  MM
  AVERAGE SKY COVER 0.0


WEATHER CONDITIONS
 THE FOLLOWING WEATHER WAS RECORDED YESTERDAY.
  NO SIGNIFICANT WEATHER WAS OBSERVED.


RELATIVE HUMIDITY (PERCENT)
 HIGHEST    74           600 AM
 LOWEST     29           300 PM
 AVERAGE    52

..........................................................


THE CHANUTE KS CLIMATE NORMALS FOR TODAY
                         NORMAL    RECORD    YEAR
 MAXIMUM TEMPERATURE (F)   89       107      1901
 MINIMUM TEMPERATURE (F)   67        52      1958


SUNRISE AND SUNSET
AUGUST 25 2014........SUNRISE   646 AM CDT   SUNSET   801 PM CDT
AUGUST 26 2014........SUNRISE   647 AM CDT   SUNSET   800 PM CDT


-  INDICATES NEGATIVE NUMBERS.
R  INDICATES RECORD WAS SET OR TIED.
MM INDICATES DATA IS MISSING.
T  INDICATES TRACE AMOUNT.




$$
