000
CDUS43 KICT 040756
CLICNU


CLIMATE REPORT
NATIONAL WEATHER SERVICE WICHITA KS
156 AM CST MON DEC 4 2017


...................................

...THE CHANUTE KS CLIMATE SUMMARY FOR DECEMBER 3 2017...

CLIMATE NORMAL PERIOD 1981 TO 2010
CLIMATE RECORD PERIOD 1894 TO 2017


WEATHER ITEM   OBSERVED TIME   RECORD YEAR NORMAL DEPARTURE LAST
                VALUE   (LST)  VALUE       VALUE  FROM      YEAR
                                                  NORMAL
..................................................................
TEMPERATURE (F)
 YESTERDAY
  MAXIMUM         70    246 PM  72    2012  48     22       53
  MINIMUM         38    427 AM   5    2006  28     10       41
  AVERAGE         54                        38     16       47

PRECIPITATION (IN)
  YESTERDAY        0.00          1.06 1973   0.06  -0.06     0.06
  MONTH TO DATE    0.00                      0.21  -0.21     0.06
  SINCE DEC 1      0.00                      0.21  -0.21     0.06
  SINCE JAN 1     46.05                     40.53   5.52    36.18

DEGREE DAYS
 HEATING
  YESTERDAY       11                        27    -16       18
  MONTH TO DATE   48                        80    -32       63
  SINCE DEC 1     48                        80    -32       63
  SINCE JUL 1    749                       932   -183      541

 COOLING
  YESTERDAY        0                         0      0        0
  MONTH TO DATE    0                         0      0        0
  SINCE DEC 1      0                         0      0        0
  SINCE JAN 1   1619                      1532     87     1846
..................................................................


WIND (MPH)
  HIGHEST WIND SPEED    30   HIGHEST WIND DIRECTION     S (170)
  HIGHEST GUST SPEED    36   HIGHEST GUST DIRECTION     S (170)
  AVERAGE WIND SPEED    13.0


SKY COVER
  POSSIBLE SUNSHINE  MM
  AVERAGE SKY COVER 0.0


WEATHER CONDITIONS
 THE FOLLOWING WEATHER WAS RECORDED YESTERDAY.
  FOG


RELATIVE HUMIDITY (PERCENT)
 HIGHEST   100           200 AM
 LOWEST     55           300 PM
 AVERAGE    78

..........................................................


THE CHANUTE KS CLIMATE NORMALS FOR TODAY
                         NORMAL    RECORD    YEAR
 MAXIMUM TEMPERATURE (F)   47        73      1916
 MINIMUM TEMPERATURE (F)   28         8      2006


SUNRISE AND SUNSET
DECEMBER  4 2017......SUNRISE   721 AM CST   SUNSET   503 PM CST
DECEMBER  5 2017......SUNRISE   722 AM CST   SUNSET   503 PM CST


-  INDICATES NEGATIVE NUMBERS.
R  INDICATES RECORD WAS SET OR TIED.
MM INDICATES DATA IS MISSING.
T  INDICATES TRACE AMOUNT.




$$
