000
CDUS43 KICT 150640
CLICNU


CLIMATE REPORT
NATIONAL WEATHER SERVICE WICHITA KS
140 AM CDT FRI AUG 15 2014


...................................

...THE CHANUTE KS CLIMATE SUMMARY FOR AUGUST 14 2014...

CLIMATE NORMAL PERIOD 1981 TO 2010
CLIMATE RECORD PERIOD 1894 TO 2014


WEATHER ITEM   OBSERVED TIME   RECORD YEAR NORMAL DEPARTURE LAST
                VALUE   (LST)  VALUE       VALUE  FROM      YEAR
                                                  NORMAL
..................................................................
TEMPERATURE (F)
 YESTERDAY
  MAXIMUM         90    403 PM 110    1936  90      0       81
  MINIMUM         61    602 AM  54    1920  69     -8       61
  AVERAGE         76                        80     -4       71

PRECIPITATION (IN)
  YESTERDAY        0.00          2.28 1964   0.13  -0.13     0.00
  MONTH TO DATE    1.06                      1.66  -0.60     3.89
  SINCE JUN 1     10.72                     12.06  -1.34    17.04
  SINCE JAN 1     20.18                     28.46  -8.28    35.60

DEGREE DAYS
 HEATING
  YESTERDAY        0                         0      0        0
  MONTH TO DATE    0                         0      0        0
  SINCE JUN 1      1                         6     -5       10
  SINCE JUL 1      1                         0      1        0

 COOLING
  YESTERDAY       11                        14     -3        6
  MONTH TO DATE  163                       209    -46      173
  SINCE JUN 1    771                       950   -179      914
  SINCE JAN 1    963                      1083   -120     1037
..................................................................


WIND (MPH)
  HIGHEST WIND SPEED    12   HIGHEST WIND DIRECTION     S (190)
  HIGHEST GUST SPEED    20   HIGHEST GUST DIRECTION     S (170)
  AVERAGE WIND SPEED     6.5


SKY COVER
  POSSIBLE SUNSHINE  MM
  AVERAGE SKY COVER 0.0


WEATHER CONDITIONS
 THE FOLLOWING WEATHER WAS RECORDED YESTERDAY.
  NO SIGNIFICANT WEATHER WAS OBSERVED.


RELATIVE HUMIDITY (PERCENT)
 HIGHEST    90           600 AM
 LOWEST     38           200 PM
 AVERAGE    64

..........................................................


THE CHANUTE KS CLIMATE NORMALS FOR TODAY
                         NORMAL    RECORD    YEAR
 MAXIMUM TEMPERATURE (F)   90       110      1936
 MINIMUM TEMPERATURE (F)   68        48      1929


SUNRISE AND SUNSET
AUGUST 15 2014........SUNRISE   638 AM CDT   SUNSET   814 PM CDT
AUGUST 16 2014........SUNRISE   639 AM CDT   SUNSET   813 PM CDT


-  INDICATES NEGATIVE NUMBERS.
R  INDICATES RECORD WAS SET OR TIED.
MM INDICATES DATA IS MISSING.
T  INDICATES TRACE AMOUNT.




$$
