000
CDUS43 KICT 260631
CLICNU


CLIMATE REPORT
NATIONAL WEATHER SERVICE WICHITA KS
130 AM CDT SAT JUL 26 2014


...................................

...THE CHANUTE KS CLIMATE SUMMARY FOR JULY 25 2014...

CLIMATE NORMAL PERIOD 1981 TO 2010
CLIMATE RECORD PERIOD 1894 TO 2014


WEATHER ITEM   OBSERVED TIME   RECORD YEAR NORMAL DEPARTURE LAST
                VALUE   (LST)  VALUE       VALUE  FROM      YEAR
                                                  NORMAL
..................................................................
TEMPERATURE (F)
 YESTERDAY
  MAXIMUM         94    338 PM 107    1934  90      4       88
  MINIMUM         70   1234 AM  50    1911  69      1       63
  AVERAGE         82                        80      2       76

PRECIPITATION (IN)
  YESTERDAY        0.00          1.62 1968   0.13  -0.13     0.00
  MONTH TO DATE    1.52                      3.67  -2.15     0.91
  SINCE JUN 1      9.57                      9.70  -0.13     5.03
  SINCE JAN 1     19.03                     26.10  -7.07    23.59

DEGREE DAYS
 HEATING
  YESTERDAY        0                         0      0        0
  MONTH TO DATE    1                         0      1        0
  SINCE JUN 1      1                         6     -5       10
  SINCE JUL 1      1                         0      1        0

 COOLING
  YESTERDAY       17                        15      2       11
  MONTH TO DATE  256                       362   -106      374
  SINCE JUN 1    554                       654   -100      688
  SINCE JAN 1    746                       787    -41      811
..................................................................


WIND (MPH)
  HIGHEST WIND SPEED    24   HIGHEST WIND DIRECTION    SW (210)
  HIGHEST GUST SPEED    32   HIGHEST GUST DIRECTION     S (180)
  AVERAGE WIND SPEED    15.2


SKY COVER
  POSSIBLE SUNSHINE  MM
  AVERAGE SKY COVER 0.0


WEATHER CONDITIONS
 THE FOLLOWING WEATHER WAS RECORDED YESTERDAY.
  NO SIGNIFICANT WEATHER WAS OBSERVED.


RELATIVE HUMIDITY (PERCENT)
 HIGHEST    93           400 AM
 LOWEST     49           200 PM
 AVERAGE    71

..........................................................


THE CHANUTE KS CLIMATE NORMALS FOR TODAY
                         NORMAL    RECORD    YEAR
 MAXIMUM TEMPERATURE (F)   90       105      1952
 MINIMUM TEMPERATURE (F)   69        55      2004


SUNRISE AND SUNSET
JULY 26 2014..........SUNRISE   621 AM CDT   SUNSET   836 PM CDT
JULY 27 2014..........SUNRISE   622 AM CDT   SUNSET   835 PM CDT


-  INDICATES NEGATIVE NUMBERS.
R  INDICATES RECORD WAS SET OR TIED.
MM INDICATES DATA IS MISSING.
T  INDICATES TRACE AMOUNT.




$$
