000
CDUS43 KICT 280644
CLICNU


CLIMATE REPORT
NATIONAL WEATHER SERVICE WICHITA KS
143 AM CDT TUE JUL 28 2015


...................................

...THE CHANUTE KS CLIMATE SUMMARY FOR JULY 27 2015...

CLIMATE NORMAL PERIOD 1981 TO 2010
CLIMATE RECORD PERIOD 1894 TO 2015


WEATHER ITEM   OBSERVED TIME   RECORD YEAR NORMAL DEPARTURE LAST
                VALUE   (LST)  VALUE       VALUE  FROM      YEAR
                                                  NORMAL
..................................................................
TEMPERATURE (F)
 YESTERDAY
  MAXIMUM         95    301 PM 107    1936  91      4       90
  MINIMUM         73    330 AM  51    2004  69      4       68
  AVERAGE         84                        80      4       79

PRECIPITATION (IN)
  YESTERDAY        0.00          1.20 1958   0.11  -0.11     0.00
  MONTH TO DATE    4.80                      3.90   0.90     1.52
  SINCE JUN 1      7.17                      9.93  -2.76     9.57
  SINCE JAN 1     25.14                     26.33  -1.19    19.03

DEGREE DAYS
 HEATING
  YESTERDAY        0                         0      0        0
  MONTH TO DATE    0                         0      0        1
  SINCE JUN 1      0                         6     -6        1
  SINCE JUL 1      0                         0      0        1

 COOLING
  YESTERDAY       19                        15      4       14
  MONTH TO DATE  421                       392     29      291
  SINCE JUN 1    812                       684    128      589
  SINCE JAN 1    921                       817    104      781
..................................................................


WIND (MPH)
  HIGHEST WIND SPEED    17   HIGHEST WIND DIRECTION    SW (220)
  HIGHEST GUST SPEED    25   HIGHEST GUST DIRECTION    SW (220)
  AVERAGE WIND SPEED     8.9


SKY COVER
  POSSIBLE SUNSHINE  MM
  AVERAGE SKY COVER 0.0


WEATHER CONDITIONS
 THE FOLLOWING WEATHER WAS RECORDED YESTERDAY.
  FOG


RELATIVE HUMIDITY (PERCENT)
 HIGHEST    94           500 AM
 LOWEST     49           100 PM
 AVERAGE    72

..........................................................


THE CHANUTE KS CLIMATE NORMALS FOR TODAY
                         NORMAL    RECORD    YEAR
 MAXIMUM TEMPERATURE (F)   91       107      1930
 MINIMUM TEMPERATURE (F)   69        54      2005


SUNRISE AND SUNSET
JULY 28 2015..........SUNRISE   622 AM CDT   SUNSET   834 PM CDT
JULY 29 2015..........SUNRISE   623 AM CDT   SUNSET   833 PM CDT


-  INDICATES NEGATIVE NUMBERS.
R  INDICATES RECORD WAS SET OR TIED.
MM INDICATES DATA IS MISSING.
T  INDICATES TRACE AMOUNT.




$$
