000
CDUS43 KICT 180629
CLICNU


CLIMATE REPORT
NATIONAL WEATHER SERVICE WICHITA KS
128 AM CDT MON MAY 18 2015


...................................

...THE CHANUTE KS CLIMATE SUMMARY FOR MAY 17 2015...

CLIMATE NORMAL PERIOD 1981 TO 2010
CLIMATE RECORD PERIOD 1894 TO 2015


WEATHER ITEM   OBSERVED TIME   RECORD YEAR NORMAL DEPARTURE LAST
                VALUE   (LST)  VALUE       VALUE  FROM      YEAR
                                                  NORMAL
..................................................................
TEMPERATURE (F)
 YESTERDAY
  MAXIMUM         80    437 PM  91    1911  76      4       66
  MINIMUM         62   1258 AM  39    1945  56      6       43
  AVERAGE         71                        66      5       55

PRECIPITATION (IN)
  YESTERDAY        0.05          4.25 1943   0.19  -0.14     0.00
  MONTH TO DATE    5.68                      2.89   2.79     1.18
  SINCE MAR 1     10.76                     10.33   0.43     4.15
  SINCE JAN 1     12.07                     13.49  -1.42     5.12

DEGREE DAYS
 HEATING
  YESTERDAY        0                         2     -2       10
  MONTH TO DATE   35                        57    -22       91
  SINCE MAR 1    717                       887   -170     1064
  SINCE JUL 1   4407                      4459    -52     5084

 COOLING
  YESTERDAY        6                         3      3        0
  MONTH TO DATE   62                        38     24       65
  SINCE MAR 1     84                        69     15       81
  SINCE JAN 1     84                        69     15       81
..................................................................


WIND (MPH)
  HIGHEST WIND SPEED    28   HIGHEST WIND DIRECTION     S (190)
  HIGHEST GUST SPEED    34   HIGHEST GUST DIRECTION     S (190)
  AVERAGE WIND SPEED    13.2


SKY COVER
  POSSIBLE SUNSHINE  MM
  AVERAGE SKY COVER 0.3


WEATHER CONDITIONS
 THE FOLLOWING WEATHER WAS RECORDED YESTERDAY.
  THUNDERSTORM
  RAIN
  LIGHT RAIN
  FOG


RELATIVE HUMIDITY (PERCENT)
 HIGHEST    93           200 AM
 LOWEST     54           400 PM
 AVERAGE    74

..........................................................


THE CHANUTE KS CLIMATE NORMALS FOR TODAY
                         NORMAL    RECORD    YEAR
 MAXIMUM TEMPERATURE (F)   76        91      1956
 MINIMUM TEMPERATURE (F)   56        40      2002


SUNRISE AND SUNSET
MAY 18 2015...........SUNRISE   610 AM CDT   SUNSET   827 PM CDT
MAY 19 2015...........SUNRISE   609 AM CDT   SUNSET   828 PM CDT


-  INDICATES NEGATIVE NUMBERS.
R  INDICATES RECORD WAS SET OR TIED.
MM INDICATES DATA IS MISSING.
T  INDICATES TRACE AMOUNT.




$$
