000
CDUS43 KICT 230632
CLICNU

CLIMATE REPORT
NATIONAL WEATHER SERVICE WICHITA KS
130 AM CDT MON MAR 23 2015

...................................

...THE CHANUTE KS CLIMATE SUMMARY FOR MARCH 22 2015...

CLIMATE NORMAL PERIOD 1981 TO 2010
CLIMATE RECORD PERIOD 1894 TO 2015


WEATHER ITEM   OBSERVED TIME   RECORD YEAR NORMAL DEPARTURE LAST
                VALUE   (LST)  VALUE       VALUE  FROM      YEAR
                                                  NORMAL
..................................................................
TEMPERATURE (F)
 YESTERDAY
  MAXIMUM         72    359 PM  90    1910  60     12       54
  MINIMUM         40    619 AM   7    1955  38      2       35
  AVERAGE         56                        49      7       45

PRECIPITATION (IN)
  YESTERDAY        0.00          2.09 1937   0.10  -0.10     0.00
  MONTH TO DATE    0.15                      2.07  -1.92     0.74
  SINCE MAR 1      0.15                      2.07  -1.92     0.74
  SINCE JAN 1      1.46                      5.23  -3.77     1.71

DEGREE DAYS
 HEATING
  YESTERDAY        9                        16     -7       20
  MONTH TO DATE  398                       428    -30      514
  SINCE MAR 1    398                       428    -30      514
  SINCE JUL 1   4088                      4000     88     4534

 COOLING
  YESTERDAY        0                         0      0        0
  MONTH TO DATE    0                         0      0        0
  SINCE MAR 1      0                         0      0        0
  SINCE JAN 1      0                         0      0        0
..................................................................


WIND (MPH)
  HIGHEST WIND SPEED    13   HIGHEST WIND DIRECTION     S (180)
  HIGHEST GUST SPEED    22   HIGHEST GUST DIRECTION     S (200)
  AVERAGE WIND SPEED     6.2


SKY COVER
  POSSIBLE SUNSHINE  MM
  AVERAGE SKY COVER 0.1


WEATHER CONDITIONS
 THE FOLLOWING WEATHER WAS RECORDED YESTERDAY.
  HAZE


RELATIVE HUMIDITY (PERCENT)
 HIGHEST    89           500 AM
 LOWEST     29           200 PM
 AVERAGE    59

..........................................................


THE CHANUTE KS CLIMATE NORMALS FOR TODAY
                         NORMAL    RECORD    YEAR
 MAXIMUM TEMPERATURE (F)   61        94      1910
 MINIMUM TEMPERATURE (F)   38        13      1974


SUNRISE AND SUNSET
MARCH 23 2015.........SUNRISE   721 AM CDT   SUNSET   736 PM CDT
MARCH 24 2015.........SUNRISE   720 AM CDT   SUNSET   737 PM CDT


-  INDICATES NEGATIVE NUMBERS.
R  INDICATES RECORD WAS SET OR TIED.
MM INDICATES DATA IS MISSING.
T  INDICATES TRACE AMOUNT.

$$
