000
CDUS43 KICT 080652
CLICNU


CLIMATE REPORT
NATIONAL WEATHER SERVICE WICHITA KS
1252 AM CST THU FEB 8 2018


...................................

...THE CHANUTE KS CLIMATE SUMMARY FOR FEBRUARY 7 2018...

CLIMATE NORMAL PERIOD 1981 TO 2010
CLIMATE RECORD PERIOD 1894 TO 2018


WEATHER ITEM   OBSERVED TIME   RECORD YEAR NORMAL DEPARTURE LAST
                VALUE   (LST)  VALUE       VALUE  FROM      YEAR
                                                  NORMAL
..................................................................
TEMPERATURE (F)
 YESTERDAY
  MAXIMUM         38    443 PM  72    2009  46     -8       65
                                      1926
  MINIMUM         12    735 AM  -6    1933  25    -13       35
  AVERAGE         25                        35    -10       50

PRECIPITATION (IN)
  YESTERDAY        0.00          1.40 1900   0.06  -0.06     0.00
  MONTH TO DATE    0.01                      0.36  -0.35     0.00
  SINCE DEC 1      0.86                      3.37  -2.51     2.62
  SINCE JAN 1      0.62                      1.62  -1.00     1.84

DEGREE DAYS
 HEATING
  YESTERDAY       40                        30     10       15
  MONTH TO DATE  271                       214     57      176
  SINCE DEC 1   2111                      2161    -50     1960
  SINCE JUL 1   2812                      3013   -201     2438

 COOLING
  YESTERDAY        0                         0      0        0
  MONTH TO DATE    0                         0      0        0
  SINCE DEC 1      0                         0      0        0
  SINCE JAN 1      0                         0      0        0
..................................................................


WIND (MPH)
  HIGHEST WIND SPEED    13   HIGHEST WIND DIRECTION     N (350)
  HIGHEST GUST SPEED    16   HIGHEST GUST DIRECTION     N (350)
  AVERAGE WIND SPEED     5.8


SKY COVER
  POSSIBLE SUNSHINE  MM
  AVERAGE SKY COVER 0.1


WEATHER CONDITIONS
 THE FOLLOWING WEATHER WAS RECORDED YESTERDAY.
  NO SIGNIFICANT WEATHER WAS OBSERVED.


RELATIVE HUMIDITY (PERCENT)
 HIGHEST    84           600 AM
 LOWEST     40           400 PM
 AVERAGE    62

..........................................................


THE CHANUTE KS CLIMATE NORMALS FOR TODAY
                         NORMAL    RECORD    YEAR
 MAXIMUM TEMPERATURE (F)   46        73      2015
 MINIMUM TEMPERATURE (F)   25       -12      1933


SUNRISE AND SUNSET
FEBRUARY  8 2018......SUNRISE   719 AM CST   SUNSET   554 PM CST
FEBRUARY  9 2018......SUNRISE   718 AM CST   SUNSET   555 PM CST


-  INDICATES NEGATIVE NUMBERS.
R  INDICATES RECORD WAS SET OR TIED.
MM INDICATES DATA IS MISSING.
T  INDICATES TRACE AMOUNT.




$$
