000
CDUS43 KICT 160630
CLICNU


CLIMATE REPORT
NATIONAL WEATHER SERVICE WICHITA KS
127 AM CDT TUE MAY 16 2017


...................................

...THE CHANUTE KS CLIMATE SUMMARY FOR MAY 15 2017...

CLIMATE NORMAL PERIOD 1981 TO 2010
CLIMATE RECORD PERIOD 1894 TO 2017


WEATHER ITEM   OBSERVED TIME   RECORD YEAR NORMAL DEPARTURE LAST
                VALUE   (LST)  VALUE       VALUE  FROM      YEAR
                                                  NORMAL
..................................................................
TEMPERATURE (F)
 YESTERDAY
  MAXIMUM         86    202 PM  91    1963  76     10       65
  MINIMUM         64    504 AM  38    1959  56      8       42
  AVERAGE         75                        66      9       54

PRECIPITATION (IN)
  YESTERDAY        0.00          1.57 1925   0.18  -0.18      T
  MONTH TO DATE    5.03                      2.51   2.52     0.27
  SINCE MAR 1     18.07                      9.95   8.12     7.15
  SINCE JAN 1     20.22                     13.11   7.11     8.23

DEGREE DAYS
 HEATING
  YESTERDAY        0                         2     -2       11
  MONTH TO DATE   43                        53    -10       72
  SINCE MAR 1    662                       883   -221      635
  SINCE JUL 1   3430                      4455  -1025     3600

 COOLING
  YESTERDAY       10                         3      7        0
  MONTH TO DATE   41                        32      9       20
  SINCE MAR 1     96                        63     33       44
  SINCE JAN 1     99                        63     36       44
..................................................................


WIND (MPH)
  HIGHEST WIND SPEED    22   HIGHEST WIND DIRECTION     S (190)
  HIGHEST GUST SPEED    27   HIGHEST GUST DIRECTION     S (190)
  AVERAGE WIND SPEED    14.3


SKY COVER
  POSSIBLE SUNSHINE  MM
  AVERAGE SKY COVER 0.0


WEATHER CONDITIONS
 THE FOLLOWING WEATHER WAS RECORDED YESTERDAY.
  NO SIGNIFICANT WEATHER WAS OBSERVED.


RELATIVE HUMIDITY (PERCENT)
 HIGHEST    84           600 AM
 LOWEST     55          1100 AM
 AVERAGE    70

..........................................................


THE CHANUTE KS CLIMATE NORMALS FOR TODAY
                         NORMAL    RECORD    YEAR
 MAXIMUM TEMPERATURE (F)   76        94      1931
 MINIMUM TEMPERATURE (F)   56        35      2014


SUNRISE AND SUNSET
MAY 16 2017...........SUNRISE   611 AM CDT   SUNSET   826 PM CDT
MAY 17 2017...........SUNRISE   611 AM CDT   SUNSET   827 PM CDT


-  INDICATES NEGATIVE NUMBERS.
R  INDICATES RECORD WAS SET OR TIED.
MM INDICATES DATA IS MISSING.
T  INDICATES TRACE AMOUNT.




$$
