000
CDUS43 KICT 130638
CLICNU


CLIMATE REPORT
NATIONAL WEATHER SERVICE WICHITA KS
1238 AM CST SAT DEC 13 2014


...................................

...THE CHANUTE KS CLIMATE SUMMARY FOR DECEMBER 12 2014...

CLIMATE NORMAL PERIOD 1981 TO 2010
CLIMATE RECORD PERIOD 1894 TO 2014


WEATHER ITEM   OBSERVED TIME   RECORD YEAR NORMAL DEPARTURE LAST
                VALUE   (LST)  VALUE       VALUE  FROM      YEAR
                                                  NORMAL
..................................................................
TEMPERATURE (F)
 YESTERDAY
  MAXIMUM         52    450 PM  67    1925  44      8       46
  MINIMUM         43    728 PM  -6    1932  26     17       10
  AVERAGE         48                        35     13       28

PRECIPITATION (IN)
  YESTERDAY        0.00          1.16 1923   0.05  -0.05     0.00
  MONTH TO DATE    1.31                      0.75   0.56      T
  SINCE DEC 1      1.31                      0.75   0.56      T
  SINCE JAN 1     30.82                     41.07 -10.25    47.59

DEGREE DAYS
 HEATING
  YESTERDAY       17                        30    -13       37
  MONTH TO DATE  305                       338    -33      439
  SINCE DEC 1    305                       338    -33      439
  SINCE JUL 1   1247                      1190     57     1359

 COOLING
  YESTERDAY        0                         0      0        0
  MONTH TO DATE    0                         0      0        0
  SINCE DEC 1      0                         0      0        0
  SINCE JAN 1   1512                      1532    -20     1560
..................................................................


WIND (MPH)
  HIGHEST WIND SPEED    13   HIGHEST WIND DIRECTION     S (160)
  HIGHEST GUST SPEED    16   HIGHEST GUST DIRECTION     S (160)
  AVERAGE WIND SPEED     5.8


SKY COVER
  POSSIBLE SUNSHINE  MM
  AVERAGE SKY COVER 0.9


WEATHER CONDITIONS
 THE FOLLOWING WEATHER WAS RECORDED YESTERDAY.
  FOG


RELATIVE HUMIDITY (PERCENT)
 HIGHEST   100           700 PM
 LOWEST     86          1000 AM
 AVERAGE    93

..........................................................


THE CHANUTE KS CLIMATE NORMALS FOR TODAY
                         NORMAL    RECORD    YEAR
 MAXIMUM TEMPERATURE (F)   44        73      1921
 MINIMUM TEMPERATURE (F)   25        -3      1917


SUNRISE AND SUNSET
DECEMBER 13 2014......SUNRISE   728 AM CST   SUNSET   504 PM CST
DECEMBER 14 2014......SUNRISE   729 AM CST   SUNSET   504 PM CST


-  INDICATES NEGATIVE NUMBERS.
R  INDICATES RECORD WAS SET OR TIED.
MM INDICATES DATA IS MISSING.
T  INDICATES TRACE AMOUNT.




$$
