000
CDUS43 KICT 170635
CLICNU


CLIMATE REPORT
NATIONAL WEATHER SERVICE WICHITA KS
135 AM CDT MON APR 17 2017


...................................

...THE CHANUTE KS CLIMATE SUMMARY FOR APRIL 16 2017...

CLIMATE NORMAL PERIOD 1981 TO 2010
CLIMATE RECORD PERIOD 1894 TO 2017


WEATHER ITEM   OBSERVED TIME   RECORD YEAR NORMAL DEPARTURE LAST
                VALUE   (LST)  VALUE       VALUE  FROM      YEAR
                                                  NORMAL
..................................................................
TEMPERATURE (F)
 YESTERDAY
  MAXIMUM         74    344 PM  88    2006  68      6       75
  MINIMUM         61    711 AM  24    1953  46     15       55
  AVERAGE         68                        57     11       65

PRECIPITATION (IN)
  YESTERDAY        1.53R         1.20 1978   0.15   1.38     0.00
  MONTH TO DATE    4.62                      2.13   2.49     1.18
  SINCE MAR 1      6.64                      5.17   1.47     2.59
  SINCE JAN 1      8.79                      8.33   0.46     3.67

DEGREE DAYS
 HEATING
  YESTERDAY        0                         9     -9        0
  MONTH TO DATE  101                       176    -75      132
  SINCE MAR 1    511                       735   -224      520
  SINCE JUL 1   3279                      4307  -1028     3485

 COOLING
  YESTERDAY        3                         1      2        0
  MONTH TO DATE   29                        12     17        9
  SINCE MAR 1     46                        16     30        9
  SINCE JAN 1     49                        16     33        9
..................................................................


WIND (MPH)
  HIGHEST WIND SPEED    24   HIGHEST WIND DIRECTION     S (190)
  HIGHEST GUST SPEED    31   HIGHEST GUST DIRECTION    SW (210)
  AVERAGE WIND SPEED     9.1


SKY COVER
  POSSIBLE SUNSHINE  MM
  AVERAGE SKY COVER 0.6


WEATHER CONDITIONS
 THE FOLLOWING WEATHER WAS RECORDED YESTERDAY.
  THUNDERSTORM
  HEAVY RAIN
  RAIN
  LIGHT RAIN
  FOG


RELATIVE HUMIDITY (PERCENT)
 HIGHEST    97           600 AM
 LOWEST     53           300 PM
 AVERAGE    75

..........................................................


THE CHANUTE KS CLIMATE NORMALS FOR TODAY
                         NORMAL    RECORD    YEAR
 MAXIMUM TEMPERATURE (F)   68        89      1913
 MINIMUM TEMPERATURE (F)   46        27      1921


SUNRISE AND SUNSET
APRIL 17 2017.........SUNRISE   644 AM CDT   SUNSET   800 PM CDT
APRIL 18 2017.........SUNRISE   642 AM CDT   SUNSET   801 PM CDT


-  INDICATES NEGATIVE NUMBERS.
R  INDICATES RECORD WAS SET OR TIED.
MM INDICATES DATA IS MISSING.
T  INDICATES TRACE AMOUNT.




$$
