000
CDUS43 KICT 150630
CLICNU


CLIMATE REPORT
NATIONAL WEATHER SERVICE WICHITA KS
130 AM CDT TUE JUL 15 2014


...................................

...THE CHANUTE KS CLIMATE SUMMARY FOR JULY 14 2014...

CLIMATE NORMAL PERIOD 1981 TO 2010
CLIMATE RECORD PERIOD 1894 TO 2014


WEATHER ITEM   OBSERVED TIME   RECORD YEAR NORMAL DEPARTURE LAST
                VALUE   (LST)  VALUE       VALUE  FROM      YEAR
                                                  NORMAL
..................................................................
TEMPERATURE (F)
 YESTERDAY
  MAXIMUM         89   1228 PM 115    1954  90     -1       91
  MINIMUM         62   1159 PM  51    1950  69     -7       68
  AVERAGE         76                        80     -4       80

PRECIPITATION (IN)
  YESTERDAY        0.07          6.51 1959   0.15  -0.08      T
  MONTH TO DATE    0.79                      2.16  -1.37      T
  SINCE JUN 1      8.84                      8.19   0.65     4.12
  SINCE JAN 1     18.30                     24.59  -6.29    22.68

DEGREE DAYS
 HEATING
  YESTERDAY        0                         0      0        0
  MONTH TO DATE    0                         0      0        0
  SINCE JUN 1      0                         6     -6       10
  SINCE JUL 1      0                         0      0        0

 COOLING
  YESTERDAY       11                        15     -4       15
  MONTH TO DATE  158                       197    -39      198
  SINCE JUN 1    456                       489    -33      512
  SINCE JAN 1    648                       622     26      635
..................................................................


WIND (MPH)
  HIGHEST WIND SPEED    21   HIGHEST WIND DIRECTION     N (10)
  HIGHEST GUST SPEED    29   HIGHEST GUST DIRECTION     N (20)
  AVERAGE WIND SPEED     5.6


SKY COVER
  POSSIBLE SUNSHINE  MM
  AVERAGE SKY COVER 0.1


WEATHER CONDITIONS
 THE FOLLOWING WEATHER WAS RECORDED YESTERDAY.
  RAIN
  LIGHT RAIN
  FOG


RELATIVE HUMIDITY (PERCENT)
 HIGHEST    93          1200 AM
 LOWEST     51           200 PM
 AVERAGE    72

..........................................................


THE CHANUTE KS CLIMATE NORMALS FOR TODAY
                         NORMAL    RECORD    YEAR
 MAXIMUM TEMPERATURE (F)   90       115      1936
 MINIMUM TEMPERATURE (F)   69        52      1930


SUNRISE AND SUNSET
JULY 15 2014..........SUNRISE   612 AM CDT   SUNSET   843 PM CDT
JULY 16 2014..........SUNRISE   613 AM CDT   SUNSET   843 PM CDT


-  INDICATES NEGATIVE NUMBERS.
R  INDICATES RECORD WAS SET OR TIED.
MM INDICATES DATA IS MISSING.
T  INDICATES TRACE AMOUNT.




$$
