000
CDUS43 KICT 170631
CLICNU


CLIMATE REPORT
NATIONAL WEATHER SERVICE WICHITA KS
1230 AM CST SAT JAN 17 2015


...................................

...THE CHANUTE KS CLIMATE SUMMARY FOR JANUARY 16 2015...

CLIMATE NORMAL PERIOD 1981 TO 2010
CLIMATE RECORD PERIOD 1894 TO 2015


WEATHER ITEM   OBSERVED TIME   RECORD YEAR NORMAL DEPARTURE LAST
                VALUE   (LST)  VALUE       VALUE  FROM      YEAR
                                                  NORMAL
..................................................................
TEMPERATURE (F)
 YESTERDAY
  MAXIMUM         61    354 PM  72    1935  42     19       52
  MINIMUM         24    348 AM  -6    1930  23      1       29
  AVERAGE         43                        32     11       41

PRECIPITATION (IN)
  YESTERDAY        0.00          0.81 1915   0.04  -0.04     0.00
  MONTH TO DATE    0.20                      0.62  -0.42     0.11
  SINCE DEC 1      2.57                      2.37   0.20     0.27
  SINCE JAN 1      0.20                      0.62  -0.42     0.11

DEGREE DAYS
 HEATING
  YESTERDAY       22                        33    -11       24
  MONTH TO DATE  619                       528     91      560
  SINCE DEC 1   1454                      1469    -15     1593
  SINCE JUL 1   2396                      2321     75     2513

 COOLING
  YESTERDAY        0                         0      0        0
  MONTH TO DATE    0                         0      0        0
  SINCE DEC 1      0                         0      0        0
  SINCE JAN 1      0                         0      0        0
..................................................................


WIND (MPH)
  HIGHEST WIND SPEED    21   HIGHEST WIND DIRECTION     S (190)
  HIGHEST GUST SPEED    25   HIGHEST GUST DIRECTION     S (200)
  AVERAGE WIND SPEED    10.3


SKY COVER
  POSSIBLE SUNSHINE  MM
  AVERAGE SKY COVER 0.0


WEATHER CONDITIONS
 THE FOLLOWING WEATHER WAS RECORDED YESTERDAY.
  NO SIGNIFICANT WEATHER WAS OBSERVED.


RELATIVE HUMIDITY (PERCENT)
 HIGHEST    85           600 AM
 LOWEST     25           400 PM
 AVERAGE    55

..........................................................


THE CHANUTE KS CLIMATE NORMALS FOR TODAY
                         NORMAL    RECORD    YEAR
 MAXIMUM TEMPERATURE (F)   42        69      1913
 MINIMUM TEMPERATURE (F)   23       -10      1930


SUNRISE AND SUNSET
JANUARY 17 2015.......SUNRISE   735 AM CST   SUNSET   529 PM CST
JANUARY 18 2015.......SUNRISE   735 AM CST   SUNSET   530 PM CST


-  INDICATES NEGATIVE NUMBERS.
R  INDICATES RECORD WAS SET OR TIED.
MM INDICATES DATA IS MISSING.
T  INDICATES TRACE AMOUNT.




$$
