000
CDUS43 KICT 120630
CLICNU


CLIMATE REPORT
NATIONAL WEATHER SERVICE WICHITA KS
1230 AM CST THU JAN 12 2017


...................................

...THE CHANUTE KS CLIMATE SUMMARY FOR JANUARY 11 2017...

CLIMATE NORMAL PERIOD 1981 TO 2010
CLIMATE RECORD PERIOD 1894 TO 2017


WEATHER ITEM   OBSERVED TIME   RECORD YEAR NORMAL DEPARTURE LAST
                VALUE   (LST)  VALUE       VALUE  FROM      YEAR
                                                  NORMAL
..................................................................
TEMPERATURE (F)
 YESTERDAY
  MAXIMUM         73R   330 PM  69    1898  42     31       46
  MINIMUM         29   1159 PM -12    1918  23      6       21
  AVERAGE         51                        32     19       34

PRECIPITATION (IN)
  YESTERDAY        0.00          0.25 1946   0.03  -0.03     0.00
  MONTH TO DATE    0.01                      0.43  -0.42     0.68
  SINCE DEC 1      0.79                      2.18  -1.39     4.23
  SINCE JAN 1      0.01                      0.43  -0.42     0.68

DEGREE DAYS
 HEATING
  YESTERDAY       14                        33    -19       31
  MONTH TO DATE  347                       363    -16      363
  SINCE DEC 1   1289                      1304    -15     1075
  SINCE JUL 1   1767                      2156   -389     1718

 COOLING
  YESTERDAY        0                         0      0        0
  MONTH TO DATE    0                         0      0        0
  SINCE DEC 1      0                         0      0        0
  SINCE JAN 1      0                         0      0        0
..................................................................


WIND (MPH)
  HIGHEST WIND SPEED    33   HIGHEST WIND DIRECTION     S (200)
  HIGHEST GUST SPEED    43   HIGHEST GUST DIRECTION     S (200)
  AVERAGE WIND SPEED    15.0


SKY COVER
  POSSIBLE SUNSHINE  MM
  AVERAGE SKY COVER 0.0


WEATHER CONDITIONS
 THE FOLLOWING WEATHER WAS RECORDED YESTERDAY.
  NO SIGNIFICANT WEATHER WAS OBSERVED.


RELATIVE HUMIDITY (PERCENT)
 HIGHEST    78          1100 PM
 LOWEST     22           400 PM
 AVERAGE    50

..........................................................


THE CHANUTE KS CLIMATE NORMALS FOR TODAY
                         NORMAL    RECORD    YEAR
 MAXIMUM TEMPERATURE (F)   42        70      1960
 MINIMUM TEMPERATURE (F)   23       -19      1918


SUNRISE AND SUNSET
JANUARY 12 2017.......SUNRISE   737 AM CST   SUNSET   524 PM CST
JANUARY 13 2017.......SUNRISE   736 AM CST   SUNSET   525 PM CST


-  INDICATES NEGATIVE NUMBERS.
R  INDICATES RECORD WAS SET OR TIED.
MM INDICATES DATA IS MISSING.
T  INDICATES TRACE AMOUNT.




$$
