528
CDUS43 KICT 170653
CLICNU


CLIMATE REPORT
NATIONAL WEATHER SERVICE WICHITA KS
1253 AM CST FRI NOV 17 2017


...................................

...THE CHANUTE KS CLIMATE SUMMARY FOR NOVEMBER 16 2017...

CLIMATE NORMAL PERIOD 1981 TO 2010
CLIMATE RECORD PERIOD 1894 TO 2017


WEATHER ITEM   OBSERVED TIME   RECORD YEAR NORMAL DEPARTURE LAST
                VALUE   (LST)  VALUE       VALUE  FROM      YEAR
                                                  NORMAL
..................................................................
TEMPERATURE (F)
 YESTERDAY
  MAXIMUM         61    353 PM  81    1921  57      4       80
  MINIMUM         32    447 AM   1    1932  36     -4       40
  AVERAGE         47                        46      1       60

PRECIPITATION (IN)
  YESTERDAY        0.00          2.04 1964   0.08  -0.08     0.00
  MONTH TO DATE    0.40                      1.42  -1.02     0.30
  SINCE SEP 1      9.02                      8.75   0.27    10.72
  SINCE JAN 1     45.66                     39.24   6.42    35.95

DEGREE DAYS
 HEATING
  YESTERDAY       18                        19     -1        5
  MONTH TO DATE  274                       246     28      141
  SINCE SEP 1    502                       533    -31      239
  SINCE JUL 1    502                       534    -32      239

 COOLING
  YESTERDAY        0                         0      0        0
  MONTH TO DATE    0                         0      0       15
  SINCE SEP 1    309                       225     84      360
  SINCE JAN 1   1616                      1529     87     1841
..................................................................


WIND (MPH)
  HIGHEST WIND SPEED    16   HIGHEST WIND DIRECTION     S (170)
  HIGHEST GUST SPEED    20   HIGHEST GUST DIRECTION     S (170)
  AVERAGE WIND SPEED     8.4


SKY COVER
  POSSIBLE SUNSHINE  MM
  AVERAGE SKY COVER 0.3


WEATHER CONDITIONS
 THE FOLLOWING WEATHER WAS RECORDED YESTERDAY.
  NO SIGNIFICANT WEATHER WAS OBSERVED.


RELATIVE HUMIDITY (PERCENT)
 HIGHEST    92           200 AM
 LOWEST     35           200 PM
 AVERAGE    64

..........................................................


THE CHANUTE KS CLIMATE NORMALS FOR TODAY
                         NORMAL    RECORD    YEAR
 MAXIMUM TEMPERATURE (F)   56        78      2016
 MINIMUM TEMPERATURE (F)   35         4      1959


SUNRISE AND SUNSET
NOVEMBER 17 2017......SUNRISE   704 AM CST   SUNSET   509 PM CST
NOVEMBER 18 2017......SUNRISE   705 AM CST   SUNSET   509 PM CST


-  INDICATES NEGATIVE NUMBERS.
R  INDICATES RECORD WAS SET OR TIED.
MM INDICATES DATA IS MISSING.
T  INDICATES TRACE AMOUNT.




$$
