000
CDUS43 KICT 220656
CLICNU


CLIMATE REPORT
NATIONAL WEATHER SERVICE WICHITA KS
155 AM CDT WED JUL 22 2015


...................................

...THE CHANUTE KS CLIMATE SUMMARY FOR JULY 21 2015...

CLIMATE NORMAL PERIOD 1981 TO 2010
CLIMATE RECORD PERIOD 1894 TO 2015


WEATHER ITEM   OBSERVED TIME   RECORD YEAR NORMAL DEPARTURE LAST
                VALUE   (LST)  VALUE       VALUE  FROM      YEAR
                                                  NORMAL
..................................................................
TEMPERATURE (F)
 YESTERDAY
  MAXIMUM         83    331 PM 108    1939  90     -7       93
  MINIMUM         70    819 AM  49    1970  70      0       69
  AVERAGE         77                        80     -3       81

PRECIPITATION (IN)
  YESTERDAY        0.48          2.32 1990   0.13   0.35     0.00
  MONTH TO DATE    4.67                      3.15   1.52     0.86
  SINCE JUN 1      7.04                      9.18  -2.14     8.91
  SINCE JAN 1     25.01                     25.58  -0.57    18.37

DEGREE DAYS
 HEATING
  YESTERDAY        0                         0      0        0
  MONTH TO DATE    0                         0      0        1
  SINCE JUN 1      0                         6     -6        1
  SINCE JUL 1      0                         0      0        1

 COOLING
  YESTERDAY       12                        15     -3       16
  MONTH TO DATE  310                       302      8      193
  SINCE JUN 1    701                       594    107      491
  SINCE JAN 1    810                       727     83      683
..................................................................


WIND (MPH)
  HIGHEST WIND SPEED    14   HIGHEST WIND DIRECTION    SW (220)
  HIGHEST GUST SPEED    20   HIGHEST GUST DIRECTION    SW (220)
  AVERAGE WIND SPEED     6.1


SKY COVER
  POSSIBLE SUNSHINE  MM
  AVERAGE SKY COVER 0.4


WEATHER CONDITIONS
 THE FOLLOWING WEATHER WAS RECORDED YESTERDAY.
  THUNDERSTORM
  HEAVY RAIN
  RAIN
  LIGHT RAIN
  FOG


RELATIVE HUMIDITY (PERCENT)
 HIGHEST    93           900 AM
 LOWEST     62           500 PM
 AVERAGE    78

..........................................................


THE CHANUTE KS CLIMATE NORMALS FOR TODAY
                         NORMAL    RECORD    YEAR
 MAXIMUM TEMPERATURE (F)   90       109      1954
 MINIMUM TEMPERATURE (F)   70        51      1970


SUNRISE AND SUNSET
JULY 22 2015..........SUNRISE   617 AM CDT   SUNSET   839 PM CDT
JULY 23 2015..........SUNRISE   618 AM CDT   SUNSET   838 PM CDT


-  INDICATES NEGATIVE NUMBERS.
R  INDICATES RECORD WAS SET OR TIED.
MM INDICATES DATA IS MISSING.
T  INDICATES TRACE AMOUNT.




$$
