000
CDUS43 KICT 150630
CLICNU


CLIMATE REPORT
NATIONAL WEATHER SERVICE WICHITA KS
130 AM CDT MON MAY 15 2017


...................................

...THE CHANUTE KS CLIMATE SUMMARY FOR MAY 14 2017...

CLIMATE NORMAL PERIOD 1981 TO 2010
CLIMATE RECORD PERIOD 1894 TO 2017


WEATHER ITEM   OBSERVED TIME   RECORD YEAR NORMAL DEPARTURE LAST
                VALUE   (LST)  VALUE       VALUE  FROM      YEAR
                                                  NORMAL
..................................................................
TEMPERATURE (F)
 YESTERDAY
  MAXIMUM         81    352 PM  91    1963  75      6       62
  MINIMUM         56    314 AM  39    2000  55      1       44
  AVERAGE         69                        65      4       53

PRECIPITATION (IN)
  YESTERDAY        0.00          1.34 1983   0.17  -0.17     0.00
  MONTH TO DATE    5.03                      2.33   2.70     0.27
  SINCE MAR 1     18.07                      9.77   8.30     7.15
  SINCE JAN 1     20.22                     12.93   7.29     8.23

DEGREE DAYS
 HEATING
  YESTERDAY        0                         3     -3       12
  MONTH TO DATE   43                        51     -8       61
  SINCE MAR 1    662                       881   -219      624
  SINCE JUL 1   3430                      4453  -1023     3589

 COOLING
  YESTERDAY        4                         3      1        0
  MONTH TO DATE   31                        29      2       20
  SINCE MAR 1     86                        60     26       44
  SINCE JAN 1     89                        60     29       44
..................................................................


WIND (MPH)
  HIGHEST WIND SPEED    23   HIGHEST WIND DIRECTION     S (180)
  HIGHEST GUST SPEED    30   HIGHEST GUST DIRECTION     S (170)
  AVERAGE WIND SPEED    13.9


SKY COVER
  POSSIBLE SUNSHINE  MM
  AVERAGE SKY COVER 0.0


WEATHER CONDITIONS
 THE FOLLOWING WEATHER WAS RECORDED YESTERDAY.
  NO SIGNIFICANT WEATHER WAS OBSERVED.


RELATIVE HUMIDITY (PERCENT)
 HIGHEST    86          1200 AM
 LOWEST     51           200 PM
 AVERAGE    69

..........................................................


THE CHANUTE KS CLIMATE NORMALS FOR TODAY
                         NORMAL    RECORD    YEAR
 MAXIMUM TEMPERATURE (F)   76        91      1963
 MINIMUM TEMPERATURE (F)   56        38      1959


SUNRISE AND SUNSET
MAY 15 2017...........SUNRISE   612 AM CDT   SUNSET   825 PM CDT
MAY 16 2017...........SUNRISE   611 AM CDT   SUNSET   826 PM CDT


-  INDICATES NEGATIVE NUMBERS.
R  INDICATES RECORD WAS SET OR TIED.
MM INDICATES DATA IS MISSING.
T  INDICATES TRACE AMOUNT.




$$
