000
CDUS43 KICT 220631
CLICNU


CLIMATE REPORT
NATIONAL WEATHER SERVICE WICHITA KS
1231 AM CST SAT NOV 22 2014


...................................

...THE CHANUTE KS CLIMATE SUMMARY FOR NOVEMBER 21 2014...

CLIMATE NORMAL PERIOD 1981 TO 2010
CLIMATE RECORD PERIOD 1894 TO 2014


WEATHER ITEM   OBSERVED TIME   RECORD YEAR NORMAL DEPARTURE LAST
                VALUE   (LST)  VALUE       VALUE  FROM      YEAR
                                                  NORMAL
..................................................................
TEMPERATURE (F)
 YESTERDAY
  MAXIMUM         54    752 PM  75    1966  54      0       53
  MINIMUM         30    520 AM  10    1937  33     -3       30
  AVERAGE         42                        44     -2       42

PRECIPITATION (IN)
  YESTERDAY        0.06          1.18 1898   0.08  -0.02     0.57
  MONTH TO DATE    1.27                      1.81  -0.54     1.83
  SINCE SEP 1      8.95                      9.14  -0.19    11.97
  SINCE JAN 1     29.43                     39.63 -10.20    47.59

DEGREE DAYS
 HEATING
  YESTERDAY       23                        21      2       23
  MONTH TO DATE  514                       347    167      341
  SINCE SEP 1    723                       634     89      628
  SINCE JUL 1    724                       635     89      628

 COOLING
  YESTERDAY        0                         0      0        0
  MONTH TO DATE    0                         0      0        0
  SINCE SEP 1    224                       225     -1      293
  SINCE JAN 1   1512                      1529    -17     1560
..................................................................


WIND (MPH)
  HIGHEST WIND SPEED    15   HIGHEST WIND DIRECTION     S (180)
  HIGHEST GUST SPEED    21   HIGHEST GUST DIRECTION     S (170)
  AVERAGE WIND SPEED     8.2


SKY COVER
  POSSIBLE SUNSHINE  MM
  AVERAGE SKY COVER 0.8


WEATHER CONDITIONS
 THE FOLLOWING WEATHER WAS RECORDED YESTERDAY.
  RAIN
  LIGHT RAIN
  FOG
  HAZE


RELATIVE HUMIDITY (PERCENT)
 HIGHEST   100          1000 PM
 LOWEST     61          1200 AM
 AVERAGE    81

..........................................................


THE CHANUTE KS CLIMATE NORMALS FOR TODAY
                         NORMAL    RECORD    YEAR
 MAXIMUM TEMPERATURE (F)   53        79      1897
 MINIMUM TEMPERATURE (F)   33        10      1898


SUNRISE AND SUNSET
NOVEMBER 22 2014......SUNRISE   709 AM CST   SUNSET   507 PM CST
NOVEMBER 23 2014......SUNRISE   710 AM CST   SUNSET   506 PM CST


-  INDICATES NEGATIVE NUMBERS.
R  INDICATES RECORD WAS SET OR TIED.
MM INDICATES DATA IS MISSING.
T  INDICATES TRACE AMOUNT.




$$
