000
CDUS43 KICT 150734
CLICNU

CLIMATE REPORT
NATIONAL WEATHER SERVICE WICHITA KS
133 AM CST WED NOV 15 2017

...................................

...THE CHANUTE KS CLIMATE SUMMARY FOR NOVEMBER 14 2017...

CLIMATE NORMAL PERIOD 1981 TO 2010
CLIMATE RECORD PERIOD 1894 TO 2017


WEATHER ITEM   OBSERVED TIME   RECORD YEAR NORMAL DEPARTURE LAST
                VALUE   (LST)  VALUE       VALUE  FROM      YEAR
                                                  NORMAL
..................................................................
TEMPERATURE (F)
 YESTERDAY
  MAXIMUM         58    837 PM  80    1899  58      0       70
  MINIMUM         53    803 AM  10    1959  37     16       41
  AVERAGE         56                        47      9       56

PRECIPITATION (IN)
  YESTERDAY        0.03          1.73 1985   0.09  -0.06     0.00
  MONTH TO DATE    0.07                      1.26  -1.19     0.30
  SINCE SEP 1      8.69                      8.59   0.10    10.72
  SINCE JAN 1     45.33                     39.08   6.25    35.95

DEGREE DAYS
 HEATING
  YESTERDAY        9                        18     -9        9
  MONTH TO DATE  240                       209     31      126
  SINCE SEP 1    468                       496    -28      224
  SINCE JUL 1    468                       497    -29      224

 COOLING
  YESTERDAY        0                         0      0        0
  MONTH TO DATE    0                         0      0       15
  SINCE SEP 1    309                       225     84      360
  SINCE JAN 1   1616                      1529     87     1841
..................................................................


WIND (MPH)
  HIGHEST WIND SPEED    18   HIGHEST WIND DIRECTION     S (180)
  HIGHEST GUST SPEED    40   HIGHEST GUST DIRECTION     S (200)
  AVERAGE WIND SPEED    11.9


SKY COVER
  AVERAGE SKY COVER 0.9


WEATHER CONDITIONS
 THE FOLLOWING WEATHER WAS RECORDED YESTERDAY.
  LIGHT RAIN
  FOG


RELATIVE HUMIDITY (PERCENT)
 HIGHEST   100           600 AM
 LOWEST     86           700 PM
 AVERAGE    93

..........................................................


THE CHANUTE KS CLIMATE NORMALS FOR TODAY
                         NORMAL    RECORD    YEAR
 MAXIMUM TEMPERATURE (F)   57        81      1899
 MINIMUM TEMPERATURE (F)   36         6      1940


SUNRISE AND SUNSET
NOVEMBER 15 2017......SUNRISE   702 AM CST   SUNSET   511 PM CST
NOVEMBER 16 2017......SUNRISE   703 AM CST   SUNSET   510 PM CST


-  INDICATES NEGATIVE NUMBERS.
R  INDICATES RECORD WAS SET OR TIED.
MM INDICATES DATA IS MISSING.
T  INDICATES TRACE AMOUNT.

$$
