000
CDUS43 KICT 150620
CLICNU


CLIMATE REPORT
NATIONAL WEATHER SERVICE WICHITA KS
120 AM CDT SUN MAY 15 2016


...................................

...THE CHANUTE KS CLIMATE SUMMARY FOR MAY 14 2016...

CLIMATE NORMAL PERIOD 1981 TO 2010
CLIMATE RECORD PERIOD 1894 TO 2016


WEATHER ITEM   OBSERVED TIME   RECORD YEAR NORMAL DEPARTURE LAST
                VALUE   (LST)  VALUE       VALUE  FROM      YEAR
                                                  NORMAL
..................................................................
TEMPERATURE (F)
 YESTERDAY
  MAXIMUM         62    427 PM  91    1963  75    -13       78
  MINIMUM         44   1159 PM  39    2000  55    -11       58
  AVERAGE         53                        65    -12       68

PRECIPITATION (IN)
  YESTERDAY        0.00          1.34 1983   0.17  -0.17     0.29
  MONTH TO DATE    0.27                      2.33  -2.06     3.92
  SINCE MAR 1      7.15                      9.77  -2.62     9.00
  SINCE JAN 1      8.23                     12.93  -4.70    10.31

DEGREE DAYS
 HEATING
  YESTERDAY       12                         3      9        0
  MONTH TO DATE   61                        51     10       35
  SINCE MAR 1    624                       881   -257      717
  SINCE JUL 1   3589                      4453   -864     4407

 COOLING
  YESTERDAY        0                         3     -3        3
  MONTH TO DATE   20                        29     -9       42
  SINCE MAR 1     44                        60    -16       64
  SINCE JAN 1     44                        60    -16       64
..................................................................


WIND (MPH)
  HIGHEST WIND SPEED    21   HIGHEST WIND DIRECTION     N (350)
  HIGHEST GUST SPEED    29   HIGHEST GUST DIRECTION     N (350)
  AVERAGE WIND SPEED     9.6


SKY COVER
  POSSIBLE SUNSHINE  MM
  AVERAGE SKY COVER 0.3


WEATHER CONDITIONS
 THE FOLLOWING WEATHER WAS RECORDED YESTERDAY.
  NO SIGNIFICANT WEATHER WAS OBSERVED.


RELATIVE HUMIDITY (PERCENT)
 HIGHEST    77           800 PM
 LOWEST     32           300 PM
 AVERAGE    55

..........................................................


THE CHANUTE KS CLIMATE NORMALS FOR TODAY
                         NORMAL    RECORD    YEAR
 MAXIMUM TEMPERATURE (F)   76        91      1963
 MINIMUM TEMPERATURE (F)   56        38      1959


SUNRISE AND SUNSET
MAY 15 2016...........SUNRISE   612 AM CDT   SUNSET   825 PM CDT
MAY 16 2016...........SUNRISE   611 AM CDT   SUNSET   826 PM CDT


-  INDICATES NEGATIVE NUMBERS.
R  INDICATES RECORD WAS SET OR TIED.
MM INDICATES DATA IS MISSING.
T  INDICATES TRACE AMOUNT.




$$
