000
CDUS43 KICT 140622
CLICNU


CLIMATE REPORT
NATIONAL WEATHER SERVICE WICHITA KS
122 AM CDT TUE OCT 14 2014


...................................

...THE CHANUTE KS CLIMATE SUMMARY FOR OCTOBER 13 2014...

CLIMATE NORMAL PERIOD 1981 TO 2010
CLIMATE RECORD PERIOD 1894 TO 2014


WEATHER ITEM   OBSERVED TIME   RECORD YEAR NORMAL DEPARTURE LAST
                VALUE   (LST)  VALUE       VALUE  FROM      YEAR
                                                  NORMAL
..................................................................
TEMPERATURE (F)
 YESTERDAY
  MAXIMUM         58    713 AM  87    1963  70    -12       72
  MINIMUM         53    747 PM  26    1917  48      5       50
  AVERAGE         56                        59     -3       61

PRECIPITATION (IN)
  YESTERDAY        2.61R         1.61 1981   0.13   2.48     0.00
  MONTH TO DATE    4.48                      1.78   2.70     1.55
  SINCE SEP 1      7.58                      5.45   2.13     4.57
  SINCE JAN 1     28.06                     35.94  -7.88    40.19

DEGREE DAYS
 HEATING
  YESTERDAY        9                         7      2        4
  MONTH TO DATE   68                        72     -4       41
  SINCE SEP 1     98                       118    -20       57
  SINCE JUL 1     99                       119    -20       57

 COOLING
  YESTERDAY        0                         1     -1        0
  MONTH TO DATE   22                        21      1       37
  SINCE SEP 1    208                       214     -6      291
  SINCE JAN 1   1496                      1518    -22     1558
..................................................................


WIND (MPH)
  HIGHEST WIND SPEED    25   HIGHEST WIND DIRECTION    NW (320)
  HIGHEST GUST SPEED    34   HIGHEST GUST DIRECTION    NW (330)
  AVERAGE WIND SPEED    15.9


SKY COVER
  POSSIBLE SUNSHINE  MM
  AVERAGE SKY COVER 1.0


WEATHER CONDITIONS
 THE FOLLOWING WEATHER WAS RECORDED YESTERDAY.
  THUNDERSTORM
  HEAVY RAIN
  RAIN
  LIGHT RAIN
  FOG


RELATIVE HUMIDITY (PERCENT)
 HIGHEST   100           500 AM
 LOWEST     66          1100 PM
 AVERAGE    83

..........................................................


THE CHANUTE KS CLIMATE NORMALS FOR TODAY
                         NORMAL    RECORD    YEAR
 MAXIMUM TEMPERATURE (F)   70        91      1938
 MINIMUM TEMPERATURE (F)   48        31      1901


SUNRISE AND SUNSET
OCTOBER 14 2014.......SUNRISE   729 AM CDT   SUNSET   646 PM CDT
OCTOBER 15 2014.......SUNRISE   730 AM CDT   SUNSET   645 PM CDT


-  INDICATES NEGATIVE NUMBERS.
R  INDICATES RECORD WAS SET OR TIED.
MM INDICATES DATA IS MISSING.
T  INDICATES TRACE AMOUNT.




$$
