000
CDUS43 KICT 250634
CLICNU


CLIMATE REPORT
NATIONAL WEATHER SERVICE WICHITA KS
133 AM CDT SAT MAR 25 2017


...................................

...THE CHANUTE KS CLIMATE SUMMARY FOR MARCH 24 2017...

CLIMATE NORMAL PERIOD 1981 TO 2010
CLIMATE RECORD PERIOD 1894 TO 2017


WEATHER ITEM   OBSERVED TIME   RECORD YEAR NORMAL DEPARTURE LAST
                VALUE   (LST)  VALUE       VALUE  FROM      YEAR
                                                  NORMAL
..................................................................
TEMPERATURE (F)
 YESTERDAY
  MAXIMUM         70   1034 AM  92    1910  61      9       55
  MINIMUM         53   1159 PM   9    1974  39     14       28
  AVERAGE         62                        50     12       42

PRECIPITATION (IN)
  YESTERDAY        0.10          1.60 1912   0.11  -0.01     0.00
  MONTH TO DATE    0.36                      2.28  -1.92     0.60
  SINCE MAR 1      0.36                      2.28  -1.92     0.60
  SINCE JAN 1      2.51                      5.44  -2.93     1.68

DEGREE DAYS
 HEATING
  YESTERDAY        3                        15    -12       23
  MONTH TO DATE  331                       459   -128      303
  SINCE MAR 1    331                       459   -128      303
  SINCE JUL 1   3099                      4031   -932     3268

 COOLING
  YESTERDAY        0                         0      0        0
  MONTH TO DATE   17                         0     17        0
  SINCE MAR 1     17                         0     17        0
  SINCE JAN 1     20                         0     20        0
..................................................................


WIND (MPH)
  HIGHEST WIND SPEED    33   HIGHEST WIND DIRECTION     S (180)
  HIGHEST GUST SPEED    42   HIGHEST GUST DIRECTION     S (180)
  AVERAGE WIND SPEED    17.3


SKY COVER
  POSSIBLE SUNSHINE  MM
  AVERAGE SKY COVER 0.6


WEATHER CONDITIONS
 THE FOLLOWING WEATHER WAS RECORDED YESTERDAY.
  RAIN
  LIGHT RAIN
  FOG


RELATIVE HUMIDITY (PERCENT)
 HIGHEST    89          1100 PM
 LOWEST     33           500 AM
 AVERAGE    61

..........................................................


THE CHANUTE KS CLIMATE NORMALS FOR TODAY
                         NORMAL    RECORD    YEAR
 MAXIMUM TEMPERATURE (F)   61        88      1910
 MINIMUM TEMPERATURE (F)   39         8      1955


SUNRISE AND SUNSET
MARCH 25 2017.........SUNRISE   717 AM CDT   SUNSET   739 PM CDT
MARCH 26 2017.........SUNRISE   716 AM CDT   SUNSET   740 PM CDT


-  INDICATES NEGATIVE NUMBERS.
R  INDICATES RECORD WAS SET OR TIED.
MM INDICATES DATA IS MISSING.
T  INDICATES TRACE AMOUNT.




$$
