000
CDUS43 KICT 210622
CLICNU


CLIMATE REPORT
NATIONAL WEATHER SERVICE WICHITA KS
122 AM CDT SAT MAR 21 2015


...................................

...THE CHANUTE KS CLIMATE SUMMARY FOR MARCH 20 2015...

CLIMATE NORMAL PERIOD 1981 TO 2010
CLIMATE RECORD PERIOD 1894 TO 2015


WEATHER ITEM   OBSERVED TIME   RECORD YEAR NORMAL DEPARTURE LAST
                VALUE   (LST)  VALUE       VALUE  FROM      YEAR
                                                  NORMAL
..................................................................
TEMPERATURE (F)
 YESTERDAY
  MAXIMUM         66    309 PM  82    1953  60      6       72
  MINIMUM         31    646 AM  12    1965  37     -6       31
  AVERAGE         49                        48      1       52

PRECIPITATION (IN)
  YESTERDAY        0.00          2.18 1909   0.10  -0.10     0.00
  MONTH TO DATE    0.15                      1.88  -1.73     0.74
  SINCE MAR 1      0.15                      1.88  -1.73     0.74
  SINCE JAN 1      1.46                      5.04  -3.58     1.71

DEGREE DAYS
 HEATING
  YESTERDAY       16                        17     -1       13
  MONTH TO DATE  379                       396    -17      487
  SINCE MAR 1    379                       396    -17      487
  SINCE JUL 1   4069                      3968    101     4507

 COOLING
  YESTERDAY        0                         0      0        0
  MONTH TO DATE    0                         0      0        0
  SINCE MAR 1      0                         0      0        0
  SINCE JAN 1      0                         0      0        0
..................................................................


WIND (MPH)
  HIGHEST WIND SPEED    13   HIGHEST WIND DIRECTION     S (190)
  HIGHEST GUST SPEED    15   HIGHEST GUST DIRECTION    SW (230)
  AVERAGE WIND SPEED     5.6


SKY COVER
  POSSIBLE SUNSHINE  MM
  AVERAGE SKY COVER 0.2


WEATHER CONDITIONS
 THE FOLLOWING WEATHER WAS RECORDED YESTERDAY.
  FOG
  FOG W/VISIBILITY <= 1/4 MILE


RELATIVE HUMIDITY (PERCENT)
 HIGHEST   100          1200 AM
 LOWEST     40           300 PM
 AVERAGE    70

..........................................................


THE CHANUTE KS CLIMATE NORMALS FOR TODAY
                         NORMAL    RECORD    YEAR
 MAXIMUM TEMPERATURE (F)   60        95      1916
 MINIMUM TEMPERATURE (F)   38        10      1913


SUNRISE AND SUNSET
MARCH 21 2015.........SUNRISE   724 AM CDT   SUNSET   735 PM CDT
MARCH 22 2015.........SUNRISE   723 AM CDT   SUNSET   735 PM CDT


-  INDICATES NEGATIVE NUMBERS.
R  INDICATES RECORD WAS SET OR TIED.
MM INDICATES DATA IS MISSING.
T  INDICATES TRACE AMOUNT.




$$
