000
CDUS43 KICT 050641
CLICNU

CLIMATE REPORT
NATIONAL WEATHER SERVICE WICHITA KS
138 AM CDT THU OCT 5 2017

...................................

...THE CHANUTE KS CLIMATE SUMMARY FOR OCTOBER 4 2017...

CLIMATE NORMAL PERIOD 1981 TO 2010
CLIMATE RECORD PERIOD 1894 TO 2017


WEATHER ITEM   OBSERVED TIME   RECORD YEAR NORMAL DEPARTURE LAST
                VALUE   (LST)  VALUE       VALUE  FROM      YEAR
                                                  NORMAL
..................................................................
TEMPERATURE (F)
 YESTERDAY
  MAXIMUM         76   1153 AM  93    1963  73      3       82
  MINIMUM         70   1159 PM  35    1968  51     19       63
  AVERAGE         73                        62     11       73

PRECIPITATION (IN)
  YESTERDAY       MM             1.83 1959   0.14  MM        0.41
  MONTH TO DATE    0.00                      0.59  -0.59     0.41
  SINCE SEP 1      3.59                      4.26  -0.67     7.32
  SINCE JAN 1     40.23                     34.75   5.48    32.55

DEGREE DAYS
 HEATING
  YESTERDAY        0                         5     -5        0
  MONTH TO DATE    0                        18    -18        2
  SINCE SEP 1      7                        64    -57       13
  SINCE JUL 1      7                        65    -58       13

 COOLING
  YESTERDAY        8                         2      6        8
  MONTH TO DATE   35                         8     27       15
  SINCE SEP 1    265                       201     64      276
  SINCE JAN 1   1572                      1505     67     1757
..................................................................


WIND (MPH)
  HIGHEST WIND SPEED    13   HIGHEST WIND DIRECTION     S (170)
  HIGHEST GUST SPEED    16   HIGHEST GUST DIRECTION     S (180)
  AVERAGE WIND SPEED     7.5


SKY COVER
  AVERAGE SKY COVER 1.0


WEATHER CONDITIONS
 THE FOLLOWING WEATHER WAS RECORDED YESTERDAY.
  HEAVY RAIN
  RAIN
  LIGHT RAIN
  FOG


RELATIVE HUMIDITY (PERCENT)
 HIGHEST   100           300 AM
 LOWEST     87          1100 AM
 AVERAGE    94

..........................................................


THE CHANUTE KS CLIMATE NORMALS FOR TODAY
                         NORMAL    RECORD    YEAR
 MAXIMUM TEMPERATURE (F)   73        95      1963
 MINIMUM TEMPERATURE (F)   51        34      1932


SUNRISE AND SUNSET
OCTOBER  5 2017.......SUNRISE   721 AM CDT   SUNSET   659 PM CDT
OCTOBER  6 2017.......SUNRISE   722 AM CDT   SUNSET   657 PM CDT


-  INDICATES NEGATIVE NUMBERS.
R  INDICATES RECORD WAS SET OR TIED.
MM INDICATES DATA IS MISSING.
T  INDICATES TRACE AMOUNT.

$$
