000
CDUS43 KICT 140645
CLICNU


CLIMATE REPORT
NATIONAL WEATHER SERVICE WICHITA KS
144 AM CDT MON AUG 14 2017


...................................

...THE CHANUTE KS CLIMATE SUMMARY FOR AUGUST 13 2017...

CLIMATE NORMAL PERIOD 1981 TO 2010
CLIMATE RECORD PERIOD 1894 TO 2017


WEATHER ITEM   OBSERVED TIME   RECORD YEAR NORMAL DEPARTURE LAST
                VALUE   (LST)  VALUE       VALUE  FROM      YEAR
                                                  NORMAL
..................................................................
TEMPERATURE (F)
 YESTERDAY
  MAXIMUM         81    454 PM 109    1936  91    -10       88
  MINIMUM         65    612 AM  52    2004  69     -4       66
  AVERAGE         73                        80     -7       77

PRECIPITATION (IN)
  YESTERDAY        0.00          2.79 1975   0.13  -0.13     0.00
  MONTH TO DATE    9.18                      1.53   7.65     2.23
  SINCE JUN 1     13.41                     11.93   1.48     9.92
  SINCE JAN 1     34.49                     28.33   6.16    21.71

DEGREE DAYS
 HEATING
  YESTERDAY        0                         0      0        0
  MONTH TO DATE    0                         0      0        0
  SINCE JUN 1      0                         6     -6        0
  SINCE JUL 1      0                         0      0        0

 COOLING
  YESTERDAY        8                        15     -7       12
  MONTH TO DATE  127                       195    -68      221
  SINCE JUN 1    948                       936     12     1156
  SINCE JAN 1   1115                      1069     46     1263
..................................................................


WIND (MPH)
  HIGHEST WIND SPEED    14   HIGHEST WIND DIRECTION    SE (120)
  HIGHEST GUST SPEED    25   HIGHEST GUST DIRECTION    SE (150)
  AVERAGE WIND SPEED     7.0


SKY COVER
  POSSIBLE SUNSHINE  MM
  AVERAGE SKY COVER 0.3


WEATHER CONDITIONS
 THE FOLLOWING WEATHER WAS RECORDED YESTERDAY.
  NO SIGNIFICANT WEATHER WAS OBSERVED.


RELATIVE HUMIDITY (PERCENT)
 HIGHEST    93           500 AM
 LOWEST     69           200 PM
 AVERAGE    81

..........................................................


THE CHANUTE KS CLIMATE NORMALS FOR TODAY
                         NORMAL    RECORD    YEAR
 MAXIMUM TEMPERATURE (F)   90       110      1936
 MINIMUM TEMPERATURE (F)   69        54      1920


SUNRISE AND SUNSET
AUGUST 14 2017........SUNRISE   637 AM CDT   SUNSET   815 PM CDT
AUGUST 15 2017........SUNRISE   638 AM CDT   SUNSET   814 PM CDT


-  INDICATES NEGATIVE NUMBERS.
R  INDICATES RECORD WAS SET OR TIED.
MM INDICATES DATA IS MISSING.
T  INDICATES TRACE AMOUNT.




$$
