000
CDUS43 KICT 020620
CLICNU


CLIMATE REPORT
NATIONAL WEATHER SERVICE WICHITA KS
119 AM CDT WED APR 2 2014


...................................

...THE CHANUTE KS CLIMATE SUMMARY FOR APRIL 1 2014...

CLIMATE NORMAL PERIOD 1981 TO 2010
CLIMATE RECORD PERIOD 1894 TO 2014


WEATHER ITEM   OBSERVED TIME   RECORD YEAR NORMAL DEPARTURE LAST
                VALUE   (LST)  VALUE       VALUE  FROM      YEAR
                                                  NORMAL
..................................................................
TEMPERATURE (F)
 YESTERDAY
  MAXIMUM         54   1230 PM  91    1946  64    -10       47
  MINIMUM         32    452 AM  20    1926  41     -9       41
  AVERAGE         43                        52     -9       44

PRECIPITATION (IN)
  YESTERDAY        T             2.75 1983   0.12  -0.12     0.02
  MONTH TO DATE    T                         0.12  -0.12     0.02
  SINCE MAR 1      0.97                      3.16  -2.19     2.01
  SINCE JAN 1      1.94                      6.32  -4.38     7.77

DEGREE DAYS
 HEATING
  YESTERDAY       22                        13      9       21
  MONTH TO DATE   22                        13      9       21
  SINCE MAR 1    708                       572    136      727
  SINCE JUL 1   4728                      4144    584     3819

 COOLING
  YESTERDAY        0                         0      0        0
  MONTH TO DATE    0                         0      0        0
  SINCE MAR 1      0                         4     -4        0
  SINCE JAN 1      0                         4     -4        1
..................................................................


WIND (MPH)
  HIGHEST WIND SPEED    15   HIGHEST WIND DIRECTION    SE (120)
  HIGHEST GUST SPEED    20   HIGHEST GUST DIRECTION     N (340)
  AVERAGE WIND SPEED     8.9


SKY COVER
  POSSIBLE SUNSHINE  MM
  AVERAGE SKY COVER 0.7


WEATHER CONDITIONS
 THE FOLLOWING WEATHER WAS RECORDED YESTERDAY.
  HAZE


RELATIVE HUMIDITY (PERCENT)
 HIGHEST    63           500 AM
 LOWEST     38           100 PM
 AVERAGE    51

..........................................................


THE CHANUTE KS CLIMATE NORMALS FOR TODAY
                         NORMAL    RECORD    YEAR
 MAXIMUM TEMPERATURE (F)   64        89      1918
 MINIMUM TEMPERATURE (F)   41        20      1936


SUNRISE AND SUNSET
APRIL  2 2014.........SUNRISE   706 AM CDT   SUNSET   746 PM CDT
APRIL  3 2014.........SUNRISE   704 AM CDT   SUNSET   747 PM CDT


-  INDICATES NEGATIVE NUMBERS.
R  INDICATES RECORD WAS SET OR TIED.
MM INDICATES DATA IS MISSING.
T  INDICATES TRACE AMOUNT.




$$
