000
CDUS43 KICT 080713
CLICNU


CLIMATE REPORT
NATIONAL WEATHER SERVICE WICHITA KS
213 AM CDT SAT JUL 8 2017


...................................

...THE CHANUTE KS CLIMATE SUMMARY FOR JULY 7 2017...

CLIMATE NORMAL PERIOD 1981 TO 2010
CLIMATE RECORD PERIOD 1894 TO 2017


WEATHER ITEM   OBSERVED TIME   RECORD YEAR NORMAL DEPARTURE LAST
                VALUE   (LST)  VALUE       VALUE  FROM      YEAR
                                                  NORMAL
..................................................................
TEMPERATURE (F)
 YESTERDAY
  MAXIMUM         95    150 PM 105    1918  89      6       90
  MINIMUM         69   1159 PM  52    1915  69      0       68
  AVERAGE         82                        79      3       79

PRECIPITATION (IN)
  YESTERDAY        0.00          3.55 1899   0.16  -0.16     0.02
  MONTH TO DATE    0.66                      1.11  -0.45     0.02
  SINCE JUN 1      2.53                      7.14  -4.61     3.22
  SINCE JAN 1     23.61                     23.54   0.07    15.01

DEGREE DAYS
 HEATING
  YESTERDAY        0                         0      0        0
  MONTH TO DATE    0                         0      0        0
  SINCE JUN 1      0                         6     -6        0
  SINCE JUL 1      0                         0      0        0

 COOLING
  YESTERDAY       17                        14      3       14
  MONTH TO DATE   84                        96    -12      102
  SINCE JUN 1    393                       388      5      536
  SINCE JAN 1    560                       521     39      643
..................................................................


WIND (MPH)
  HIGHEST WIND SPEED    17   HIGHEST WIND DIRECTION     N (350)
  HIGHEST GUST SPEED    27   HIGHEST GUST DIRECTION     N (360)
  AVERAGE WIND SPEED     8.6


SKY COVER
  POSSIBLE SUNSHINE  MM
  AVERAGE SKY COVER 0.1


WEATHER CONDITIONS
 THE FOLLOWING WEATHER WAS RECORDED YESTERDAY.
  THUNDERSTORM


RELATIVE HUMIDITY (PERCENT)
 HIGHEST    93           500 AM
 LOWEST     44           100 PM
 AVERAGE    69

..........................................................


THE CHANUTE KS CLIMATE NORMALS FOR TODAY
                         NORMAL    RECORD    YEAR
 MAXIMUM TEMPERATURE (F)   89       105      1917
 MINIMUM TEMPERATURE (F)   69        56      1952


SUNRISE AND SUNSET
JULY  8 2017..........SUNRISE   608 AM CDT   SUNSET   846 PM CDT
JULY  9 2017..........SUNRISE   609 AM CDT   SUNSET   846 PM CDT


-  INDICATES NEGATIVE NUMBERS.
R  INDICATES RECORD WAS SET OR TIED.
MM INDICATES DATA IS MISSING.
T  INDICATES TRACE AMOUNT.




$$
