000
CDUS43 KICT 100637
CLICNU


CLIMATE REPORT
NATIONAL WEATHER SERVICE WICHITA KS
132 AM CDT SAT SEP 10 2016


...................................

...THE CHANUTE KS CLIMATE SUMMARY FOR SEPTEMBER 9 2016...

CLIMATE NORMAL PERIOD 1981 TO 2010
CLIMATE RECORD PERIOD 1894 TO 2016


WEATHER ITEM   OBSERVED TIME   RECORD YEAR NORMAL DEPARTURE LAST
                VALUE   (LST)  VALUE       VALUE  FROM      YEAR
                                                  NORMAL
..................................................................
TEMPERATURE (F)
 YESTERDAY
  MAXIMUM         88    536 PM 103    1925  84      4       85
  MINIMUM         67    924 PM  44    1898  62      5       66
  AVERAGE         78                        73      5       76

PRECIPITATION (IN)
  YESTERDAY        2.78          3.34 1951   0.11   2.67     0.00
  MONTH TO DATE    4.08                      1.00   3.08     0.35
  SINCE SEP 1      4.08                      1.00   3.08     0.35
  SINCE JAN 1     29.31                     31.49  -2.18    31.66

DEGREE DAYS
 HEATING
  YESTERDAY        0                         0      0        0
  MONTH TO DATE    0                         0      0        0
  SINCE SEP 1      0                         0      0        0
  SINCE JUL 1      0                         1     -1        0

 COOLING
  YESTERDAY       13                         8      5       11
  MONTH TO DATE  110                        87     23      125
  SINCE SEP 1    110                        87     23      125
  SINCE JAN 1   1591                      1391    200     1444
..................................................................


WIND (MPH)
  HIGHEST WIND SPEED    35   HIGHEST WIND DIRECTION    NW (310)
  HIGHEST GUST SPEED    45   HIGHEST GUST DIRECTION    NW (320)
  AVERAGE WIND SPEED     8.8


SKY COVER
  POSSIBLE SUNSHINE  MM
  AVERAGE SKY COVER 0.2


WEATHER CONDITIONS
 THE FOLLOWING WEATHER WAS RECORDED YESTERDAY.
  THUNDERSTORM
  HEAVY RAIN
  RAIN
  LIGHT RAIN
  FOG


RELATIVE HUMIDITY (PERCENT)
 HIGHEST    93           700 AM
 LOWEST     63           300 PM
 AVERAGE    78

..........................................................


THE CHANUTE KS CLIMATE NORMALS FOR TODAY
                         NORMAL    RECORD    YEAR
 MAXIMUM TEMPERATURE (F)   84       103      1936
 MINIMUM TEMPERATURE (F)   61        43      1976


SUNRISE AND SUNSET
SEPTEMBER 10 2016.....SUNRISE   700 AM CDT   SUNSET   737 PM CDT
SEPTEMBER 11 2016.....SUNRISE   701 AM CDT   SUNSET   735 PM CDT


-  INDICATES NEGATIVE NUMBERS.
R  INDICATES RECORD WAS SET OR TIED.
MM INDICATES DATA IS MISSING.
T  INDICATES TRACE AMOUNT.




$$
