000
CDUS43 KICT 140633
CLICNU


CLIMATE REPORT
NATIONAL WEATHER SERVICE WICHITA KS
133 AM CDT THU MAY 14 2015


...................................

...THE CHANUTE KS CLIMATE SUMMARY FOR MAY 13 2015...

CLIMATE NORMAL PERIOD 1981 TO 2010
CLIMATE RECORD PERIOD 1894 TO 2015


WEATHER ITEM   OBSERVED TIME   RECORD YEAR NORMAL DEPARTURE LAST
                VALUE   (LST)  VALUE       VALUE  FROM      YEAR
                                                  NORMAL
..................................................................
TEMPERATURE (F)
 YESTERDAY
  MAXIMUM         65   1136 AM  91    1956  75    -10       64
  MINIMUM         47    526 AM  39    1910  55     -8       48
  AVERAGE         56                        65     -9       56

PRECIPITATION (IN)
  YESTERDAY        0.52          2.61 2005   0.18   0.34     0.00
  MONTH TO DATE    3.63                      2.16   1.47     1.18
  SINCE MAR 1      8.71                      9.60  -0.89     4.15
  SINCE JAN 1     10.02                     12.76  -2.74     5.12

DEGREE DAYS
 HEATING
  YESTERDAY        9                         3      6        9
  MONTH TO DATE   35                        48    -13       41
  SINCE MAR 1    717                       878   -161     1014
  SINCE JUL 1   4407                      4450    -43     5034

 COOLING
  YESTERDAY        0                         3     -3        0
  MONTH TO DATE   39                        26     13       65
  SINCE MAR 1     61                        57      4       81
  SINCE JAN 1     61                        57      4       81
..................................................................


WIND (MPH)
  HIGHEST WIND SPEED    17   HIGHEST WIND DIRECTION     E (110)
  HIGHEST GUST SPEED    24   HIGHEST GUST DIRECTION    SE (130)
  AVERAGE WIND SPEED     9.2


SKY COVER
  POSSIBLE SUNSHINE  MM
  AVERAGE SKY COVER 0.5


WEATHER CONDITIONS
 THE FOLLOWING WEATHER WAS RECORDED YESTERDAY.
  HEAVY RAIN
  RAIN
  LIGHT RAIN
  FOG


RELATIVE HUMIDITY (PERCENT)
 HIGHEST   100          1100 PM
 LOWEST     56          1100 AM
 AVERAGE    78

..........................................................


THE CHANUTE KS CLIMATE NORMALS FOR TODAY
                         NORMAL    RECORD    YEAR
 MAXIMUM TEMPERATURE (F)   75        91      1963
 MINIMUM TEMPERATURE (F)   55        39      2000


SUNRISE AND SUNSET
MAY 14 2015...........SUNRISE   613 AM CDT   SUNSET   824 PM CDT
MAY 15 2015...........SUNRISE   613 AM CDT   SUNSET   824 PM CDT


-  INDICATES NEGATIVE NUMBERS.
R  INDICATES RECORD WAS SET OR TIED.
MM INDICATES DATA IS MISSING.
T  INDICATES TRACE AMOUNT.




$$
