459
CDUS43 KICT 240629
CLICNU


CLIMATE REPORT
NATIONAL WEATHER SERVICE WICHITA KS
129 AM CDT SUN APR 24 2016


...................................

...THE CHANUTE KS CLIMATE SUMMARY FOR APRIL 23 2016...

CLIMATE NORMAL PERIOD 1981 TO 2010
CLIMATE RECORD PERIOD 1894 TO 2016


WEATHER ITEM   OBSERVED TIME   RECORD YEAR NORMAL DEPARTURE LAST
                VALUE   (LST)  VALUE       VALUE  FROM      YEAR
                                                  NORMAL
..................................................................
TEMPERATURE (F)
 YESTERDAY
  MAXIMUM         80    424 PM  89    2006  70     10       62
  MINIMUM         52    442 AM  33    1909  48      4       42
  AVERAGE         66                        59      7       52

PRECIPITATION (IN)
  YESTERDAY        0.00          1.32 1983   0.17  -0.17     0.02
  MONTH TO DATE    2.91                      3.21  -0.30     4.53
  SINCE MAR 1      4.32                      6.25  -1.93     5.08
  SINCE JAN 1      5.40                      9.41  -4.01     6.39

DEGREE DAYS
 HEATING
  YESTERDAY        0                         7     -7       13
  MONTH TO DATE  152                       230    -78      150
  SINCE MAR 1    540                       789   -249      645
  SINCE JUL 1   3505                      4361   -856     4335

 COOLING
  YESTERDAY        1                         1      0        0
  MONTH TO DATE   12                        19     -7       22
  SINCE MAR 1     12                        23    -11       22
  SINCE JAN 1     12                        23    -11       22
..................................................................


WIND (MPH)
  HIGHEST WIND SPEED    20   HIGHEST WIND DIRECTION     S (170)
  HIGHEST GUST SPEED    24   HIGHEST GUST DIRECTION     S (160)
  AVERAGE WIND SPEED     9.6


SKY COVER
  POSSIBLE SUNSHINE  MM
  AVERAGE SKY COVER 0.0


WEATHER CONDITIONS
 THE FOLLOWING WEATHER WAS RECORDED YESTERDAY.
  NO SIGNIFICANT WEATHER WAS OBSERVED.


RELATIVE HUMIDITY (PERCENT)
 HIGHEST    96           400 AM
 LOWEST     35           500 PM
 AVERAGE    66

..........................................................


THE CHANUTE KS CLIMATE NORMALS FOR TODAY
                         NORMAL    RECORD    YEAR
 MAXIMUM TEMPERATURE (F)   70        88      1917
 MINIMUM TEMPERATURE (F)   49        29      1956


SUNRISE AND SUNSET
APRIL 24 2016.........SUNRISE   634 AM CDT   SUNSET   806 PM CDT
APRIL 25 2016.........SUNRISE   633 AM CDT   SUNSET   807 PM CDT


-  INDICATES NEGATIVE NUMBERS.
R  INDICATES RECORD WAS SET OR TIED.
MM INDICATES DATA IS MISSING.
T  INDICATES TRACE AMOUNT.




$$
