000
CDUS43 KICT 120625
CLICNU


CLIMATE REPORT
NATIONAL WEATHER SERVICE WICHITA KS
125 AM CDT SUN OCT 12 2014


...................................

...THE CHANUTE KS CLIMATE SUMMARY FOR OCTOBER 11 2014...

CLIMATE NORMAL PERIOD 1981 TO 2010
CLIMATE RECORD PERIOD 1894 TO 2014


WEATHER ITEM   OBSERVED TIME   RECORD YEAR NORMAL DEPARTURE LAST
                VALUE   (LST)  VALUE       VALUE  FROM      YEAR
                                                  NORMAL
..................................................................
TEMPERATURE (F)
 YESTERDAY
  MAXIMUM         61    255 PM  91    1975  71    -10       79
  MINIMUM         50    755 AM  29    1932  49      1       57
  AVERAGE         56                        60     -4       68

PRECIPITATION (IN)
  YESTERDAY        0.00          1.58 1954   0.13  -0.13     0.91
  MONTH TO DATE    1.87                      1.52   0.35     1.50
  SINCE SEP 1      4.97                      5.19  -0.22     4.52
  SINCE JAN 1     25.45                     35.68 -10.23    40.14

DEGREE DAYS
 HEATING
  YESTERDAY        9                         6      3        0
  MONTH TO DATE   50                        58     -8       33
  SINCE SEP 1     80                       104    -24       49
  SINCE JUL 1     81                       105    -24       49

 COOLING
  YESTERDAY        0                         1     -1        3
  MONTH TO DATE   22                        19      3       37
  SINCE SEP 1    208                       212     -4      291
  SINCE JAN 1   1496                      1516    -20     1558
..................................................................


WIND (MPH)
  HIGHEST WIND SPEED    14   HIGHEST WIND DIRECTION    NE (60)
  HIGHEST GUST SPEED    20   HIGHEST GUST DIRECTION     E (70)
  AVERAGE WIND SPEED     8.4


SKY COVER
  POSSIBLE SUNSHINE  MM
  AVERAGE SKY COVER 1.0


WEATHER CONDITIONS
 THE FOLLOWING WEATHER WAS RECORDED YESTERDAY.
  NO SIGNIFICANT WEATHER WAS OBSERVED.


RELATIVE HUMIDITY (PERCENT)
 HIGHEST    83          1100 PM
 LOWEST     46           200 PM
 AVERAGE    65

..........................................................


THE CHANUTE KS CLIMATE NORMALS FOR TODAY
                         NORMAL    RECORD    YEAR
 MAXIMUM TEMPERATURE (F)   71        91      1975
 MINIMUM TEMPERATURE (F)   48        25      1909


SUNRISE AND SUNSET
OCTOBER 12 2014.......SUNRISE   727 AM CDT   SUNSET   649 PM CDT
OCTOBER 13 2014.......SUNRISE   728 AM CDT   SUNSET   647 PM CDT


-  INDICATES NEGATIVE NUMBERS.
R  INDICATES RECORD WAS SET OR TIED.
MM INDICATES DATA IS MISSING.
T  INDICATES TRACE AMOUNT.




$$
