000
CDUS43 KICT 200636
CLICNU


CLIMATE REPORT
NATIONAL WEATHER SERVICE WICHITA KS
136 AM CDT FRI MAR 20 2015


...................................

...THE CHANUTE KS CLIMATE SUMMARY FOR MARCH 19 2015...

CLIMATE NORMAL PERIOD 1981 TO 2010
CLIMATE RECORD PERIOD 1894 TO 2015


WEATHER ITEM   OBSERVED TIME   RECORD YEAR NORMAL DEPARTURE LAST
                VALUE   (LST)  VALUE       VALUE  FROM      YEAR
                                                  NORMAL
..................................................................
TEMPERATURE (F)
 YESTERDAY
  MAXIMUM         46    500 PM  83    1995  59    -13       58
  MINIMUM         39   1159 PM   4    1923  37      2       33
  AVERAGE         43                        48     -5       46

PRECIPITATION (IN)
  YESTERDAY        0.04          2.16 2012   0.10  -0.06     0.00
  MONTH TO DATE    0.15                      1.78  -1.63     0.74
  SINCE MAR 1      0.15                      1.78  -1.63     0.74
  SINCE JAN 1      1.46                      4.94  -3.48     1.71

DEGREE DAYS
 HEATING
  YESTERDAY       22                        17      5       19
  MONTH TO DATE  363                       379    -16      474
  SINCE MAR 1    363                       379    -16      474
  SINCE JUL 1   4053                      3951    102     4494

 COOLING
  YESTERDAY        0                         0      0        0
  MONTH TO DATE    0                         0      0        0
  SINCE MAR 1      0                         0      0        0
  SINCE JAN 1      0                         0      0        0
..................................................................


WIND (MPH)
  HIGHEST WIND SPEED    10   HIGHEST WIND DIRECTION     N (10)
  HIGHEST GUST SPEED    12   HIGHEST GUST DIRECTION     N (10)
  AVERAGE WIND SPEED     4.7


SKY COVER
  POSSIBLE SUNSHINE  MM
  AVERAGE SKY COVER 1.0


WEATHER CONDITIONS
 THE FOLLOWING WEATHER WAS RECORDED YESTERDAY.
  LIGHT RAIN
  FOG


RELATIVE HUMIDITY (PERCENT)
 HIGHEST   100          1200 AM
 LOWEST     76           300 PM
 AVERAGE    88

..........................................................


THE CHANUTE KS CLIMATE NORMALS FOR TODAY
                         NORMAL    RECORD    YEAR
 MAXIMUM TEMPERATURE (F)   60        82      1953
 MINIMUM TEMPERATURE (F)   37        12      1965


SUNRISE AND SUNSET
MARCH 20 2015.........SUNRISE   726 AM CDT   SUNSET   734 PM CDT
MARCH 21 2015.........SUNRISE   724 AM CDT   SUNSET   735 PM CDT


-  INDICATES NEGATIVE NUMBERS.
R  INDICATES RECORD WAS SET OR TIED.
MM INDICATES DATA IS MISSING.
T  INDICATES TRACE AMOUNT.




$$
