000
CDUS43 KICT 070625
CLICNU


CLIMATE REPORT
NATIONAL WEATHER SERVICE WICHITA KS
1225 AM CST TUE FEB 7 2017


...................................

...THE CHANUTE KS CLIMATE SUMMARY FOR FEBRUARY 6 2017...

CLIMATE NORMAL PERIOD 1981 TO 2010
CLIMATE RECORD PERIOD 1894 TO 2017


WEATHER ITEM   OBSERVED TIME   RECORD YEAR NORMAL DEPARTURE LAST
                VALUE   (LST)  VALUE       VALUE  FROM      YEAR
                                                  NORMAL
..................................................................
TEMPERATURE (F)
 YESTERDAY
  MAXIMUM         69    452 PM  70    2009  45     24       51
                                      1900
  MINIMUM         32    159 AM  -9    1985  25      7       25
  AVERAGE         51                        35     16       38

PRECIPITATION (IN)
  YESTERDAY        0.00          1.12 1928   0.05  -0.05     0.00
  MONTH TO DATE    0.00                      0.30  -0.30     0.29
  SINCE DEC 1      2.62                      3.31  -0.69     4.62
  SINCE JAN 1      1.84                      1.56   0.28     1.07

DEGREE DAYS
 HEATING
  YESTERDAY       14                        30    -16       27
  MONTH TO DATE  161                       184    -23      161
  SINCE DEC 1   1945                      2131   -186     1847
  SINCE JUL 1   2423                      2983   -560     2490

 COOLING
  YESTERDAY        0                         0      0        0
  MONTH TO DATE    0                         0      0        0
  SINCE DEC 1      0                         0      0        0
  SINCE JAN 1      0                         0      0        0
..................................................................


WIND (MPH)
  HIGHEST WIND SPEED    26   HIGHEST WIND DIRECTION     S (190)
  HIGHEST GUST SPEED    33   HIGHEST GUST DIRECTION     S (200)
  AVERAGE WIND SPEED     9.8


SKY COVER
  POSSIBLE SUNSHINE  MM
  AVERAGE SKY COVER 0.6


WEATHER CONDITIONS
 THE FOLLOWING WEATHER WAS RECORDED YESTERDAY.
  FOG
  FOG W/VISIBILITY <= 1/4 MILE


RELATIVE HUMIDITY (PERCENT)
 HIGHEST   100           300 AM
 LOWEST     61           500 PM
 AVERAGE    81

..........................................................


THE CHANUTE KS CLIMATE NORMALS FOR TODAY
                         NORMAL    RECORD    YEAR
 MAXIMUM TEMPERATURE (F)   46        72      2009
                                             1926
 MINIMUM TEMPERATURE (F)   25        -6      1933


SUNRISE AND SUNSET
FEBRUARY  7 2017......SUNRISE   720 AM CST   SUNSET   553 PM CST
FEBRUARY  8 2017......SUNRISE   719 AM CST   SUNSET   554 PM CST


-  INDICATES NEGATIVE NUMBERS.
R  INDICATES RECORD WAS SET OR TIED.
MM INDICATES DATA IS MISSING.
T  INDICATES TRACE AMOUNT.




$$
