000
CDUS43 KICT 230620
CLICNU

CLIMATE REPORT
NATIONAL WEATHER SERVICE WICHITA KS
1219 AM CST WED NOV 23 2016


...................................

...THE CHANUTE KS CLIMATE SUMMARY FOR NOVEMBER 22 2016...

CLIMATE NORMAL PERIOD 1981 TO 2010
CLIMATE RECORD PERIOD 1894 TO 2016


WEATHER ITEM   OBSERVED TIME   RECORD YEAR NORMAL DEPARTURE LAST
                VALUE   (LST)  VALUE       VALUE  FROM      YEAR
                                                  NORMAL
..................................................................
TEMPERATURE (F)
 YESTERDAY
  MAXIMUM         63    442 PM  79    1897  53     10       53
  MINIMUM         51    704 AM  10    1898  33     18       21
  AVERAGE         57                        43     14       37

PRECIPITATION (IN)
  YESTERDAY        0.06          2.16 1931   0.08  -0.02     0.00
  MONTH TO DATE    0.36                      1.89  -1.53     2.02
  SINCE SEP 1     10.78                      9.22   1.56     4.91
  SINCE JAN 1     36.01                     39.71  -3.70    36.22

DEGREE DAYS
 HEATING
  YESTERDAY        8                        22    -14       28
  MONTH TO DATE  230                       369   -139      292
  SINCE SEP 1    328                       656   -328      472
  SINCE JUL 1    328                       657   -329      472

 COOLING
  YESTERDAY        0                         0      0        0
  MONTH TO DATE   20                         0     20        0
  SINCE SEP 1    365                       225    140      293
  SINCE JAN 1   1846                      1529    317     1612
..................................................................


WIND (MPH)
  HIGHEST WIND SPEED    26   HIGHEST WIND DIRECTION     S (170)
  HIGHEST GUST SPEED    34   HIGHEST GUST DIRECTION     S (170)
  AVERAGE WIND SPEED    14.4


SKY COVER
  POSSIBLE SUNSHINE  MM
  AVERAGE SKY COVER 0.7


WEATHER CONDITIONS
 THE FOLLOWING WEATHER WAS RECORDED YESTERDAY.
  LIGHT RAIN
  FOG


RELATIVE HUMIDITY (PERCENT)
 HIGHEST    97          1000 PM
 LOWEST     59          1200 AM
 AVERAGE    78

..........................................................


THE CHANUTE KS CLIMATE NORMALS FOR TODAY
                         NORMAL    RECORD    YEAR
 MAXIMUM TEMPERATURE (F)   53        80      1897
 MINIMUM TEMPERATURE (F)   32         8      1950


SUNRISE AND SUNSET
NOVEMBER 23 2016......SUNRISE   711 AM CST   SUNSET   506 PM CST
NOVEMBER 24 2016......SUNRISE   712 AM CST   SUNSET   505 PM CST


-  INDICATES NEGATIVE NUMBERS.
R  INDICATES RECORD WAS SET OR TIED.
MM INDICATES DATA IS MISSING.
T  INDICATES TRACE AMOUNT.




$$
