000
CDUS43 KICT 210658
CLICNU


CLIMATE REPORT
NATIONAL WEATHER SERVICE WICHITA KS
157 AM CDT TUE JUL 21 2015


...................................

...THE CHANUTE KS CLIMATE SUMMARY FOR JULY 20 2015...

CLIMATE NORMAL PERIOD 1981 TO 2010
CLIMATE RECORD PERIOD 1894 TO 2015


WEATHER ITEM   OBSERVED TIME   RECORD YEAR NORMAL DEPARTURE LAST
                VALUE   (LST)  VALUE       VALUE  FROM      YEAR
                                                  NORMAL
..................................................................
TEMPERATURE (F)
 YESTERDAY
  MAXIMUM         93    439 PM 108    1934  90      3       86
  MINIMUM         78    620 AM  52    1971  70      8       59
  AVERAGE         86                        80      6       73

PRECIPITATION (IN)
  YESTERDAY        0.00          1.68 2000   0.14  -0.14     0.00
  MONTH TO DATE    4.19                      3.02   1.17     0.86
  SINCE JUN 1      6.56                      9.05  -2.49     8.91
  SINCE JAN 1     24.53                     25.45  -0.92    18.37

DEGREE DAYS
 HEATING
  YESTERDAY        0                         0      0        0
  MONTH TO DATE    0                         0      0        1
  SINCE JUN 1      0                         6     -6        1
  SINCE JUL 1      0                         0      0        1

 COOLING
  YESTERDAY       21                        15      6        8
  MONTH TO DATE  298                       287     11      177
  SINCE JUN 1    689                       579    110      475
  SINCE JAN 1    798                       712     86      667
..................................................................


WIND (MPH)
  HIGHEST WIND SPEED    13   HIGHEST WIND DIRECTION     W (290)
  HIGHEST GUST SPEED    21   HIGHEST GUST DIRECTION    NW (320)
  AVERAGE WIND SPEED     6.2


SKY COVER
  POSSIBLE SUNSHINE  MM
  AVERAGE SKY COVER 0.1


WEATHER CONDITIONS
 THE FOLLOWING WEATHER WAS RECORDED YESTERDAY.
  NO SIGNIFICANT WEATHER WAS OBSERVED.


RELATIVE HUMIDITY (PERCENT)
 HIGHEST    85          1200 AM
 LOWEST     49           100 PM
 AVERAGE    67

..........................................................


THE CHANUTE KS CLIMATE NORMALS FOR TODAY
                         NORMAL    RECORD    YEAR
 MAXIMUM TEMPERATURE (F)   90       108      1939
 MINIMUM TEMPERATURE (F)   70        49      1970


SUNRISE AND SUNSET
JULY 21 2015..........SUNRISE   617 AM CDT   SUNSET   840 PM CDT
JULY 22 2015..........SUNRISE   617 AM CDT   SUNSET   839 PM CDT


-  INDICATES NEGATIVE NUMBERS.
R  INDICATES RECORD WAS SET OR TIED.
MM INDICATES DATA IS MISSING.
T  INDICATES TRACE AMOUNT.




$$
