000
CDUS43 KICT 140650
CLICNU


CLIMATE REPORT
NATIONAL WEATHER SERVICE WICHITA KS
1250 AM CST MON NOV 14 2016


...................................

...THE CHANUTE KS CLIMATE SUMMARY FOR NOVEMBER 13 2016...

CLIMATE NORMAL PERIOD 1981 TO 2010
CLIMATE RECORD PERIOD 1894 TO 2016


WEATHER ITEM   OBSERVED TIME   RECORD YEAR NORMAL DEPARTURE LAST
                VALUE   (LST)  VALUE       VALUE  FROM      YEAR
                                                  NORMAL
..................................................................
TEMPERATURE (F)
 YESTERDAY
  MAXIMUM         63    404 PM  82    1999  58      5       66
  MINIMUM         31    625 AM   6    1940  37     -6       28
  AVERAGE         47                        48     -1       47

PRECIPITATION (IN)
  YESTERDAY        0.00          1.35 1924   0.09  -0.09     0.00
  MONTH TO DATE    0.30                      1.17  -0.87      T
  SINCE SEP 1     10.72                      8.50   2.22     2.89
  SINCE JAN 1     35.95                     38.99  -3.04    34.20

DEGREE DAYS
 HEATING
  YESTERDAY       18                        17      1       18
  MONTH TO DATE  117                       191    -74      144
  SINCE SEP 1    215                       478   -263      324
  SINCE JUL 1    215                       479   -264      324

 COOLING
  YESTERDAY        0                         0      0        0
  MONTH TO DATE   15                         0     15        0
  SINCE SEP 1    360                       225    135      293
  SINCE JAN 1   1841                      1529    312     1612
..................................................................


WIND (MPH)
  HIGHEST WIND SPEED    18   HIGHEST WIND DIRECTION     S (200)
  HIGHEST GUST SPEED    30   HIGHEST GUST DIRECTION    SW (220)
  AVERAGE WIND SPEED     8.6


SKY COVER
  POSSIBLE SUNSHINE  MM
  AVERAGE SKY COVER 0.0


WEATHER CONDITIONS
 THE FOLLOWING WEATHER WAS RECORDED YESTERDAY.
  NO SIGNIFICANT WEATHER WAS OBSERVED.


RELATIVE HUMIDITY (PERCENT)
 HIGHEST    92           100 AM
 LOWEST     48           100 PM
 AVERAGE    70

..........................................................


THE CHANUTE KS CLIMATE NORMALS FOR TODAY
                         NORMAL    RECORD    YEAR
 MAXIMUM TEMPERATURE (F)   58        80      1899
 MINIMUM TEMPERATURE (F)   37        10      1959


SUNRISE AND SUNSET
NOVEMBER 14 2016......SUNRISE   701 AM CST   SUNSET   511 PM CST
NOVEMBER 15 2016......SUNRISE   702 AM CST   SUNSET   510 PM CST


-  INDICATES NEGATIVE NUMBERS.
R  INDICATES RECORD WAS SET OR TIED.
MM INDICATES DATA IS MISSING.
T  INDICATES TRACE AMOUNT.




$$
