527
CDUS43 KICT 020635
CLICNU


CLIMATE REPORT
NATIONAL WEATHER SERVICE WICHITA KS
1234 AM CST TUE FEB 2 2016


...................................

...THE CHANUTE KS CLIMATE SUMMARY FOR FEBRUARY 1 2016...

CLIMATE NORMAL PERIOD 1981 TO 2010
CLIMATE RECORD PERIOD 1894 TO 2016


WEATHER ITEM   OBSERVED TIME   RECORD YEAR NORMAL DEPARTURE LAST
                VALUE   (LST)  VALUE       VALUE  FROM      YEAR
                                                  NORMAL
..................................................................
TEMPERATURE (F)
 YESTERDAY
  MAXIMUM         57    300 PM  76    1911  44     13       43
  MINIMUM         29    448 AM -13    1979  24      5       14
  AVERAGE         43                        34      9       29

PRECIPITATION (IN)
  YESTERDAY        0.00          1.85 1983   0.05  -0.05     0.23
  MONTH TO DATE    0.00                      0.05  -0.05     0.23
  SINCE DEC 1      4.33                      3.06   1.27     3.23
  SINCE JAN 1      0.78                      1.31  -0.53     0.86

DEGREE DAYS
 HEATING
  YESTERDAY       22                        31     -9       36
  MONTH TO DATE   22                        31     -9       36
  SINCE DEC 1   1708                      1978   -270     1828
  SINCE JUL 1   2351                      2830   -479     2770

 COOLING
  YESTERDAY        0                         0      0        0
  MONTH TO DATE    0                         0      0        0
  SINCE DEC 1      0                         0      0        0
  SINCE JAN 1      0                         0      0        0
..................................................................


WIND (MPH)
  HIGHEST WIND SPEED    21   HIGHEST WIND DIRECTION     E (100)
  HIGHEST GUST SPEED    27   HIGHEST GUST DIRECTION     E (100)
  AVERAGE WIND SPEED    10.4


SKY COVER
  POSSIBLE SUNSHINE  MM
  AVERAGE SKY COVER 0.3


WEATHER CONDITIONS
 THE FOLLOWING WEATHER WAS RECORDED YESTERDAY.
  NO SIGNIFICANT WEATHER WAS OBSERVED.


RELATIVE HUMIDITY (PERCENT)
 HIGHEST    92           500 AM
 LOWEST     35           100 PM
 AVERAGE    64

..........................................................


THE CHANUTE KS CLIMATE NORMALS FOR TODAY
                         NORMAL    RECORD    YEAR
 MAXIMUM TEMPERATURE (F)   44        70      1924
 MINIMUM TEMPERATURE (F)   24        -9      1917


SUNRISE AND SUNSET
FEBRUARY  2 2016......SUNRISE   725 AM CST   SUNSET   546 PM CST
FEBRUARY  3 2016......SUNRISE   724 AM CST   SUNSET   548 PM CST


-  INDICATES NEGATIVE NUMBERS.
R  INDICATES RECORD WAS SET OR TIED.
MM INDICATES DATA IS MISSING.
T  INDICATES TRACE AMOUNT.




$$
