000
CDUS43 KICT 260638
CLICNU


CLIMATE REPORT
NATIONAL WEATHER SERVICE WICHITA KS
1237 AM CST SUN NOV 26 2017


...................................

...THE CHANUTE KS CLIMATE SUMMARY FOR NOVEMBER 25 2017...

CLIMATE NORMAL PERIOD 1981 TO 2010
CLIMATE RECORD PERIOD 1894 TO 2017


WEATHER ITEM   OBSERVED TIME   RECORD YEAR NORMAL DEPARTURE LAST
                VALUE   (LST)  VALUE       VALUE  FROM      YEAR
                                                  NORMAL
..................................................................
TEMPERATURE (F)
 YESTERDAY
  MAXIMUM         64    339 PM  73    1910  52     12       55
  MINIMUM         35   1159 PM  15    1993  32      3       30
  AVERAGE         50                        42      8       43

PRECIPITATION (IN)
  YESTERDAY        0.00          1.01 1978   0.08  -0.08     0.00
  MONTH TO DATE    0.48                      2.13  -1.65     0.36
  SINCE SEP 1      9.10                      9.46  -0.36    10.78
  SINCE JAN 1     45.74                     39.95   5.79    36.01

DEGREE DAYS
 HEATING
  YESTERDAY       15                        23     -8       22
  MONTH TO DATE  413                       437    -24      285
  SINCE SEP 1    641                       724    -83      383
  SINCE JUL 1    641                       725    -84      383

 COOLING
  YESTERDAY        0                         0      0        0
  MONTH TO DATE    3                         0      3       20
  SINCE SEP 1    312                       225     87      365
  SINCE JAN 1   1619                      1529     90     1846
..................................................................


WIND (MPH)
  HIGHEST WIND SPEED    20   HIGHEST WIND DIRECTION     N (10)
  HIGHEST GUST SPEED    26   HIGHEST GUST DIRECTION     N (10)
  AVERAGE WIND SPEED     6.1


SKY COVER
  POSSIBLE SUNSHINE  MM
  AVERAGE SKY COVER 0.0


WEATHER CONDITIONS
 THE FOLLOWING WEATHER WAS RECORDED YESTERDAY.
  NO SIGNIFICANT WEATHER WAS OBSERVED.


RELATIVE HUMIDITY (PERCENT)
 HIGHEST    79           700 AM
 LOWEST     27           400 PM
 AVERAGE    53

..........................................................


THE CHANUTE KS CLIMATE NORMALS FOR TODAY
                         NORMAL    RECORD    YEAR
 MAXIMUM TEMPERATURE (F)   51        76      1990
 MINIMUM TEMPERATURE (F)   31         4      1975


SUNRISE AND SUNSET
NOVEMBER 26 2017......SUNRISE   714 AM CST   SUNSET   505 PM CST
NOVEMBER 27 2017......SUNRISE   715 AM CST   SUNSET   504 PM CST


-  INDICATES NEGATIVE NUMBERS.
R  INDICATES RECORD WAS SET OR TIED.
MM INDICATES DATA IS MISSING.
T  INDICATES TRACE AMOUNT.




$$
