000
CDUS43 KICT 130627
CLICNU


CLIMATE REPORT
NATIONAL WEATHER SERVICE WICHITA KS
127 AM CDT THU APR 13 2017


...................................

...THE CHANUTE KS CLIMATE SUMMARY FOR APRIL 12 2017...

CLIMATE NORMAL PERIOD 1981 TO 2010
CLIMATE RECORD PERIOD 1894 TO 2017


WEATHER ITEM   OBSERVED TIME   RECORD YEAR NORMAL DEPARTURE LAST
                VALUE   (LST)  VALUE       VALUE  FROM      YEAR
                                                  NORMAL
..................................................................
TEMPERATURE (F)
 YESTERDAY
  MAXIMUM         79    259 PM  95    1972  67     12       64
  MINIMUM         43    153 AM  21    1940  45     -2       39
  AVERAGE         61                        56      5       52

PRECIPITATION (IN)
  YESTERDAY        0.00          1.54 1947   0.13  -0.13     0.00
  MONTH TO DATE    2.75                      1.54   1.21     1.18
  SINCE MAR 1      4.77                      4.58   0.19     2.59
  SINCE JAN 1      6.92                      7.74  -0.82     3.67

DEGREE DAYS
 HEATING
  YESTERDAY        4                        10     -6       13
  MONTH TO DATE  101                       139    -38      106
  SINCE MAR 1    511                       698   -187      494
  SINCE JUL 1   3279                      4270   -991     3459

 COOLING
  YESTERDAY        0                         1     -1        0
  MONTH TO DATE    9                         8      1        9
  SINCE MAR 1     26                        12     14        9
  SINCE JAN 1     29                        12     17        9
..................................................................


WIND (MPH)
  HIGHEST WIND SPEED    22   HIGHEST WIND DIRECTION     S (190)
  HIGHEST GUST SPEED    29   HIGHEST GUST DIRECTION     S (190)
  AVERAGE WIND SPEED    11.3


SKY COVER
  POSSIBLE SUNSHINE  MM
  AVERAGE SKY COVER 0.3


WEATHER CONDITIONS
 THE FOLLOWING WEATHER WAS RECORDED YESTERDAY.
  NO SIGNIFICANT WEATHER WAS OBSERVED.


RELATIVE HUMIDITY (PERCENT)
 HIGHEST    89           200 AM
 LOWEST     42           200 PM
 AVERAGE    66

..........................................................


THE CHANUTE KS CLIMATE NORMALS FOR TODAY
                         NORMAL    RECORD    YEAR
 MAXIMUM TEMPERATURE (F)   67        91      1936
 MINIMUM TEMPERATURE (F)   45        22      1957


SUNRISE AND SUNSET
APRIL 13 2017.........SUNRISE   649 AM CDT   SUNSET   756 PM CDT
APRIL 14 2017.........SUNRISE   648 AM CDT   SUNSET   757 PM CDT


-  INDICATES NEGATIVE NUMBERS.
R  INDICATES RECORD WAS SET OR TIED.
MM INDICATES DATA IS MISSING.
T  INDICATES TRACE AMOUNT.




$$
