873
CDUS43 KICT 130637
CLICNU


CLIMATE REPORT
NATIONAL WEATHER SERVICE WICHITA KS
137 AM CDT SAT MAY 13 2017


...................................

...THE CHANUTE KS CLIMATE SUMMARY FOR MAY 12 2017...

CLIMATE NORMAL PERIOD 1981 TO 2010
CLIMATE RECORD PERIOD 1894 TO 2017


WEATHER ITEM   OBSERVED TIME   RECORD YEAR NORMAL DEPARTURE LAST
                VALUE   (LST)  VALUE       VALUE  FROM      YEAR
                                                  NORMAL
..................................................................
TEMPERATURE (F)
 YESTERDAY
  MAXIMUM         74    457 PM  89    1956  75     -1       75
  MINIMUM         54   1159 PM  36    1946  55     -1       52
  AVERAGE         64                        65     -1       64

PRECIPITATION (IN)
  YESTERDAY        0.03          1.18 1929   0.18  -0.15     0.00
  MONTH TO DATE    5.03                      1.98   3.05     0.18
  SINCE MAR 1     18.07                      9.42   8.65     7.06
  SINCE JAN 1     20.22                     12.58   7.64     8.14

DEGREE DAYS
 HEATING
  YESTERDAY        1                         3     -2        1
  MONTH TO DATE   42                        45     -3       49
  SINCE MAR 1    661                       875   -214      612
  SINCE JUL 1   3429                      4447  -1018     3577

 COOLING
  YESTERDAY        0                         3     -3        0
  MONTH TO DATE   27                        23      4       19
  SINCE MAR 1     82                        54     28       43
  SINCE JAN 1     85                        54     31       43
..................................................................


WIND (MPH)
  HIGHEST WIND SPEED    18   HIGHEST WIND DIRECTION     N (20)
  HIGHEST GUST SPEED    26   HIGHEST GUST DIRECTION    NE (30)
  AVERAGE WIND SPEED     9.4


SKY COVER
  POSSIBLE SUNSHINE  MM
  AVERAGE SKY COVER 0.4


WEATHER CONDITIONS
 THE FOLLOWING WEATHER WAS RECORDED YESTERDAY.
  LIGHT RAIN
  FOG


RELATIVE HUMIDITY (PERCENT)
 HIGHEST    97           300 AM
 LOWEST     46           500 PM
 AVERAGE    72

..........................................................


THE CHANUTE KS CLIMATE NORMALS FOR TODAY
                         NORMAL    RECORD    YEAR
 MAXIMUM TEMPERATURE (F)   75        91      1956
 MINIMUM TEMPERATURE (F)   55        39      1910


SUNRISE AND SUNSET
MAY 13 2017...........SUNRISE   614 AM CDT   SUNSET   823 PM CDT
MAY 14 2017...........SUNRISE   613 AM CDT   SUNSET   824 PM CDT


-  INDICATES NEGATIVE NUMBERS.
R  INDICATES RECORD WAS SET OR TIED.
MM INDICATES DATA IS MISSING.
T  INDICATES TRACE AMOUNT.




$$
