000
CDUS43 KICT 180635
CLICNU


CLIMATE REPORT
NATIONAL WEATHER SERVICE WICHITA KS
1235 AM CST THU DEC 18 2014


...................................

...THE CHANUTE KS CLIMATE SUMMARY FOR DECEMBER 17 2014...

CLIMATE NORMAL PERIOD 1981 TO 2010
CLIMATE RECORD PERIOD 1894 TO 2014


WEATHER ITEM   OBSERVED TIME   RECORD YEAR NORMAL DEPARTURE LAST
                VALUE   (LST)  VALUE       VALUE  FROM      YEAR
                                                  NORMAL
..................................................................
TEMPERATURE (F)
 YESTERDAY
  MAXIMUM         32    637 PM  73    1939  43    -11       56
  MINIMUM         26    734 AM  -3    2000  25      1       23
  AVERAGE         29                        34     -5       40

PRECIPITATION (IN)
  YESTERDAY        0.01          0.60 1924   0.06  -0.05     0.00
  MONTH TO DATE    2.28                      1.04   1.24     0.16
  SINCE DEC 1      2.28                      1.04   1.24     0.16
  SINCE JAN 1     31.79                     41.36  -9.57    47.75

DEGREE DAYS
 HEATING
  YESTERDAY       36                        31      5       25
  MONTH TO DATE  411                       491    -80      576
  SINCE DEC 1    411                       491    -80      576
  SINCE JUL 1   1353                      1343     10     1496

 COOLING
  YESTERDAY        0                         0      0        0
  MONTH TO DATE    0                         0      0        0
  SINCE DEC 1      0                         0      0        0
  SINCE JAN 1   1512                      1532    -20     1560
..................................................................


WIND (MPH)
  HIGHEST WIND SPEED    12   HIGHEST WIND DIRECTION     E (100)
  HIGHEST GUST SPEED    14   HIGHEST GUST DIRECTION     E (100)
  AVERAGE WIND SPEED     6.1


SKY COVER
  POSSIBLE SUNSHINE  MM
  AVERAGE SKY COVER 0.8


WEATHER CONDITIONS
 THE FOLLOWING WEATHER WAS RECORDED YESTERDAY.
  FREEZING RAIN
  LT FREEZING RAIN
  LIGHT SNOW
  FOG


RELATIVE HUMIDITY (PERCENT)
 HIGHEST   100          1100 PM
 LOWEST     78          1200 AM
 AVERAGE    89

..........................................................


THE CHANUTE KS CLIMATE NORMALS FOR TODAY
                         NORMAL    RECORD    YEAR
 MAXIMUM TEMPERATURE (F)   43        68      1966
 MINIMUM TEMPERATURE (F)   25        -4      1945


SUNRISE AND SUNSET
DECEMBER 18 2014......SUNRISE   732 AM CST   SUNSET   506 PM CST
DECEMBER 19 2014......SUNRISE   732 AM CST   SUNSET   506 PM CST


-  INDICATES NEGATIVE NUMBERS.
R  INDICATES RECORD WAS SET OR TIED.
MM INDICATES DATA IS MISSING.
T  INDICATES TRACE AMOUNT.




$$
