000
CDUS43 KICT 160630
CLICNU


CLIMATE REPORT
NATIONAL WEATHER SERVICE WICHITA KS
1230 AM CST FRI JAN 16 2015


...................................

...THE CHANUTE KS CLIMATE SUMMARY FOR JANUARY 15 2015...

CLIMATE NORMAL PERIOD 1981 TO 2010
CLIMATE RECORD PERIOD 1894 TO 2015


WEATHER ITEM   OBSERVED TIME   RECORD YEAR NORMAL DEPARTURE LAST
                VALUE   (LST)  VALUE       VALUE  FROM      YEAR
                                                  NORMAL
..................................................................
TEMPERATURE (F)
 YESTERDAY
  MAXIMUM         55    328 PM  67    2006  42     13       42
  MINIMUM         20    754 AM  -6    1927  23     -3       21
  AVERAGE         38                        32      6       32

PRECIPITATION (IN)
  YESTERDAY        0.00          0.76 1949   0.04  -0.04     0.00
  MONTH TO DATE    0.20                      0.58  -0.38     0.11
  SINCE DEC 1      2.57                      2.33   0.24     0.27
  SINCE JAN 1      0.20                      0.58  -0.38     0.11

DEGREE DAYS
 HEATING
  YESTERDAY       27                        33     -6       33
  MONTH TO DATE  597                       495    102      536
  SINCE DEC 1   1432                      1436     -4     1569
  SINCE JUL 1   2374                      2288     86     2489

 COOLING
  YESTERDAY        0                         0      0        0
  MONTH TO DATE    0                         0      0        0
  SINCE DEC 1      0                         0      0        0
  SINCE JAN 1      0                         0      0        0
..................................................................


WIND (MPH)
  HIGHEST WIND SPEED    16   HIGHEST WIND DIRECTION    NW (300)
  HIGHEST GUST SPEED    21   HIGHEST GUST DIRECTION     W (290)
  AVERAGE WIND SPEED     6.3


SKY COVER
  POSSIBLE SUNSHINE  MM
  AVERAGE SKY COVER 0.0


WEATHER CONDITIONS
 THE FOLLOWING WEATHER WAS RECORDED YESTERDAY.
  NO SIGNIFICANT WEATHER WAS OBSERVED.


RELATIVE HUMIDITY (PERCENT)
 HIGHEST    91           800 AM
 LOWEST     30           300 PM
 AVERAGE    61

..........................................................


THE CHANUTE KS CLIMATE NORMALS FOR TODAY
                         NORMAL    RECORD    YEAR
 MAXIMUM TEMPERATURE (F)   42        72      1935
 MINIMUM TEMPERATURE (F)   23        -6      1930


SUNRISE AND SUNSET
JANUARY 16 2015.......SUNRISE   736 AM CST   SUNSET   528 PM CST
JANUARY 17 2015.......SUNRISE   735 AM CST   SUNSET   529 PM CST


-  INDICATES NEGATIVE NUMBERS.
R  INDICATES RECORD WAS SET OR TIED.
MM INDICATES DATA IS MISSING.
T  INDICATES TRACE AMOUNT.




$$
