000
CDUS43 KICT 060644
CLICNU


CLIMATE REPORT
NATIONAL WEATHER SERVICE WICHITA KS
1243 AM CST WED DEC 6 2017


...................................

...THE CHANUTE KS CLIMATE SUMMARY FOR DECEMBER 5 2017...

CLIMATE NORMAL PERIOD 1981 TO 2010
CLIMATE RECORD PERIOD 1894 TO 2017


WEATHER ITEM   OBSERVED TIME   RECORD YEAR NORMAL DEPARTURE LAST
                VALUE   (LST)  VALUE       VALUE  FROM      YEAR
                                                  NORMAL
..................................................................
TEMPERATURE (F)
 YESTERDAY
  MAXIMUM         49    352 PM  75    2001  47      2       52
  MINIMUM         30    458 AM   4    1950  28      2       27
  AVERAGE         40                        37      3       40

PRECIPITATION (IN)
  YESTERDAY        0.00          1.27 2014   0.06  -0.06     0.00
  MONTH TO DATE    0.00                      0.34  -0.34     0.33
  SINCE DEC 1      0.00                      0.34  -0.34     0.33
  SINCE JAN 1     46.05                     40.66   5.39    36.45

DEGREE DAYS
 HEATING
  YESTERDAY       25                        28     -3       25
  MONTH TO DATE   81                       135    -54      114
  SINCE DEC 1     81                       135    -54      114
  SINCE JUL 1    782                       987   -205      592

 COOLING
  YESTERDAY        0                         0      0        0
  MONTH TO DATE    0                         0      0        0
  SINCE DEC 1      0                         0      0        0
  SINCE JAN 1   1619                      1532     87     1846
..................................................................


WIND (MPH)
  HIGHEST WIND SPEED    28   HIGHEST WIND DIRECTION    NW (330)
  HIGHEST GUST SPEED    37   HIGHEST GUST DIRECTION    NW (330)
  AVERAGE WIND SPEED    10.8


SKY COVER
  POSSIBLE SUNSHINE  MM
  AVERAGE SKY COVER 0.1


WEATHER CONDITIONS
 THE FOLLOWING WEATHER WAS RECORDED YESTERDAY.
  NO SIGNIFICANT WEATHER WAS OBSERVED.


RELATIVE HUMIDITY (PERCENT)
 HIGHEST    54          1200 AM
 LOWEST     19           400 PM
 AVERAGE    37

..........................................................


THE CHANUTE KS CLIMATE NORMALS FOR TODAY
                         NORMAL    RECORD    YEAR
 MAXIMUM TEMPERATURE (F)   47        74      1939
 MINIMUM TEMPERATURE (F)   27        -2      1950


SUNRISE AND SUNSET
DECEMBER  6 2017......SUNRISE   723 AM CST   SUNSET   503 PM CST
DECEMBER  7 2017......SUNRISE   724 AM CST   SUNSET   503 PM CST


-  INDICATES NEGATIVE NUMBERS.
R  INDICATES RECORD WAS SET OR TIED.
MM INDICATES DATA IS MISSING.
T  INDICATES TRACE AMOUNT.




$$
