000
CDUS43 KICT 110623
CLICNU


CLIMATE REPORT
NATIONAL WEATHER SERVICE WICHITA KS
123 AM CDT SAT OCT 11 2014


...................................

...THE CHANUTE KS CLIMATE SUMMARY FOR OCTOBER 10 2014...

CLIMATE NORMAL PERIOD 1981 TO 2010
CLIMATE RECORD PERIOD 1894 TO 2014


WEATHER ITEM   OBSERVED TIME   RECORD YEAR NORMAL DEPARTURE LAST
                VALUE   (LST)  VALUE       VALUE  FROM      YEAR
                                                  NORMAL
..................................................................
TEMPERATURE (F)
 YESTERDAY
  MAXIMUM         62   1252 AM  94    1963  71     -9       79
  MINIMUM         50    224 PM  26    1925  49      1       50
  AVERAGE         56                        60     -4       65

PRECIPITATION (IN)
  YESTERDAY        1.50          1.81 1961   0.12   1.38     0.00
  MONTH TO DATE    1.87                      1.39   0.48     0.59
  SINCE SEP 1      4.97                      5.06  -0.09     3.61
  SINCE JAN 1     25.45                     35.55 -10.10    39.23

DEGREE DAYS
 HEATING
  YESTERDAY        9                         6      3        0
  MONTH TO DATE   41                        52    -11       33
  SINCE SEP 1     71                        98    -27       49
  SINCE JUL 1     72                        99    -27       49

 COOLING
  YESTERDAY        0                         1     -1        0
  MONTH TO DATE   22                        18      4       34
  SINCE SEP 1    208                       211     -3      288
  SINCE JAN 1   1496                      1515    -19     1555
..................................................................


WIND (MPH)
  HIGHEST WIND SPEED    25   HIGHEST WIND DIRECTION    NE (40)
  HIGHEST GUST SPEED    32   HIGHEST GUST DIRECTION    NE (30)
  AVERAGE WIND SPEED    12.0


SKY COVER
  POSSIBLE SUNSHINE  MM
  AVERAGE SKY COVER 1.0


WEATHER CONDITIONS
 THE FOLLOWING WEATHER WAS RECORDED YESTERDAY.
  THUNDERSTORM
  HEAVY RAIN
  RAIN
  LIGHT RAIN
  FOG


RELATIVE HUMIDITY (PERCENT)
 HIGHEST   100           500 AM
 LOWEST     77           600 PM
 AVERAGE    89

..........................................................


THE CHANUTE KS CLIMATE NORMALS FOR TODAY
                         NORMAL    RECORD    YEAR
 MAXIMUM TEMPERATURE (F)   71        91      1975
 MINIMUM TEMPERATURE (F)   49        29      1932


SUNRISE AND SUNSET
OCTOBER 11 2014.......SUNRISE   726 AM CDT   SUNSET   650 PM CDT
OCTOBER 12 2014.......SUNRISE   727 AM CDT   SUNSET   649 PM CDT


-  INDICATES NEGATIVE NUMBERS.
R  INDICATES RECORD WAS SET OR TIED.
MM INDICATES DATA IS MISSING.
T  INDICATES TRACE AMOUNT.




$$

JMBW
