000
CDUS43 KICT 060646
CLICNU


CLIMATE REPORT
NATIONAL WEATHER SERVICE WICHITA KS
146 AM CDT SAT AUG 6 2016


...................................

...THE CHANUTE KS CLIMATE SUMMARY FOR AUGUST 5 2016...

CLIMATE NORMAL PERIOD 1981 TO 2010
CLIMATE RECORD PERIOD 1894 TO 2016


WEATHER ITEM   OBSERVED TIME   RECORD YEAR NORMAL DEPARTURE LAST
                VALUE   (LST)  VALUE       VALUE  FROM      YEAR
                                                  NORMAL
..................................................................
TEMPERATURE (F)
 YESTERDAY
  MAXIMUM         88    500 PM 108    1956  91     -3       86
  MINIMUM         75    748 AM  55    1948  69      6       69
  AVERAGE         82                        80      2       78

PRECIPITATION (IN)
  YESTERDAY        0.13          4.03 1924   0.11   0.02     1.85
  MONTH TO DATE    0.13                      0.58  -0.45     1.92
  SINCE JUN 1      7.82                     10.98  -3.16     9.09
  SINCE JAN 1     19.61                     27.38  -7.77    27.06

DEGREE DAYS
 HEATING
  YESTERDAY        0                         0      0        0
  MONTH TO DATE    0                         0      0        0
  SINCE JUN 1      0                         6     -6        0
  SINCE JUL 1      0                         0      0        0

 COOLING
  YESTERDAY       17                        15      2       13
  MONTH TO DATE  100                        75     25       70
  SINCE JUN 1   1035                       816    219      947
  SINCE JAN 1   1142                       949    193     1056
..................................................................


WIND (MPH)
  HIGHEST WIND SPEED    17   HIGHEST WIND DIRECTION     W (270)
  HIGHEST GUST SPEED    21   HIGHEST GUST DIRECTION     W (270)
  AVERAGE WIND SPEED     6.2


SKY COVER
  POSSIBLE SUNSHINE  MM
  AVERAGE SKY COVER 0.6


WEATHER CONDITIONS
 THE FOLLOWING WEATHER WAS RECORDED YESTERDAY.
  THUNDERSTORM
  LIGHT RAIN
  FOG


RELATIVE HUMIDITY (PERCENT)
 HIGHEST    94           800 AM
 LOWEST     63           500 PM
 AVERAGE    79

..........................................................


THE CHANUTE KS CLIMATE NORMALS FOR TODAY
                         NORMAL    RECORD    YEAR
 MAXIMUM TEMPERATURE (F)   91       110      1956
 MINIMUM TEMPERATURE (F)   69        56      1994


SUNRISE AND SUNSET
AUGUST  6 2016........SUNRISE   630 AM CDT   SUNSET   825 PM CDT
AUGUST  7 2016........SUNRISE   631 AM CDT   SUNSET   823 PM CDT


-  INDICATES NEGATIVE NUMBERS.
R  INDICATES RECORD WAS SET OR TIED.
MM INDICATES DATA IS MISSING.
T  INDICATES TRACE AMOUNT.




$$
