000
CDUS43 KICT 080652
CLICNU

CLIMATE REPORT
NATIONAL WEATHER SERVICE WICHITA KS
150 AM CDT FRI MAY 8 2015


...................................

...THE CHANUTE KS CLIMATE SUMMARY FOR MAY 7 2015...

CLIMATE NORMAL PERIOD 1981 TO 2010
CLIMATE RECORD PERIOD 1894 TO 2015


WEATHER ITEM   OBSERVED TIME   RECORD YEAR NORMAL DEPARTURE LAST
                VALUE   (LST)  VALUE       VALUE  FROM      YEAR
                                                  NORMAL
..................................................................
TEMPERATURE (F)
 YESTERDAY
  MAXIMUM         81    236 PM  91    1934  74      7       84
  MINIMUM         65   1154 PM  36    1989  53     12       68
  AVERAGE         73                        63     10       76

PRECIPITATION (IN)
  YESTERDAY        0.52          1.78 1943   0.16   0.36     0.00
  MONTH TO DATE    0.77                      1.11  -0.34     0.00
  SINCE MAR 1      5.85                      8.55  -2.70     2.97
  SINCE JAN 1      7.16                     11.71  -4.55     3.94

DEGREE DAYS
 HEATING
  YESTERDAY        0                         4     -4        0
  MONTH TO DATE    7                        30    -23       29
  SINCE MAR 1    689                       860   -171     1002
  SINCE JUL 1   4379                      4432    -53     5022

 COOLING
  YESTERDAY        8                         2      6       11
  MONTH TO DATE   29                        12     17       45
  SINCE MAR 1     51                        43      8       61
  SINCE JAN 1     51                        43      8       61
..................................................................


WIND (MPH)
  HIGHEST WIND SPEED    28   HIGHEST WIND DIRECTION     S (190)
  HIGHEST GUST SPEED    36   HIGHEST GUST DIRECTION     S (190)
  AVERAGE WIND SPEED    12.7


SKY COVER
  POSSIBLE SUNSHINE  MM
  AVERAGE SKY COVER 0.5


WEATHER CONDITIONS
 THE FOLLOWING WEATHER WAS RECORDED YESTERDAY.
  THUNDERSTORM
  HEAVY RAIN
  RAIN
  LIGHT RAIN
  FOG


RELATIVE HUMIDITY (PERCENT)
 HIGHEST    93          1100 PM
 LOWEST     60          1200 PM
 AVERAGE    77

..........................................................


THE CHANUTE KS CLIMATE NORMALS FOR TODAY
                         NORMAL    RECORD    YEAR
 MAXIMUM TEMPERATURE (F)   74        91      1962
 MINIMUM TEMPERATURE (F)   53        35      1976


SUNRISE AND SUNSET
MAY  8 2015...........SUNRISE   619 AM CDT   SUNSET   818 PM CDT
MAY  9 2015...........SUNRISE   618 AM CDT   SUNSET   819 PM CDT


-  INDICATES NEGATIVE NUMBERS.
R  INDICATES RECORD WAS SET OR TIED.
MM INDICATES DATA IS MISSING.
T  INDICATES TRACE AMOUNT.

$$
