000
CDUS43 KICT 080626
CLICNU

CLIMATE REPORT
NATIONAL WEATHER SERVICE WICHITA KS
125 AM CDT FRI AUG 8 2014


...................................

...THE CHANUTE KS CLIMATE SUMMARY FOR AUGUST 7 2014...

CLIMATE NORMAL PERIOD 1981 TO 2010
CLIMATE RECORD PERIOD 1894 TO 2014


WEATHER ITEM   OBSERVED TIME   RECORD YEAR NORMAL DEPARTURE LAST
                VALUE   (LST)  VALUE       VALUE  FROM      YEAR
                                                  NORMAL
..................................................................
TEMPERATURE (F)
 YESTERDAY
  MAXIMUM         91    401 PM 107    1956  91      0       88
  MINIMUM         69    614 AM  50    1997  69      0       73
  AVERAGE         80                        80      0       81

PRECIPITATION (IN)
  YESTERDAY        0.02          1.54 1927   0.11  -0.09     0.13
  MONTH TO DATE    1.00                      0.81   0.19     3.21
  SINCE JUN 1     10.66                     11.21  -0.55    16.36
  SINCE JAN 1     20.12                     27.61  -7.49    34.92

DEGREE DAYS
 HEATING
  YESTERDAY        0                         0      0        0
  MONTH TO DATE    0                         0      0        0
  SINCE JUN 1      1                         6     -5       10
  SINCE JUL 1      1                         0      1        0

 COOLING
  YESTERDAY       15                        15      0       16
  MONTH TO DATE   91                       105    -14      103
  SINCE JUN 1    699                       846   -147      844
  SINCE JAN 1    891                       979    -88      967
..................................................................


WIND (MPH)
  HIGHEST WIND SPEED    16   HIGHEST WIND DIRECTION     S (190)
  HIGHEST GUST SPEED    22   HIGHEST GUST DIRECTION     S (180)
  AVERAGE WIND SPEED     7.3


SKY COVER
  POSSIBLE SUNSHINE  MM
  AVERAGE SKY COVER 0.4


WEATHER CONDITIONS
 THE FOLLOWING WEATHER WAS RECORDED YESTERDAY.
  THUNDERSTORM
  HEAVY RAIN
  RAIN
  LIGHT RAIN
  FOG


RELATIVE HUMIDITY (PERCENT)
 HIGHEST    93          1200 AM
 LOWEST     55           300 PM
 AVERAGE    74

..........................................................


THE CHANUTE KS CLIMATE NORMALS FOR TODAY
                         NORMAL    RECORD    YEAR
 MAXIMUM TEMPERATURE (F)   91       108      1970
 MINIMUM TEMPERATURE (F)   69        52      1989


SUNRISE AND SUNSET
AUGUST  8 2014........SUNRISE   632 AM CDT   SUNSET   823 PM CDT
AUGUST  9 2014........SUNRISE   633 AM CDT   SUNSET   822 PM CDT


-  INDICATES NEGATIVE NUMBERS.
R  INDICATES RECORD WAS SET OR TIED.
MM INDICATES DATA IS MISSING.
T  INDICATES TRACE AMOUNT.




$$
