000
CDUS43 KICT 010742
CLICNU


CLIMATE REPORT
NATIONAL WEATHER SERVICE WICHITA KS
142 AM CST WED MAR 1 2017


...................................

...THE CHANUTE KS CLIMATE SUMMARY FOR FEBRUARY 28 2017...

CLIMATE NORMAL PERIOD 1981 TO 2010
CLIMATE RECORD PERIOD 1894 TO 2017


WEATHER ITEM   OBSERVED TIME   RECORD YEAR NORMAL DEPARTURE LAST
                VALUE   (LST)  VALUE       VALUE  FROM      YEAR
                                                  NORMAL
..................................................................
TEMPERATURE (F)
 YESTERDAY
  MAXIMUM         77    306 PM  81    1932  52     25       73
  MINIMUM         46   1159 PM   0    1962  31     15       34
  AVERAGE         62                        42     20       54

PRECIPITATION (IN)
  YESTERDAY        0.28          2.08 1987   0.08   0.20     0.00
  MONTH TO DATE    0.31                      1.90  -1.59     0.30
  SINCE DEC 1      2.93                      4.91  -1.98     4.63
  SINCE JAN 1      2.15                      3.16  -1.01     1.08

DEGREE DAYS
 HEATING
  YESTERDAY        3                        23    -20       11
  MONTH TO DATE  506                       773   -267      622
  SINCE DEC 1   2290                      2720   -430     2308
  SINCE JUL 1   2768                      3572   -804     2951

 COOLING
  YESTERDAY        0                         0      0        0
  MONTH TO DATE    3                         0      3        0
  SINCE DEC 1      3                         0      3        0
  SINCE JAN 1      3                         0      3        0
..................................................................


WIND (MPH)
  HIGHEST WIND SPEED    37   HIGHEST WIND DIRECTION     N (340)
  HIGHEST GUST SPEED    44   HIGHEST GUST DIRECTION     N (350)
  AVERAGE WIND SPEED    21.5


SKY COVER
  POSSIBLE SUNSHINE  MM
  AVERAGE SKY COVER 0.4


WEATHER CONDITIONS
 THE FOLLOWING WEATHER WAS RECORDED YESTERDAY.
  THUNDERSTORM
  HEAVY RAIN
  LIGHT RAIN
  FOG


RELATIVE HUMIDITY (PERCENT)
 HIGHEST    90           700 AM
 LOWEST     33           300 PM
 AVERAGE    62

..........................................................


THE CHANUTE KS CLIMATE NORMALS FOR TODAY
                         NORMAL    RECORD    YEAR
 MAXIMUM TEMPERATURE (F)   53        86      2006
 MINIMUM TEMPERATURE (F)   31         5      1962


SUNRISE AND SUNSET
MARCH  1 2017.........SUNRISE   653 AM CST   SUNSET   616 PM CST
MARCH  2 2017.........SUNRISE   652 AM CST   SUNSET   617 PM CST


-  INDICATES NEGATIVE NUMBERS.
R  INDICATES RECORD WAS SET OR TIED.
MM INDICATES DATA IS MISSING.
T  INDICATES TRACE AMOUNT.




$$
