844
CDUS43 KICT 080641
CLICNU


CLIMATE REPORT
NATIONAL WEATHER SERVICE WICHITA KS
1241 AM CST SUN JAN 8 2017


...................................

...THE CHANUTE KS CLIMATE SUMMARY FOR JANUARY 7 2017...

CLIMATE NORMAL PERIOD 1981 TO 2010
CLIMATE RECORD PERIOD 1894 TO 2017


WEATHER ITEM   OBSERVED TIME   RECORD YEAR NORMAL DEPARTURE LAST
                VALUE   (LST)  VALUE       VALUE  FROM      YEAR
                                                  NORMAL
..................................................................
TEMPERATURE (F)
 YESTERDAY
  MAXIMUM         37    406 PM  72    2008  42     -5       48
  MINIMUM          7    738 AM -12    1912  23    -16       39
  AVERAGE         22                        32    -10       44

PRECIPITATION (IN)
  YESTERDAY        0.00          1.32 1935   0.04  -0.04     0.58
  MONTH TO DATE    0.01                      0.28  -0.27     0.65
  SINCE DEC 1      0.79                      2.03  -1.24     4.20
  SINCE JAN 1      0.01                      0.28  -0.27     0.65

DEGREE DAYS
 HEATING
  YESTERDAY       43                        33     10       21
  MONTH TO DATE  252                       231     21      219
  SINCE DEC 1   1194                      1172     22      931
  SINCE JUL 1   1672                      2024   -352     1574

 COOLING
  YESTERDAY        0                         0      0        0
  MONTH TO DATE    0                         0      0        0
  SINCE DEC 1      0                         0      0        0
  SINCE JAN 1      0                         0      0        0
..................................................................


WIND (MPH)
  HIGHEST WIND SPEED    13   HIGHEST WIND DIRECTION    NW (300)
  HIGHEST GUST SPEED    17   HIGHEST GUST DIRECTION    NW (300)
  AVERAGE WIND SPEED     7.0


SKY COVER
  POSSIBLE SUNSHINE  MM
  AVERAGE SKY COVER 0.0


WEATHER CONDITIONS
 THE FOLLOWING WEATHER WAS RECORDED YESTERDAY.
  NO SIGNIFICANT WEATHER WAS OBSERVED.


RELATIVE HUMIDITY (PERCENT)
 HIGHEST    80          1200 AM
 LOWEST     29           300 PM
 AVERAGE    55

..........................................................


THE CHANUTE KS CLIMATE NORMALS FOR TODAY
                         NORMAL    RECORD    YEAR
 MAXIMUM TEMPERATURE (F)   42        71      1939
 MINIMUM TEMPERATURE (F)   23        -9      1979


SUNRISE AND SUNSET
JANUARY  8 2017.......SUNRISE   737 AM CST   SUNSET   521 PM CST
JANUARY  9 2017.......SUNRISE   737 AM CST   SUNSET   522 PM CST


-  INDICATES NEGATIVE NUMBERS.
R  INDICATES RECORD WAS SET OR TIED.
MM INDICATES DATA IS MISSING.
T  INDICATES TRACE AMOUNT.




$$
