876
CDUS43 KICT 210713
CLICNU


CLIMATE REPORT
NATIONAL WEATHER SERVICE WICHITA KS
213 AM CDT THU APR 21 2016


...................................

...THE CHANUTE KS CLIMATE SUMMARY FOR APRIL 20 2016...

CLIMATE NORMAL PERIOD 1981 TO 2010
CLIMATE RECORD PERIOD 1894 TO 2016


WEATHER ITEM   OBSERVED TIME   RECORD YEAR NORMAL DEPARTURE LAST
                VALUE   (LST)  VALUE       VALUE  FROM      YEAR
                                                  NORMAL
..................................................................
TEMPERATURE (F)
 YESTERDAY
  MAXIMUM         69    514 PM  87    1987  69      0       61
  MINIMUM         53   1151 PM  27    1953  47      6       44
  AVERAGE         61                        58      3       53

PRECIPITATION (IN)
  YESTERDAY        0.00          2.85 1929   0.14  -0.14     0.00
  MONTH TO DATE    2.85                      2.72   0.13     4.44
  SINCE MAR 1      4.26                      5.76  -1.50     4.99
  SINCE JAN 1      5.34                      8.92  -3.58     6.30

DEGREE DAYS
 HEATING
  YESTERDAY        4                         8     -4       12
  MONTH TO DATE  143                       209    -66      120
  SINCE MAR 1    531                       768   -237      615
  SINCE JUL 1   3496                      4340   -844     4305

 COOLING
  YESTERDAY        0                         1     -1        0
  MONTH TO DATE   11                        16     -5       22
  SINCE MAR 1     11                        20     -9       22
  SINCE JAN 1     11                        20     -9       22
..................................................................


WIND (MPH)
  HIGHEST WIND SPEED    17   HIGHEST WIND DIRECTION     W (280)
  HIGHEST GUST SPEED    23   HIGHEST GUST DIRECTION    NW (320)
  AVERAGE WIND SPEED     8.6


SKY COVER
  POSSIBLE SUNSHINE  MM
  AVERAGE SKY COVER 0.6


WEATHER CONDITIONS
 THE FOLLOWING WEATHER WAS RECORDED YESTERDAY.
  NO SIGNIFICANT WEATHER WAS OBSERVED.


RELATIVE HUMIDITY (PERCENT)
 HIGHEST   100          1200 AM
 LOWEST     49           400 PM
 AVERAGE    75

..........................................................


THE CHANUTE KS CLIMATE NORMALS FOR TODAY
                         NORMAL    RECORD    YEAR
 MAXIMUM TEMPERATURE (F)   70        91      1965
 MINIMUM TEMPERATURE (F)   48        25      1966


SUNRISE AND SUNSET
APRIL 21 2016.........SUNRISE   638 AM CDT   SUNSET   804 PM CDT
APRIL 22 2016.........SUNRISE   637 AM CDT   SUNSET   804 PM CDT


-  INDICATES NEGATIVE NUMBERS.
R  INDICATES RECORD WAS SET OR TIED.
MM INDICATES DATA IS MISSING.
T  INDICATES TRACE AMOUNT.




$$
