000
CDUS43 KICT 110639
CLICNU


CLIMATE REPORT
NATIONAL WEATHER SERVICE WICHITA KS
138 AM CDT MON JUL 11 2016


...................................

...THE CHANUTE KS CLIMATE SUMMARY FOR JULY 10 2016...

CLIMATE NORMAL PERIOD 1981 TO 2010
CLIMATE RECORD PERIOD 1894 TO 2016


WEATHER ITEM   OBSERVED TIME   RECORD YEAR NORMAL DEPARTURE LAST
                VALUE   (LST)  VALUE       VALUE  FROM      YEAR
                                                  NORMAL
..................................................................
TEMPERATURE (F)
 YESTERDAY
  MAXIMUM         91    405 PM 109    1980  90      1       86
  MINIMUM         70    523 AM  56    1961  69      1       65
  AVERAGE         81                        79      2       76

PRECIPITATION (IN)
  YESTERDAY        0.00          2.59 1951   0.15  -0.15     0.07
  MONTH TO DATE    0.03                      1.57  -1.54     4.17
  SINCE JUN 1      3.23                      7.60  -4.37     6.54
  SINCE JAN 1     15.02                     24.00  -8.98    24.51

DEGREE DAYS
 HEATING
  YESTERDAY        0                         0      0        0
  MONTH TO DATE    0                         0      0        0
  SINCE JUN 1      0                         6     -6        0
  SINCE JUL 1      0                         0      0        0

 COOLING
  YESTERDAY       16                        14      2       11
  MONTH TO DATE  150                       138     12      107
  SINCE JUN 1    584                       430    154      498
  SINCE JAN 1    691                       563    128      607
..................................................................


WIND (MPH)
  HIGHEST WIND SPEED    18   HIGHEST WIND DIRECTION     S (160)
  HIGHEST GUST SPEED    28   HIGHEST GUST DIRECTION     S (190)
  AVERAGE WIND SPEED     9.9


SKY COVER
  POSSIBLE SUNSHINE  MM
  AVERAGE SKY COVER 0.0


WEATHER CONDITIONS
 THE FOLLOWING WEATHER WAS RECORDED YESTERDAY.
  NO SIGNIFICANT WEATHER WAS OBSERVED.


RELATIVE HUMIDITY (PERCENT)
 HIGHEST    93           200 AM
 LOWEST     52           200 PM
 AVERAGE    73

..........................................................


THE CHANUTE KS CLIMATE NORMALS FOR TODAY
                         NORMAL    RECORD    YEAR
 MAXIMUM TEMPERATURE (F)   90       108      1954
 MINIMUM TEMPERATURE (F)   69        57      1926


SUNRISE AND SUNSET
JULY 11 2016..........SUNRISE   610 AM CDT   SUNSET   845 PM CDT
JULY 12 2016..........SUNRISE   611 AM CDT   SUNSET   844 PM CDT


-  INDICATES NEGATIVE NUMBERS.
R  INDICATES RECORD WAS SET OR TIED.
MM INDICATES DATA IS MISSING.
T  INDICATES TRACE AMOUNT.




$$
