925
CDUS43 KICT 130627
CLICNU


CLIMATE REPORT
NATIONAL WEATHER SERVICE WICHITA KS
127 AM CDT TUE JUN 13 2017


...................................

...THE CHANUTE KS CLIMATE SUMMARY FOR JUNE 12 2017...

CLIMATE NORMAL PERIOD 1981 TO 2010
CLIMATE RECORD PERIOD 1894 TO 2017


WEATHER ITEM   OBSERVED TIME   RECORD YEAR NORMAL DEPARTURE LAST
                VALUE   (LST)  VALUE       VALUE  FROM      YEAR
                                                  NORMAL
..................................................................
TEMPERATURE (F)
 YESTERDAY
  MAXIMUM         91    413 PM 106    1953  84      7       90
  MINIMUM         69    459 AM  48    1913  64      5       69
  AVERAGE         80                        74      6       80

PRECIPITATION (IN)
  YESTERDAY        0.00          1.79 2002   0.21  -0.21     0.05
  MONTH TO DATE    0.09                      2.75  -2.66     0.56
  SINCE JUN 1      0.09                      2.75  -2.66     0.56
  SINCE JAN 1     21.17                     19.15   2.02    12.35

DEGREE DAYS
 HEATING
  YESTERDAY        0                         0      0        0
  MONTH TO DATE    0                         4     -4        0
  SINCE JUN 1      0                         4     -4        0
  SINCE JUL 1   3452                      4481  -1029     3647

 COOLING
  YESTERDAY       15                         9      6       15
  MONTH TO DATE  107                        90     17      121
  SINCE JUN 1    107                        90     17      121
  SINCE JAN 1    274                       223     51      228
..................................................................


WIND (MPH)
  HIGHEST WIND SPEED    25   HIGHEST WIND DIRECTION     S (160)
  HIGHEST GUST SPEED    33   HIGHEST GUST DIRECTION     S (180)
  AVERAGE WIND SPEED    15.6


SKY COVER
  POSSIBLE SUNSHINE  MM
  AVERAGE SKY COVER 0.1


WEATHER CONDITIONS
 THE FOLLOWING WEATHER WAS RECORDED YESTERDAY.
  NO SIGNIFICANT WEATHER WAS OBSERVED.


RELATIVE HUMIDITY (PERCENT)
 HIGHEST    84           500 AM
 LOWEST     50           400 PM
 AVERAGE    67

..........................................................


THE CHANUTE KS CLIMATE NORMALS FOR TODAY
                         NORMAL    RECORD    YEAR
 MAXIMUM TEMPERATURE (F)   84       102      1963
 MINIMUM TEMPERATURE (F)   64        47      1985


SUNRISE AND SUNSET
JUNE 13 2017..........SUNRISE   600 AM CDT   SUNSET   845 PM CDT
JUNE 14 2017..........SUNRISE   600 AM CDT   SUNSET   845 PM CDT


-  INDICATES NEGATIVE NUMBERS.
R  INDICATES RECORD WAS SET OR TIED.
MM INDICATES DATA IS MISSING.
T  INDICATES TRACE AMOUNT.




$$
