000
CDUS43 KICT 260620
CLICNU


CLIMATE REPORT
NATIONAL WEATHER SERVICE WICHITA KS
1220 AM CST TUE DEC 26 2017


...................................

...THE CHANUTE KS CLIMATE SUMMARY FOR DECEMBER 25 2017...

CLIMATE NORMAL PERIOD 1981 TO 2010
CLIMATE RECORD PERIOD 1894 TO 2017


WEATHER ITEM   OBSERVED TIME   RECORD YEAR NORMAL DEPARTURE LAST
                VALUE   (LST)  VALUE       VALUE  FROM      YEAR
                                                  NORMAL
..................................................................
TEMPERATURE (F)
 YESTERDAY
  MAXIMUM         34    250 PM  71    1922  42     -8       70
  MINIMUM         19   1212 AM -10    1983  24     -5       47
  AVERAGE         27                        33     -6       59

PRECIPITATION (IN)
  YESTERDAY        0.00          0.37 1941   0.05  -0.05     0.26
  MONTH TO DATE    0.24                      1.47  -1.23     0.78
  SINCE DEC 1      0.24                      1.47  -1.23     0.78
  SINCE JAN 1     46.29                     41.79   4.50    36.90

DEGREE DAYS
 HEATING
  YESTERDAY       38                        32      6        6
  MONTH TO DATE  596                       745   -149      793
  SINCE DEC 1    596                       745   -149      793
  SINCE JUL 1   1297                      1597   -300     1271

 COOLING
  YESTERDAY        0                         0      0        0
  MONTH TO DATE    0                         0      0        0
  SINCE DEC 1      0                         0      0        0
  SINCE JAN 1   1619                      1532     87     1846
..................................................................


WIND (MPH)
  HIGHEST WIND SPEED    14   HIGHEST WIND DIRECTION    SE (120)
  HIGHEST GUST SPEED    17   HIGHEST GUST DIRECTION    SE (120)
  AVERAGE WIND SPEED     6.3


SKY COVER
  POSSIBLE SUNSHINE  MM
  AVERAGE SKY COVER 0.5


WEATHER CONDITIONS
 THE FOLLOWING WEATHER WAS RECORDED YESTERDAY.
  NO SIGNIFICANT WEATHER WAS OBSERVED.


RELATIVE HUMIDITY (PERCENT)
 HIGHEST    77           500 AM
 LOWEST     41           100 PM
 AVERAGE    59

..........................................................


THE CHANUTE KS CLIMATE NORMALS FOR TODAY
                         NORMAL    RECORD    YEAR
 MAXIMUM TEMPERATURE (F)   42        70      2008
 MINIMUM TEMPERATURE (F)   24         0      1983


SUNRISE AND SUNSET
DECEMBER 26 2017......SUNRISE   736 AM CST   SUNSET   510 PM CST
DECEMBER 27 2017......SUNRISE   736 AM CST   SUNSET   511 PM CST


-  INDICATES NEGATIVE NUMBERS.
R  INDICATES RECORD WAS SET OR TIED.
MM INDICATES DATA IS MISSING.
T  INDICATES TRACE AMOUNT.




$$
