000
CDUS43 KICT 230624
CLICNU

CLIMATE REPORT
NATIONAL WEATHER SERVICE WICHITA KS
124 AM CDT SUN MAR 23 2014


...................................

...THE CHANUTE KS CLIMATE SUMMARY FOR MARCH 22 2014...

CLIMATE NORMAL PERIOD 1981 TO 2010
CLIMATE RECORD PERIOD 1894 TO 2014


WEATHER ITEM   OBSERVED TIME   RECORD YEAR NORMAL DEPARTURE LAST
                VALUE   (LST)  VALUE       VALUE  FROM      YEAR
                                                  NORMAL
..................................................................
TEMPERATURE (F)
 YESTERDAY
  MAXIMUM         54    302 PM  90    1910  60     -6       39
  MINIMUM         35   1159 PM   7    1955  38     -3       32
  AVERAGE         45                        49     -4       36

PRECIPITATION (IN)
  YESTERDAY        0.00          2.09 1937   0.10  -0.10     0.00
  MONTH TO DATE    0.73                      2.07  -1.34     0.80
  SINCE MAR 1      0.73                      2.07  -1.34     0.80
  SINCE JAN 1      1.70                      5.23  -3.53     6.56

DEGREE DAYS
 HEATING
  YESTERDAY       20                        16      4       29
  MONTH TO DATE  514                       428     86      511
  SINCE MAR 1    514                       428     86      511
  SINCE JUL 1   4534                      4000    534     3603

 COOLING
  YESTERDAY        0                         0      0        0
  MONTH TO DATE    0                         0      0        0
  SINCE MAR 1      0                         0      0        0
  SINCE JAN 1      0                         0      0        1
..................................................................


WIND (MPH)
  HIGHEST WIND SPEED    23   HIGHEST WIND DIRECTION    NE (30)
  HIGHEST GUST SPEED    30   HIGHEST GUST DIRECTION     N (20)
  AVERAGE WIND SPEED    14.3


SKY COVER
  POSSIBLE SUNSHINE  MM
  AVERAGE SKY COVER 0.2


WEATHER CONDITIONS
 THE FOLLOWING WEATHER WAS RECORDED YESTERDAY.
  NO SIGNIFICANT WEATHER WAS OBSERVED.


RELATIVE HUMIDITY (PERCENT)
 HIGHEST    65           300 AM
 LOWEST     26           500 PM
 AVERAGE    46

..........................................................


THE CHANUTE KS CLIMATE NORMALS FOR TODAY
                         NORMAL    RECORD    YEAR
 MAXIMUM TEMPERATURE (F)   61        94      1910
 MINIMUM TEMPERATURE (F)   38        13      1974


SUNRISE AND SUNSET
MARCH 23 2014.........SUNRISE   721 AM CDT   SUNSET   737 PM CDT
MARCH 24 2014.........SUNRISE   719 AM CDT   SUNSET   738 PM CDT


-  INDICATES NEGATIVE NUMBERS.
R  INDICATES RECORD WAS SET OR TIED.
MM INDICATES DATA IS MISSING.
T  INDICATES TRACE AMOUNT.




$$
