000
CDUS43 KICT 090634
CLICNU


CLIMATE REPORT
NATIONAL WEATHER SERVICE WICHITA KS
134 AM CDT THU OCT 9 2014


...................................

...THE CHANUTE KS CLIMATE SUMMARY FOR OCTOBER 8 2014...

CLIMATE NORMAL PERIOD 1981 TO 2010
CLIMATE RECORD PERIOD 1894 TO 2014


WEATHER ITEM   OBSERVED TIME   RECORD YEAR NORMAL DEPARTURE LAST
                VALUE   (LST)  VALUE       VALUE  FROM      YEAR
                                                  NORMAL
..................................................................
TEMPERATURE (F)
 YESTERDAY
  MAXIMUM         77    241 PM  95    1979  72      5       74
  MINIMUM         54    413 AM  25    2000  50      4       45
  AVERAGE         66                        61      5       60

PRECIPITATION (IN)
  YESTERDAY        0.00          3.52 2009   0.13  -0.13     0.00
  MONTH TO DATE    0.34                      1.14  -0.80     0.59
  SINCE SEP 1      3.44                      4.81  -1.37     3.61
  SINCE JAN 1     23.92                     35.30 -11.38    39.23

DEGREE DAYS
 HEATING
  YESTERDAY        0                         6     -6        5
  MONTH TO DATE   32                        40     -8       31
  SINCE SEP 1     62                        86    -24       47
  SINCE JUL 1     63                        87    -24       47

 COOLING
  YESTERDAY        1                         2     -1        0
  MONTH TO DATE   18                        16      2       34
  SINCE SEP 1    204                       209     -5      288
  SINCE JAN 1   1492                      1513    -21     1555
..................................................................


WIND (MPH)
  HIGHEST WIND SPEED    16   HIGHEST WIND DIRECTION     E (80)
  HIGHEST GUST SPEED    20   HIGHEST GUST DIRECTION    SE (120)
  AVERAGE WIND SPEED     7.0


SKY COVER
  POSSIBLE SUNSHINE  MM
  AVERAGE SKY COVER 0.4


WEATHER CONDITIONS
 THE FOLLOWING WEATHER WAS RECORDED YESTERDAY.
  FOG


RELATIVE HUMIDITY (PERCENT)
 HIGHEST   100           200 AM
 LOWEST     49          1100 AM
 AVERAGE    75

..........................................................


THE CHANUTE KS CLIMATE NORMALS FOR TODAY
                         NORMAL    RECORD    YEAR
 MAXIMUM TEMPERATURE (F)   72        94      1963
 MINIMUM TEMPERATURE (F)   49        22      2000


SUNRISE AND SUNSET
OCTOBER  9 2014.......SUNRISE   725 AM CDT   SUNSET   653 PM CDT
OCTOBER 10 2014.......SUNRISE   726 AM CDT   SUNSET   652 PM CDT


-  INDICATES NEGATIVE NUMBERS.
R  INDICATES RECORD WAS SET OR TIED.
MM INDICATES DATA IS MISSING.
T  INDICATES TRACE AMOUNT.




$$
