208
CDUS43 KICT 110621
CLICNU


CLIMATE REPORT
NATIONAL WEATHER SERVICE WICHITA KS
1219 AM CST SUN FEB 11 2018


...................................

...THE CHANUTE KS CLIMATE SUMMARY FOR FEBRUARY 10 2018...

CLIMATE NORMAL PERIOD 1981 TO 2010
CLIMATE RECORD PERIOD 1894 TO 2018


WEATHER ITEM   OBSERVED TIME   RECORD YEAR NORMAL DEPARTURE LAST
                VALUE   (LST)  VALUE       VALUE  FROM      YEAR
                                                  NORMAL
..................................................................
TEMPERATURE (F)
 YESTERDAY
  MAXIMUM         28   1221 AM  80    1922  46    -18       71
  MINIMUM         17    715 AM -16    2011  25     -8       40
  AVERAGE         23                        36    -13       56

PRECIPITATION (IN)
  YESTERDAY        T             1.11 2009   0.07  -0.07     0.00
  MONTH TO DATE    0.01                      0.56  -0.55     0.00
  SINCE DEC 1      0.86                      3.57  -2.71     2.62
  SINCE JAN 1      0.62                      1.82  -1.20     1.84

DEGREE DAYS
 HEATING
  YESTERDAY       42                        29     13        9
  MONTH TO DATE  367                       302     65      256
  SINCE DEC 1   2207                      2249    -42     2040
  SINCE JUL 1   2908                      3101   -193     2518

 COOLING
  YESTERDAY        0                         0      0        0
  MONTH TO DATE    0                         0      0        0
  SINCE DEC 1      0                         0      0        0
  SINCE JAN 1      0                         0      0        0
..................................................................


WIND (MPH)
  HIGHEST WIND SPEED    22   HIGHEST WIND DIRECTION     N (10)
  HIGHEST GUST SPEED    27   HIGHEST GUST DIRECTION     N (10)
  AVERAGE WIND SPEED    12.7


SKY COVER
  POSSIBLE SUNSHINE  MM
  AVERAGE SKY COVER 1.0


WEATHER CONDITIONS
 THE FOLLOWING WEATHER WAS RECORDED YESTERDAY.
  LT FREEZING RAIN
  FOG
  HAZE


RELATIVE HUMIDITY (PERCENT)
 HIGHEST    91           600 PM
 LOWEST     62           200 AM
 AVERAGE    77

..........................................................


THE CHANUTE KS CLIMATE NORMALS FOR TODAY
                         NORMAL    RECORD    YEAR
 MAXIMUM TEMPERATURE (F)   47        82      2017
 MINIMUM TEMPERATURE (F)   26       -10      1981


SUNRISE AND SUNSET
FEBRUARY 11 2018......SUNRISE   716 AM CST   SUNSET   557 PM CST
FEBRUARY 12 2018......SUNRISE   715 AM CST   SUNSET   558 PM CST


-  INDICATES NEGATIVE NUMBERS.
R  INDICATES RECORD WAS SET OR TIED.
MM INDICATES DATA IS MISSING.
T  INDICATES TRACE AMOUNT.




$$
