000
CDUS43 KICT 160649
CLICNU

CLIMATE REPORT
NATIONAL WEATHER SERVICE WICHITA KS
1247 AM CST THU NOV 16 2017

...................................

...THE CHANUTE KS CLIMATE SUMMARY FOR NOVEMBER 15 2017...

CLIMATE NORMAL PERIOD 1981 TO 2010
CLIMATE RECORD PERIOD 1894 TO 2017


WEATHER ITEM   OBSERVED TIME   RECORD YEAR NORMAL DEPARTURE LAST
                VALUE   (LST)  VALUE       VALUE  FROM      YEAR
                                                  NORMAL
..................................................................
TEMPERATURE (F)
 YESTERDAY
  MAXIMUM         62    323 PM  81    1899  57      5       72
  MINIMUM         36   1043 PM   6    1940  36      0       38
  AVERAGE         49                        47      2       55

PRECIPITATION (IN)
  YESTERDAY        0.33          1.52 1985   0.08   0.25     0.00
  MONTH TO DATE    0.40                      1.34  -0.94     0.30
  SINCE SEP 1      9.02                      8.67   0.35    10.72
  SINCE JAN 1     45.66                     39.16   6.50    35.95

DEGREE DAYS
 HEATING
  YESTERDAY       16                        18     -2       10
  MONTH TO DATE  256                       227     29      136
  SINCE SEP 1    484                       514    -30      234
  SINCE JUL 1    484                       515    -31      234

 COOLING
  YESTERDAY        0                         0      0        0
  MONTH TO DATE    0                         0      0       15
  SINCE SEP 1    309                       225     84      360
  SINCE JAN 1   1616                      1529     87     1841
..................................................................


WIND (MPH)
  HIGHEST WIND SPEED    22   HIGHEST WIND DIRECTION     N (360)
  HIGHEST GUST SPEED    29   HIGHEST GUST DIRECTION     N (340)
  AVERAGE WIND SPEED     8.4


SKY COVER
  AVERAGE SKY COVER 0.4


WEATHER CONDITIONS
 THE FOLLOWING WEATHER WAS RECORDED YESTERDAY.
  HEAVY RAIN
  RAIN
  LIGHT RAIN
  FOG


RELATIVE HUMIDITY (PERCENT)
 HIGHEST   100           700 AM
 LOWEST     34           200 PM
 AVERAGE    67

..........................................................


THE CHANUTE KS CLIMATE NORMALS FOR TODAY
                         NORMAL    RECORD    YEAR
 MAXIMUM TEMPERATURE (F)   57        81      1921
 MINIMUM TEMPERATURE (F)   36         1      1932


SUNRISE AND SUNSET
NOVEMBER 16 2017......SUNRISE   703 AM CST   SUNSET   510 PM CST
NOVEMBER 17 2017......SUNRISE   704 AM CST   SUNSET   509 PM CST


-  INDICATES NEGATIVE NUMBERS.
R  INDICATES RECORD WAS SET OR TIED.
MM INDICATES DATA IS MISSING.
T  INDICATES TRACE AMOUNT.

$$
