000
CDUS43 KICT 260643
CLICNU


CLIMATE REPORT
NATIONAL WEATHER SERVICE WICHITA KS
140 AM CDT FRI MAY 26 2017


...................................

...THE CHANUTE KS CLIMATE SUMMARY FOR MAY 25 2017...

CLIMATE NORMAL PERIOD 1981 TO 2010
CLIMATE RECORD PERIOD 1894 TO 2017


WEATHER ITEM   OBSERVED TIME   RECORD YEAR NORMAL DEPARTURE LAST
                VALUE   (LST)  VALUE       VALUE  FROM      YEAR
                                                  NORMAL
..................................................................
TEMPERATURE (F)
 YESTERDAY
  MAXIMUM         79    536 PM  92    1964  78      1       82
  MINIMUM         45    520 AM  38    1925  59    -14       64
  AVERAGE         62                        68     -6       73

PRECIPITATION (IN)
  YESTERDAY        0.00          2.88 1982   0.20  -0.20     0.17
  MONTH TO DATE    5.87                      4.49   1.38     2.84
  SINCE MAR 1     18.91                     11.93   6.98     9.72
  SINCE JAN 1     21.06                     15.09   5.97    10.80

DEGREE DAYS
 HEATING
  YESTERDAY        3                         1      2        0
  MONTH TO DATE   65                        70     -5      119
  SINCE MAR 1    684                       900   -216      682
  SINCE JUL 1   3452                      4472  -1020     3647

 COOLING
  YESTERDAY        0                         5     -5        8
  MONTH TO DATE   69                        70     -1       45
  SINCE MAR 1    124                       101     23       69
  SINCE JAN 1    127                       101     26       69
..................................................................


WIND (MPH)
  HIGHEST WIND SPEED    24   HIGHEST WIND DIRECTION    SE (150)
  HIGHEST GUST SPEED    32   HIGHEST GUST DIRECTION     S (170)
  AVERAGE WIND SPEED    11.5


SKY COVER
  POSSIBLE SUNSHINE  MM
  AVERAGE SKY COVER 0.0


WEATHER CONDITIONS
 THE FOLLOWING WEATHER WAS RECORDED YESTERDAY.
  NO SIGNIFICANT WEATHER WAS OBSERVED.


RELATIVE HUMIDITY (PERCENT)
 HIGHEST    93           300 AM
 LOWEST     46          1200 PM
 AVERAGE    70

..........................................................


THE CHANUTE KS CLIMATE NORMALS FOR TODAY
                         NORMAL    RECORD    YEAR
 MAXIMUM TEMPERATURE (F)   78        94      1953
 MINIMUM TEMPERATURE (F)   59        40      1901


SUNRISE AND SUNSET
MAY 26 2017...........SUNRISE   605 AM CDT   SUNSET   834 PM CDT
MAY 27 2017...........SUNRISE   604 AM CDT   SUNSET   835 PM CDT


-  INDICATES NEGATIVE NUMBERS.
R  INDICATES RECORD WAS SET OR TIED.
MM INDICATES DATA IS MISSING.
T  INDICATES TRACE AMOUNT.




$$
