000
CDUS43 KICT 210634
CLICNU

CLIMATE REPORT
NATIONAL WEATHER SERVICE WICHITA KS
131 AM CDT TUE OCT 21 2014

...................................

...THE CHANUTE KS CLIMATE SUMMARY FOR OCTOBER 20 2014...

CLIMATE NORMAL PERIOD 1981 TO 2010
CLIMATE RECORD PERIOD 1894 TO 2014


WEATHER ITEM   OBSERVED TIME   RECORD YEAR NORMAL DEPARTURE LAST
                VALUE   (LST)  VALUE       VALUE  FROM      YEAR
                                                  NORMAL
..................................................................
TEMPERATURE (F)
 YESTERDAY
  MAXIMUM         79    400 PM  88    1979  68     11       69
  MINIMUM         48   1159 PM  25    2011  46      2       41
                                      1989
  AVERAGE         64                        57      7       55

PRECIPITATION (IN)
  YESTERDAY        0.00          4.78 1971   0.11  -0.11     0.00
  MONTH TO DATE    4.48                      2.58   1.90     2.89
  SINCE SEP 1      7.58                      6.25   1.33     5.91
  SINCE JAN 1     28.06                     36.74  -8.68    41.53

DEGREE DAYS
 HEATING
  YESTERDAY        1                         9     -8       10
  MONTH TO DATE  114                       127    -13      129
  SINCE SEP 1    144                       173    -29      145
  SINCE JUL 1    145                       174    -29      145

 COOLING
  YESTERDAY        0                         1     -1        0
  MONTH TO DATE   22                        28     -6       37
  SINCE SEP 1    208                       221    -13      291
  SINCE JAN 1   1496                      1525    -29     1558
..................................................................


WIND (MPH)
  HIGHEST WIND SPEED    10   HIGHEST WIND DIRECTION    NE (30)
  HIGHEST GUST SPEED    13   HIGHEST GUST DIRECTION     N (350)
  AVERAGE WIND SPEED     4.2


SKY COVER
  POSSIBLE SUNSHINE  MM
  AVERAGE SKY COVER 0.3


WEATHER CONDITIONS
 THE FOLLOWING WEATHER WAS RECORDED YESTERDAY.
  NO SIGNIFICANT WEATHER WAS OBSERVED.


RELATIVE HUMIDITY (PERCENT)
 HIGHEST    93           700 AM
 LOWEST     37           400 PM
 AVERAGE    65

..........................................................


THE CHANUTE KS CLIMATE NORMALS FOR TODAY
                         NORMAL    RECORD    YEAR
 MAXIMUM TEMPERATURE (F)   68        90      1978
 MINIMUM TEMPERATURE (F)   46        25      1987


SUNRISE AND SUNSET
OCTOBER 21 2014.......SUNRISE   736 AM CDT   SUNSET   637 PM CDT
OCTOBER 22 2014.......SUNRISE   737 AM CDT   SUNSET   635 PM CDT


-  INDICATES NEGATIVE NUMBERS.
R  INDICATES RECORD WAS SET OR TIED.
MM INDICATES DATA IS MISSING.
T  INDICATES TRACE AMOUNT.

$$
