000
CDUS43 KICT 310628
CLICNU


CLIMATE REPORT
NATIONAL WEATHER SERVICE WICHITA KS
128 AM CDT SUN AUG 31 2014


...................................

...THE CHANUTE KS CLIMATE SUMMARY FOR AUGUST 30 2014...

CLIMATE NORMAL PERIOD 1981 TO 2010
CLIMATE RECORD PERIOD 1894 TO 2014


WEATHER ITEM   OBSERVED TIME   RECORD YEAR NORMAL DEPARTURE LAST
                VALUE   (LST)  VALUE       VALUE  FROM      YEAR
                                                  NORMAL
..................................................................
TEMPERATURE (F)
 YESTERDAY
  MAXIMUM         95    440 PM 103    1947  88      7       99
  MINIMUM         69    612 AM  48    1911  65      4       72
  AVERAGE         82                        77      5       86

PRECIPITATION (IN)
  YESTERDAY        0.00          2.76 1920   0.12  -0.12     0.00
  MONTH TO DATE    1.36                      3.58  -2.22     3.91
  SINCE JUN 1     11.02                     13.98  -2.96    17.06
  SINCE JAN 1     20.48                     30.38  -9.90    35.62

DEGREE DAYS
 HEATING
  YESTERDAY        0                         0      0        0
  MONTH TO DATE    0                         0      0        0
  SINCE JUN 1      1                         6     -5       10
  SINCE JUL 1      1                         0      1        0

 COOLING
  YESTERDAY       17                        12      5       21
  MONTH TO DATE  469                       420     49      382
  SINCE JUN 1   1077                      1161    -84     1123
  SINCE JAN 1   1269                      1294    -25     1246
..................................................................


WIND (MPH)
  HIGHEST WIND SPEED    12   HIGHEST WIND DIRECTION    NE (30)
  HIGHEST GUST SPEED    17   HIGHEST GUST DIRECTION    SE (120)
  AVERAGE WIND SPEED     5.0


SKY COVER
  POSSIBLE SUNSHINE  MM
  AVERAGE SKY COVER 0.0


WEATHER CONDITIONS
 THE FOLLOWING WEATHER WAS RECORDED YESTERDAY.
  FOG


RELATIVE HUMIDITY (PERCENT)
 HIGHEST    97           600 AM
 LOWEST     28           500 PM
 AVERAGE    63

..........................................................


THE CHANUTE KS CLIMATE NORMALS FOR TODAY
                         NORMAL    RECORD    YEAR
 MAXIMUM TEMPERATURE (F)   87       106      2011
 MINIMUM TEMPERATURE (F)   65        46      2009
                                             1915


SUNRISE AND SUNSET
AUGUST 31 2014........SUNRISE   651 AM CDT   SUNSET   752 PM CDT
SEPTEMBER  1 2014.....SUNRISE   652 AM CDT   SUNSET   751 PM CDT


-  INDICATES NEGATIVE NUMBERS.
R  INDICATES RECORD WAS SET OR TIED.
MM INDICATES DATA IS MISSING.
T  INDICATES TRACE AMOUNT.




$$
