000
CDUS43 KICT 130653
CLICNU

CLIMATE REPORT
NATIONAL WEATHER SERVICE WICHITA KS
151 AM CDT WED AUG 13 2014

...................................

...THE CHANUTE KS CLIMATE SUMMARY FOR AUGUST 12 2014...

CLIMATE NORMAL PERIOD 1981 TO 2010
CLIMATE RECORD PERIOD 1894 TO 2014


WEATHER ITEM   OBSERVED TIME   RECORD YEAR NORMAL DEPARTURE LAST
                VALUE   (LST)  VALUE       VALUE  FROM      YEAR
                                                  NORMAL
..................................................................
TEMPERATURE (F)
 YESTERDAY
  MAXIMUM         83    445 PM 109    1934  91     -8       85
  MINIMUM         57   1159 PM  47    2004  69    -12       70
  AVERAGE         70                        80    -10       78

PRECIPITATION (IN)
  YESTERDAY        0.00          2.33 1961   0.12  -0.12     0.18
  MONTH TO DATE    1.06                      1.40  -0.34     3.89
  SINCE JUN 1     10.72                     11.80  -1.08    17.04
  SINCE JAN 1     20.18                     28.20  -8.02    35.60

DEGREE DAYS
 HEATING
  YESTERDAY        0                         0      0        0
  MONTH TO DATE    0                         0      0        0
  SINCE JUN 1      1                         6     -5       10
  SINCE JUL 1      1                         0      1        0

 COOLING
  YESTERDAY        5                        15    -10       13
  MONTH TO DATE  148                       180    -32      156
  SINCE JUN 1    756                       921   -165      897
  SINCE JAN 1    948                      1054   -106     1020
..................................................................


WIND (MPH)
  HIGHEST WIND SPEED    15   HIGHEST WIND DIRECTION     N (340)
  HIGHEST GUST SPEED    22   HIGHEST GUST DIRECTION     N (10)
  AVERAGE WIND SPEED     6.9


SKY COVER
  POSSIBLE SUNSHINE  MM
  AVERAGE SKY COVER 0.0


WEATHER CONDITIONS
 THE FOLLOWING WEATHER WAS RECORDED YESTERDAY.
  NO SIGNIFICANT WEATHER WAS OBSERVED.


RELATIVE HUMIDITY (PERCENT)
 HIGHEST    93           300 AM
 LOWEST     33           400 PM
 AVERAGE    63

..........................................................


THE CHANUTE KS CLIMATE NORMALS FOR TODAY
                         NORMAL    RECORD    YEAR
 MAXIMUM TEMPERATURE (F)   91       109      1936
 MINIMUM TEMPERATURE (F)   69        52      2004


SUNRISE AND SUNSET
AUGUST 13 2014........SUNRISE   636 AM CDT   SUNSET   817 PM CDT
AUGUST 14 2014........SUNRISE   637 AM CDT   SUNSET   816 PM CDT


-  INDICATES NEGATIVE NUMBERS.
R  INDICATES RECORD WAS SET OR TIED.
MM INDICATES DATA IS MISSING.
T  INDICATES TRACE AMOUNT.

$$
