000
CDUS43 KICT 190628
CLICNU


CLIMATE REPORT
NATIONAL WEATHER SERVICE WICHITA KS
127 AM CDT WED MAR 19 2014


...................................

...THE CHANUTE KS CLIMATE SUMMARY FOR MARCH 18 2014...

CLIMATE NORMAL PERIOD 1981 TO 2010
CLIMATE RECORD PERIOD 1894 TO 2014


WEATHER ITEM   OBSERVED TIME   RECORD YEAR NORMAL DEPARTURE LAST
                VALUE   (LST)  VALUE       VALUE  FROM      YEAR
                                                  NORMAL
..................................................................
TEMPERATURE (F)
 YESTERDAY
  MAXIMUM         70    317 PM  88    1921  59     11       58
  MINIMUM         40   1159 PM   6    1923  37      3       36
  AVERAGE         55                        48      7       47

PRECIPITATION (IN)
  YESTERDAY        T             2.05 1944   0.10  -0.10      T
  MONTH TO DATE    0.73                      1.68  -0.95     0.78
  SINCE MAR 1      0.73                      1.68  -0.95     0.78
  SINCE JAN 1      1.70                      4.84  -3.14     6.54

DEGREE DAYS
 HEATING
  YESTERDAY       10                        17     -7       18
  MONTH TO DATE  455                       362     93      397
  SINCE MAR 1    455                       362     93      397
  SINCE JUL 1   4475                      3934    541     3489

 COOLING
  YESTERDAY        0                         0      0        0
  MONTH TO DATE    0                         0      0        0
  SINCE MAR 1      0                         0      0        0
  SINCE JAN 1      0                         0      0        1
..................................................................


WIND (MPH)
  HIGHEST WIND SPEED    35   HIGHEST WIND DIRECTION     S (170)
  HIGHEST GUST SPEED    43   HIGHEST GUST DIRECTION     S (190)
  AVERAGE WIND SPEED    19.3


SKY COVER
  POSSIBLE SUNSHINE  MM
  AVERAGE SKY COVER 0.1


WEATHER CONDITIONS
 THE FOLLOWING WEATHER WAS RECORDED YESTERDAY.
  LIGHT RAIN


RELATIVE HUMIDITY (PERCENT)
 HIGHEST    71           800 AM
 LOWEST     29           400 PM
 AVERAGE    50

..........................................................


THE CHANUTE KS CLIMATE NORMALS FOR TODAY
                         NORMAL    RECORD    YEAR
 MAXIMUM TEMPERATURE (F)   59        83      1995
 MINIMUM TEMPERATURE (F)   37         4      1923


SUNRISE AND SUNSET
MARCH 19 2014.........SUNRISE   727 AM CDT   SUNSET   733 PM CDT
MARCH 20 2014.........SUNRISE   725 AM CDT   SUNSET   734 PM CDT


-  INDICATES NEGATIVE NUMBERS.
R  INDICATES RECORD WAS SET OR TIED.
MM INDICATES DATA IS MISSING.
T  INDICATES TRACE AMOUNT.




$$
