000
CDUS43 KICT 030650
CLICNU


CLIMATE REPORT
NATIONAL WEATHER SERVICE WICHITA KS
150 AM CDT SUN APR 3 2016


...................................

...THE CHANUTE KS CLIMATE SUMMARY FOR APRIL 2 2016...

CLIMATE NORMAL PERIOD 1981 TO 2010
CLIMATE RECORD PERIOD 1894 TO 2016


WEATHER ITEM   OBSERVED TIME   RECORD YEAR NORMAL DEPARTURE LAST
                VALUE   (LST)  VALUE       VALUE  FROM      YEAR
                                                  NORMAL
..................................................................
TEMPERATURE (F)
 YESTERDAY
  MAXIMUM         71    259 PM  89    1918  64      7       76
  MINIMUM         26    426 AM  20    1936  41    -15       60
  AVERAGE         49                        52     -3       68

PRECIPITATION (IN)
  YESTERDAY        0.00          1.24 1965   0.12  -0.12     0.38
  MONTH TO DATE    0.00                      0.24  -0.24     0.38
  SINCE MAR 1      1.41                      3.28  -1.87     0.93
  SINCE JAN 1      2.49                      6.44  -3.95     2.24

DEGREE DAYS
 HEATING
  YESTERDAY       16                        13      3        0
  MONTH TO DATE   35                        26      9        0
  SINCE MAR 1    423                       585   -162      495
  SINCE JUL 1   3388                      4157   -769     4185

 COOLING
  YESTERDAY        0                         0      0        3
  MONTH TO DATE    0                         0      0        3
  SINCE MAR 1      0                         4     -4        3
  SINCE JAN 1      0                         4     -4        3
..................................................................


WIND (MPH)
  HIGHEST WIND SPEED    23   HIGHEST WIND DIRECTION    NW (330)
  HIGHEST GUST SPEED    34   HIGHEST GUST DIRECTION     W (280)
  AVERAGE WIND SPEED     9.1


SKY COVER
  POSSIBLE SUNSHINE  MM
  AVERAGE SKY COVER 0.0


WEATHER CONDITIONS
 THE FOLLOWING WEATHER WAS RECORDED YESTERDAY.
  HAZE


RELATIVE HUMIDITY (PERCENT)
 HIGHEST    85           100 AM
 LOWEST     23           100 PM
 AVERAGE    54

..........................................................


THE CHANUTE KS CLIMATE NORMALS FOR TODAY
                         NORMAL    RECORD    YEAR
 MAXIMUM TEMPERATURE (F)   64        88      2011
 MINIMUM TEMPERATURE (F)   42        14      1936


SUNRISE AND SUNSET
APRIL  3 2016.........SUNRISE   704 AM CDT   SUNSET   747 PM CDT
APRIL  4 2016.........SUNRISE   702 AM CDT   SUNSET   748 PM CDT


-  INDICATES NEGATIVE NUMBERS.
R  INDICATES RECORD WAS SET OR TIED.
MM INDICATES DATA IS MISSING.
T  INDICATES TRACE AMOUNT.




$$
