000
CDUS43 KICT 100623
CLICNU


CLIMATE REPORT
NATIONAL WEATHER SERVICE WICHITA KS
122 AM CDT MON JUL 10 2017


...................................

...THE CHANUTE KS CLIMATE SUMMARY FOR JULY 9 2017...

CLIMATE NORMAL PERIOD 1981 TO 2010
CLIMATE RECORD PERIOD 1894 TO 2017


WEATHER ITEM   OBSERVED TIME   RECORD YEAR NORMAL DEPARTURE LAST
                VALUE   (LST)  VALUE       VALUE  FROM      YEAR
                                                  NORMAL
..................................................................
TEMPERATURE (F)
 YESTERDAY
  MAXIMUM         92    401 PM 107    1980  89      3       90
  MINIMUM         69    131 AM  55    1947  69      0       73
  AVERAGE         81                        79      2       82

PRECIPITATION (IN)
  YESTERDAY        0.00          2.04 1909   0.16  -0.16     0.00
  MONTH TO DATE    0.66                      1.42  -0.76     0.03
  SINCE JUN 1      2.53                      7.45  -4.92     3.23
  SINCE JAN 1     23.61                     23.85  -0.24    15.02

DEGREE DAYS
 HEATING
  YESTERDAY        0                         0      0        0
  MONTH TO DATE    0                         0      0        0
  SINCE JUN 1      0                         6     -6        0
  SINCE JUL 1      0                         0      0        0

 COOLING
  YESTERDAY       16                        14      2       17
  MONTH TO DATE  113                       124    -11      134
  SINCE JUN 1    422                       416      6      568
  SINCE JAN 1    589                       549     40      675
..................................................................


WIND (MPH)
  HIGHEST WIND SPEED    17   HIGHEST WIND DIRECTION     S (170)
  HIGHEST GUST SPEED    24   HIGHEST GUST DIRECTION     S (160)
  AVERAGE WIND SPEED    10.0


SKY COVER
  POSSIBLE SUNSHINE  MM
  AVERAGE SKY COVER 0.0


WEATHER CONDITIONS
 THE FOLLOWING WEATHER WAS RECORDED YESTERDAY.
  FOG


RELATIVE HUMIDITY (PERCENT)
 HIGHEST    97           500 AM
 LOWEST     49           200 PM
 AVERAGE    73

..........................................................


THE CHANUTE KS CLIMATE NORMALS FOR TODAY
                         NORMAL    RECORD    YEAR
 MAXIMUM TEMPERATURE (F)   90       109      1980
 MINIMUM TEMPERATURE (F)   69        56      1961


SUNRISE AND SUNSET
JULY 10 2017..........SUNRISE   609 AM CDT   SUNSET   845 PM CDT
JULY 11 2017..........SUNRISE   610 AM CDT   SUNSET   845 PM CDT


-  INDICATES NEGATIVE NUMBERS.
R  INDICATES RECORD WAS SET OR TIED.
MM INDICATES DATA IS MISSING.
T  INDICATES TRACE AMOUNT.




$$
