726
CDUS43 KICT 080622
CLICNU

CLIMATE REPORT
NATIONAL WEATHER SERVICE WICHITA KS
1221 AM CST WED NOV 8 2017


...................................

...THE CHANUTE KS CLIMATE SUMMARY FOR NOVEMBER 7 2017...

CLIMATE NORMAL PERIOD 1981 TO 2010
CLIMATE RECORD PERIOD 1894 TO 2017


WEATHER ITEM   OBSERVED TIME   RECORD YEAR NORMAL DEPARTURE LAST
                VALUE   (LST)  VALUE       VALUE  FROM      YEAR
                                                  NORMAL
..................................................................
TEMPERATURE (F)
 YESTERDAY
  MAXIMUM         45    315 PM  82    2005  61    -16       67
  MINIMUM         37   1159 PM  16    1991  40     -3       53
  AVERAGE         41                        50     -9       60

PRECIPITATION (IN)
  YESTERDAY        0.00          2.77 2011   0.09  -0.09     0.29
  MONTH TO DATE    T                         0.61  -0.61     0.29
  SINCE SEP 1      8.62                      7.94   0.68    10.71
  SINCE JAN 1     45.26                     38.43   6.83    35.94

DEGREE DAYS
 HEATING
  YESTERDAY       24                        15      9        5
  MONTH TO DATE  118                        94     24       31
  SINCE SEP 1    346                       381    -35      129
  SINCE JUL 1    346                       382    -36      129

 COOLING
  YESTERDAY        0                         0      0        0
  MONTH TO DATE    0                         0      0       15
  SINCE SEP 1    309                       225     84      360
  SINCE JAN 1   1616                      1529     87     1841
..................................................................


WIND (MPH)
  HIGHEST WIND SPEED    17   HIGHEST WIND DIRECTION     N (10)
  HIGHEST GUST SPEED    24   HIGHEST GUST DIRECTION     N (10)
  AVERAGE WIND SPEED    10.8


SKY COVER
  POSSIBLE SUNSHINE  MM
  AVERAGE SKY COVER 1.0


WEATHER CONDITIONS
 THE FOLLOWING WEATHER WAS RECORDED YESTERDAY.
  FOG


RELATIVE HUMIDITY (PERCENT)
 HIGHEST    92          1200 AM
 LOWEST     60          1100 PM
 AVERAGE    76

..........................................................


THE CHANUTE KS CLIMATE NORMALS FOR TODAY
                         NORMAL    RECORD    YEAR
 MAXIMUM TEMPERATURE (F)   61        84      2006
 MINIMUM TEMPERATURE (F)   39        10      1991


SUNRISE AND SUNSET
NOVEMBER  8 2017......SUNRISE   655 AM CST   SUNSET   516 PM CST
NOVEMBER  9 2017......SUNRISE   656 AM CST   SUNSET   515 PM CST


-  INDICATES NEGATIVE NUMBERS.
R  INDICATES RECORD WAS SET OR TIED.
MM INDICATES DATA IS MISSING.
T  INDICATES TRACE AMOUNT.




$$
