000
CDUS43 KICT 270642
CLICNU

CLIMATE REPORT
NATIONAL WEATHER SERVICE WICHITA KS
140 AM CDT SUN AUG 27 2017

...................................

...THE CHANUTE KS CLIMATE SUMMARY FOR AUGUST 26 2017...

CLIMATE NORMAL PERIOD 1981 TO 2010
CLIMATE RECORD PERIOD 1894 TO 2017


WEATHER ITEM   OBSERVED TIME   RECORD YEAR NORMAL DEPARTURE LAST
                VALUE   (LST)  VALUE       VALUE  FROM      YEAR
                                                  NORMAL
..................................................................
TEMPERATURE (F)
 YESTERDAY
  MAXIMUM         86    435 PM 105    1901  89     -3       88
  MINIMUM         65    602 AM  46    1910  67     -2       68
  AVERAGE         76                        78     -2       78

PRECIPITATION (IN)
  YESTERDAY        0.00          2.26 1994   0.11  -0.11     0.04
  MONTH TO DATE   11.33                      3.12   8.21     5.44
  SINCE JUN 1     15.56                     13.52   2.04    13.13
  SINCE JAN 1     36.64                     29.92   6.72    24.92

DEGREE DAYS
 HEATING
  YESTERDAY        0                         0      0        0
  MONTH TO DATE    0                         0      0        0
  SINCE JUN 1      0                         6     -6        0
  SINCE JUL 1      0                         0      0        0

 COOLING
  YESTERDAY       11                        13     -2       13
  MONTH TO DATE  281                       372    -91      366
  SINCE JUN 1   1102                      1113    -11     1301
  SINCE JAN 1   1269                      1246     23     1408
..................................................................


WIND (MPH)
  HIGHEST WIND SPEED    10   HIGHEST WIND DIRECTION     S (160)
  HIGHEST GUST SPEED    17   HIGHEST GUST DIRECTION    SE (130)
  AVERAGE WIND SPEED     6.2


SKY COVER
  AVERAGE SKY COVER 0.0


WEATHER CONDITIONS
 THE FOLLOWING WEATHER WAS RECORDED YESTERDAY.
  NO SIGNIFICANT WEATHER WAS OBSERVED.


RELATIVE HUMIDITY (PERCENT)
 HIGHEST    93           600 AM
 LOWEST     42           400 PM
 AVERAGE    68

..........................................................


THE CHANUTE KS CLIMATE NORMALS FOR TODAY
                         NORMAL    RECORD    YEAR
 MAXIMUM TEMPERATURE (F)   89       106      2000
 MINIMUM TEMPERATURE (F)   66        45      1910


SUNRISE AND SUNSET
AUGUST 27 2017........SUNRISE   648 AM CDT   SUNSET   758 PM CDT
AUGUST 28 2017........SUNRISE   649 AM CDT   SUNSET   756 PM CDT


-  INDICATES NEGATIVE NUMBERS.
R  INDICATES RECORD WAS SET OR TIED.
MM INDICATES DATA IS MISSING.
T  INDICATES TRACE AMOUNT.

$$
