123
CDUS43 KICT 120633
CLICNU


CLIMATE REPORT
NATIONAL WEATHER SERVICE WICHITA KS
131 AM CDT FRI MAY 12 2017


...................................

...THE CHANUTE KS CLIMATE SUMMARY FOR MAY 11 2017...

CLIMATE NORMAL PERIOD 1981 TO 2010
CLIMATE RECORD PERIOD 1894 TO 2017


WEATHER ITEM   OBSERVED TIME   RECORD YEAR NORMAL DEPARTURE LAST
                VALUE   (LST)  VALUE       VALUE  FROM      YEAR
                                                  NORMAL
..................................................................
TEMPERATURE (F)
 YESTERDAY
  MAXIMUM         77    139 PM  91    1963  75      2       80
  MINIMUM         58    418 AM  37    1952  54      4       61
  AVERAGE         68                        64      4       71

PRECIPITATION (IN)
  YESTERDAY        3.37          4.90 1929   0.18   3.19     0.11
  MONTH TO DATE    5.00                      1.80   3.20     0.18
  SINCE MAR 1     18.04                      9.24   8.80     7.06
  SINCE JAN 1     20.19                     12.40   7.79     8.14

DEGREE DAYS
 HEATING
  YESTERDAY        0                         3     -3        0
  MONTH TO DATE   41                        42     -1       48
  SINCE MAR 1    660                       872   -212      611
  SINCE JUL 1   3428                      4444  -1016     3576

 COOLING
  YESTERDAY        3                         2      1        6
  MONTH TO DATE   27                        20      7       19
  SINCE MAR 1     82                        51     31       43
  SINCE JAN 1     85                        51     34       43
..................................................................


WIND (MPH)
  HIGHEST WIND SPEED    24   HIGHEST WIND DIRECTION    NE (40)
  HIGHEST GUST SPEED    30   HIGHEST GUST DIRECTION    NE (30)
  AVERAGE WIND SPEED     7.8


SKY COVER
  POSSIBLE SUNSHINE  MM
  AVERAGE SKY COVER 0.6


WEATHER CONDITIONS
 THE FOLLOWING WEATHER WAS RECORDED YESTERDAY.
  THUNDERSTORM
  HEAVY RAIN
  RAIN
  LIGHT RAIN
  FOG
  FOG W/VISIBILITY <= 1/4 MILE


RELATIVE HUMIDITY (PERCENT)
 HIGHEST   100           500 AM
 LOWEST     64           200 PM
 AVERAGE    82

..........................................................


THE CHANUTE KS CLIMATE NORMALS FOR TODAY
                         NORMAL    RECORD    YEAR
 MAXIMUM TEMPERATURE (F)   75        89      1956
 MINIMUM TEMPERATURE (F)   55        36      1946


SUNRISE AND SUNSET
MAY 12 2017...........SUNRISE   615 AM CDT   SUNSET   822 PM CDT
MAY 13 2017...........SUNRISE   614 AM CDT   SUNSET   823 PM CDT


-  INDICATES NEGATIVE NUMBERS.
R  INDICATES RECORD WAS SET OR TIED.
MM INDICATES DATA IS MISSING.
T  INDICATES TRACE AMOUNT.




$$
