000
CDUS43 KICT 140624
CLICNU


CLIMATE REPORT
NATIONAL WEATHER SERVICE WICHITA KS
124 AM CDT SAT MAR 14 2015


...................................

...THE CHANUTE KS CLIMATE SUMMARY FOR MARCH 13 2015...

CLIMATE NORMAL PERIOD 1981 TO 2010
CLIMATE RECORD PERIOD 1894 TO 2015


WEATHER ITEM   OBSERVED TIME   RECORD YEAR NORMAL DEPARTURE LAST
                VALUE   (LST)  VALUE       VALUE  FROM      YEAR
                                                  NORMAL
..................................................................
TEMPERATURE (F)
 YESTERDAY
  MAXIMUM         65    238 PM  90    1916  57      8       70
  MINIMUM         51    615 AM  11    1950  35     16       30
  AVERAGE         58                        46     12       50

PRECIPITATION (IN)
  YESTERDAY        T             4.10 1922   0.08  -0.08     0.00
  MONTH TO DATE    0.01                      1.18  -1.17     0.10
  SINCE MAR 1      0.01                      1.18  -1.17     0.10
  SINCE JAN 1      1.32                      4.34  -3.02     1.07

DEGREE DAYS
 HEATING
  YESTERDAY        7                        19    -12       15
  MONTH TO DATE  280                       272      8      362
  SINCE MAR 1    280                       272      8      362
  SINCE JUL 1   3970                      3844    126     4382

 COOLING
  YESTERDAY        0                         0      0        0
  MONTH TO DATE    0                         0      0        0
  SINCE MAR 1      0                         0      0        0
  SINCE JAN 1      0                         0      0        0
..................................................................


WIND (MPH)
  HIGHEST WIND SPEED    17   HIGHEST WIND DIRECTION    NE (40)
  HIGHEST GUST SPEED    23   HIGHEST GUST DIRECTION    NE (60)
  AVERAGE WIND SPEED     7.6


SKY COVER
  POSSIBLE SUNSHINE  MM
  AVERAGE SKY COVER 0.7


WEATHER CONDITIONS
 THE FOLLOWING WEATHER WAS RECORDED YESTERDAY.
  NO SIGNIFICANT WEATHER WAS OBSERVED.


RELATIVE HUMIDITY (PERCENT)
 HIGHEST    89           700 AM
 LOWEST     56           200 PM
 AVERAGE    73

..........................................................


THE CHANUTE KS CLIMATE NORMALS FOR TODAY
                         NORMAL    RECORD    YEAR
 MAXIMUM TEMPERATURE (F)   58        84      1914
 MINIMUM TEMPERATURE (F)   36        10      1975


SUNRISE AND SUNSET
MARCH 14 2015.........SUNRISE   735 AM CDT   SUNSET   728 PM CDT
MARCH 15 2015.........SUNRISE   733 AM CDT   SUNSET   729 PM CDT


-  INDICATES NEGATIVE NUMBERS.
R  INDICATES RECORD WAS SET OR TIED.
MM INDICATES DATA IS MISSING.
T  INDICATES TRACE AMOUNT.




$$

JMBW
