000
CDUS43 KICT 200649
CLICNU


CLIMATE REPORT
NATIONAL WEATHER SERVICE WICHITA KS
1249 AM CST WED DEC 20 2017


...................................

...THE CHANUTE KS CLIMATE SUMMARY FOR DECEMBER 19 2017...

CLIMATE NORMAL PERIOD 1981 TO 2010
CLIMATE RECORD PERIOD 1894 TO 2017


WEATHER ITEM   OBSERVED TIME   RECORD YEAR NORMAL DEPARTURE LAST
                VALUE   (LST)  VALUE       VALUE  FROM      YEAR
                                                  NORMAL
..................................................................
TEMPERATURE (F)
 YESTERDAY
  MAXIMUM         56    244 PM  72    1978  43     13       25
  MINIMUM         40   1230 AM  -9    1945  24     16       -3
  AVERAGE         48                        34     14       11

PRECIPITATION (IN)
  YESTERDAY        0.00          2.21 1933   0.06  -0.06     0.00
  MONTH TO DATE    0.22                      1.15  -0.93     0.47
  SINCE DEC 1      0.22                      1.15  -0.93     0.47
  SINCE JAN 1     46.27                     41.47   4.80    36.59

DEGREE DAYS
 HEATING
  YESTERDAY       17                        31    -14       54
  MONTH TO DATE  419                       553   -134      642
  SINCE DEC 1    419                       553   -134      642
  SINCE JUL 1   1120                      1405   -285     1120

 COOLING
  YESTERDAY        0                         0      0        0
  MONTH TO DATE    0                         0      0        0
  SINCE DEC 1      0                         0      0        0
  SINCE JAN 1   1619                      1532     87     1846
..................................................................


WIND (MPH)
  HIGHEST WIND SPEED    16   HIGHEST WIND DIRECTION    SW (220)
  HIGHEST GUST SPEED    20   HIGHEST GUST DIRECTION    SW (220)
  AVERAGE WIND SPEED     6.6


SKY COVER
  POSSIBLE SUNSHINE  MM
  AVERAGE SKY COVER 1.0


WEATHER CONDITIONS
 THE FOLLOWING WEATHER WAS RECORDED YESTERDAY.
  LIGHT RAIN
  FOG


RELATIVE HUMIDITY (PERCENT)
 HIGHEST   100           200 AM
 LOWEST     77          1200 PM
 AVERAGE    89

..........................................................


THE CHANUTE KS CLIMATE NORMALS FOR TODAY
                         NORMAL    RECORD    YEAR
 MAXIMUM TEMPERATURE (F)   43        68      1949
 MINIMUM TEMPERATURE (F)   24        -8      1983


SUNRISE AND SUNSET
DECEMBER 20 2017......SUNRISE   733 AM CST   SUNSET   507 PM CST
DECEMBER 21 2017......SUNRISE   733 AM CST   SUNSET   507 PM CST


-  INDICATES NEGATIVE NUMBERS.
R  INDICATES RECORD WAS SET OR TIED.
MM INDICATES DATA IS MISSING.
T  INDICATES TRACE AMOUNT.




$$
