000
CDUS43 KICT 250620
CLICNU


CLIMATE REPORT
NATIONAL WEATHER SERVICE WICHITA KS
118 AM CDT TUE MAR 25 2014


...................................

...THE CHANUTE KS CLIMATE SUMMARY FOR MARCH 24 2014...

CLIMATE NORMAL PERIOD 1981 TO 2010
CLIMATE RECORD PERIOD 1894 TO 2014


WEATHER ITEM   OBSERVED TIME   RECORD YEAR NORMAL DEPARTURE LAST
                VALUE   (LST)  VALUE       VALUE  FROM      YEAR
                                                  NORMAL
..................................................................
TEMPERATURE (F)
 YESTERDAY
  MAXIMUM         49        MM  92    1910  61    -12       33
  MINIMUM         23        MM   9    1974  39    -16       21
  AVERAGE         36                        50    -14       27

PRECIPITATION (IN)
  YESTERDAY        0.12          1.60 1912   0.11   0.01     0.21
  MONTH TO DATE    0.85                      2.28  -1.43     1.34
  SINCE MAR 1      0.85                      2.28  -1.43     1.34
  SINCE JAN 1      1.82                      5.44  -3.62     7.10

DEGREE DAYS
 HEATING
  YESTERDAY       29                        15     14       38
  MONTH TO DATE  572                       459    113      579
  SINCE MAR 1    572                       459    113      579
  SINCE JUL 1   4592                      4031    561     3671

 COOLING
  YESTERDAY        0                         0      0        0
  MONTH TO DATE    0                         0      0        0
  SINCE MAR 1      0                         0      0        0
  SINCE JAN 1      0                         0      0        1
..................................................................


WIND (MPH)
  HIGHEST WIND SPEED    15   HIGHEST WIND DIRECTION     N (360)
  HIGHEST GUST SPEED    MM   HIGHEST GUST DIRECTION    MM
  AVERAGE WIND SPEED     5.9


SKY COVER
  POSSIBLE SUNSHINE  MM
  AVERAGE SKY COVER 0.5


WEATHER CONDITIONS
 THE FOLLOWING WEATHER WAS RECORDED YESTERDAY.
  HEAVY SNOW
  SNOW
  LIGHT SNOW
  FOG
  FOG W/VISIBILITY <= 1/4 MILE


RELATIVE HUMIDITY (PERCENT)
 HIGHEST   100           900 PM
 LOWEST     37           100 PM
 AVERAGE    69

..........................................................


THE CHANUTE KS CLIMATE NORMALS FOR TODAY
                         NORMAL    RECORD    YEAR
 MAXIMUM TEMPERATURE (F)   61        88      1910
 MINIMUM TEMPERATURE (F)   39         8      1955


SUNRISE AND SUNSET
MARCH 25 2014.........SUNRISE   718 AM CDT   SUNSET   738 PM CDT
MARCH 26 2014.........SUNRISE   716 AM CDT   SUNSET   739 PM CDT


-  INDICATES NEGATIVE NUMBERS.
R  INDICATES RECORD WAS SET OR TIED.
MM INDICATES DATA IS MISSING.
T  INDICATES TRACE AMOUNT.




$$
