000
CDUS43 KICT 070628
CLICNU


CLIMATE REPORT
NATIONAL WEATHER SERVICE WICHITA KS
1227 AM CST WED FEB 7 2018


...................................

...THE CHANUTE KS CLIMATE SUMMARY FOR FEBRUARY 6 2018...

CLIMATE NORMAL PERIOD 1981 TO 2010
CLIMATE RECORD PERIOD 1894 TO 2018


WEATHER ITEM   OBSERVED TIME   RECORD YEAR NORMAL DEPARTURE LAST
                VALUE   (LST)  VALUE       VALUE  FROM      YEAR
                                                  NORMAL
..................................................................
TEMPERATURE (F)
 YESTERDAY
  MAXIMUM         31    322 PM  70    2009  45    -14       69
                                      1900
  MINIMUM         15    727 AM  -9    1985  25    -10       32
  AVERAGE         23                        35    -12       51

PRECIPITATION (IN)
  YESTERDAY        0.00          1.12 1928   0.05  -0.05     0.00
  MONTH TO DATE    0.01                      0.30  -0.29     0.00
  SINCE DEC 1      0.86                      3.31  -2.45     2.62
  SINCE JAN 1      0.62                      1.56  -0.94     1.84

DEGREE DAYS
 HEATING
  YESTERDAY       42                        30     12       14
  MONTH TO DATE  231                       184     47      161
  SINCE DEC 1   2071                      2131    -60     1945
  SINCE JUL 1   2772                      2983   -211     2423

 COOLING
  YESTERDAY        0                         0      0        0
  MONTH TO DATE    0                         0      0        0
  SINCE DEC 1      0                         0      0        0
  SINCE JAN 1      0                         0      0        0
..................................................................


WIND (MPH)
  HIGHEST WIND SPEED    16   HIGHEST WIND DIRECTION    NE (60)
  HIGHEST GUST SPEED    22   HIGHEST GUST DIRECTION    NE (60)
  AVERAGE WIND SPEED    10.4


SKY COVER
  POSSIBLE SUNSHINE  MM
  AVERAGE SKY COVER 0.3


WEATHER CONDITIONS
 THE FOLLOWING WEATHER WAS RECORDED YESTERDAY.
  NO SIGNIFICANT WEATHER WAS OBSERVED.


RELATIVE HUMIDITY (PERCENT)
 HIGHEST    80           600 AM
 LOWEST     53           200 PM
 AVERAGE    67

..........................................................


THE CHANUTE KS CLIMATE NORMALS FOR TODAY
                         NORMAL    RECORD    YEAR
 MAXIMUM TEMPERATURE (F)   46        72      2009
                                             1926
 MINIMUM TEMPERATURE (F)   25        -6      1933


SUNRISE AND SUNSET
FEBRUARY  7 2018......SUNRISE   720 AM CST   SUNSET   553 PM CST
FEBRUARY  8 2018......SUNRISE   719 AM CST   SUNSET   554 PM CST


-  INDICATES NEGATIVE NUMBERS.
R  INDICATES RECORD WAS SET OR TIED.
MM INDICATES DATA IS MISSING.
T  INDICATES TRACE AMOUNT.




$$
