000
CDUS43 KICT 240656
CLICNU

CLIMATE REPORT
NATIONAL WEATHER SERVICE WICHITA KS
1253 AM CST WED JAN 24 2018

...................................

...THE CHANUTE KS CLIMATE SUMMARY FOR JANUARY 23 2018...

CLIMATE NORMAL PERIOD 1981 TO 2010
CLIMATE RECORD PERIOD 1894 TO 2018


WEATHER ITEM   OBSERVED TIME   RECORD YEAR NORMAL DEPARTURE LAST
                VALUE   (LST)  VALUE       VALUE  FROM      YEAR
                                                  NORMAL
..................................................................
TEMPERATURE (F)
 YESTERDAY
  MAXIMUM         45    447 PM  71    1967  43      2       52
  MINIMUM         22   1004 PM  -6    1963  23     -1       25
  AVERAGE         34                        33      1       39

PRECIPITATION (IN)
  YESTERDAY        0.00          0.76 1949   0.04  -0.04     0.00
  MONTH TO DATE    0.10                      0.90  -0.80     1.84
  SINCE DEC 1      0.34                      2.65  -2.31     2.62
  SINCE JAN 1      0.10                      0.90  -0.80     1.84

DEGREE DAYS
 HEATING
  YESTERDAY       31                        32     -1       26
  MONTH TO DATE  673                       756    -83      658
  SINCE DEC 1   1535                      1697   -162     1600
  SINCE JUL 1   2236                      2549   -313     2078

 COOLING
  YESTERDAY        0                         0      0        0
  MONTH TO DATE    0                         0      0        0
  SINCE DEC 1      0                         0      0        0
  SINCE JAN 1      0                         0      0        0
..................................................................


WIND (MPH)
  HIGHEST WIND SPEED    15   HIGHEST WIND DIRECTION    NW (310)
  HIGHEST GUST SPEED    22   HIGHEST GUST DIRECTION    NW (320)
  AVERAGE WIND SPEED     2.0


SKY COVER
  AVERAGE SKY COVER 0.0


WEATHER CONDITIONS
 THE FOLLOWING WEATHER WAS RECORDED YESTERDAY.
  NO SIGNIFICANT WEATHER WAS OBSERVED.


RELATIVE HUMIDITY (PERCENT)
 HIGHEST    81           900 PM
 LOWEST     40           500 PM
 AVERAGE    61

..........................................................


THE CHANUTE KS CLIMATE NORMALS FOR TODAY
                         NORMAL    RECORD    YEAR
 MAXIMUM TEMPERATURE (F)   43        75      1950
 MINIMUM TEMPERATURE (F)   23        -6      1963


SUNRISE AND SUNSET
JANUARY 24 2018.......SUNRISE   732 AM CST   SUNSET   537 PM CST
JANUARY 25 2018.......SUNRISE   731 AM CST   SUNSET   538 PM CST


-  INDICATES NEGATIVE NUMBERS.
R  INDICATES RECORD WAS SET OR TIED.
MM INDICATES DATA IS MISSING.
T  INDICATES TRACE AMOUNT.

$$
