000
CDUS43 KICT 180630
CLICNU


CLIMATE REPORT
NATIONAL WEATHER SERVICE WICHITA KS
130 AM CDT MON APR 18 2016


...................................

...THE CHANUTE KS CLIMATE SUMMARY FOR APRIL 17 2016...

CLIMATE NORMAL PERIOD 1981 TO 2010
CLIMATE RECORD PERIOD 1894 TO 2016


WEATHER ITEM   OBSERVED TIME   RECORD YEAR NORMAL DEPARTURE LAST
                VALUE   (LST)  VALUE       VALUE  FROM      YEAR
                                                  NORMAL
..................................................................
TEMPERATURE (F)
 YESTERDAY
  MAXIMUM         75    135 PM  89    1913  68      7       75
  MINIMUM         58    540 AM  27    1921  46     12       59
  AVERAGE         67                        57     10       67

PRECIPITATION (IN)
  YESTERDAY        0.83          2.14 1940   0.15   0.68     0.22
  MONTH TO DATE    2.01                      2.28  -0.27     3.57
  SINCE MAR 1      3.42                      5.32  -1.90     4.12
  SINCE JAN 1      4.50                      8.48  -3.98     5.43

DEGREE DAYS
 HEATING
  YESTERDAY        0                         9     -9        0
  MONTH TO DATE  132                       185    -53      103
  SINCE MAR 1    520                       744   -224      598
  SINCE JUL 1   3485                      4316   -831     4288

 COOLING
  YESTERDAY        2                         1      1        2
  MONTH TO DATE   11                        13     -2       22
  SINCE MAR 1     11                        17     -6       22
  SINCE JAN 1     11                        17     -6       22
..................................................................


WIND (MPH)
  HIGHEST WIND SPEED    21   HIGHEST WIND DIRECTION    SE (140)
  HIGHEST GUST SPEED    28   HIGHEST GUST DIRECTION    SE (150)
  AVERAGE WIND SPEED     9.6


SKY COVER
  POSSIBLE SUNSHINE  MM
  AVERAGE SKY COVER 0.8


WEATHER CONDITIONS
 THE FOLLOWING WEATHER WAS RECORDED YESTERDAY.
  HEAVY RAIN
  RAIN
  LIGHT RAIN
  FOG


RELATIVE HUMIDITY (PERCENT)
 HIGHEST   100           600 PM
 LOWEST     57          1200 PM
 AVERAGE    79

..........................................................


THE CHANUTE KS CLIMATE NORMALS FOR TODAY
                         NORMAL    RECORD    YEAR
 MAXIMUM TEMPERATURE (F)   69        90      2006
 MINIMUM TEMPERATURE (F)   47        27      1953


SUNRISE AND SUNSET
APRIL 18 2016.........SUNRISE   642 AM CDT   SUNSET   801 PM CDT
APRIL 19 2016.........SUNRISE   641 AM CDT   SUNSET   802 PM CDT


-  INDICATES NEGATIVE NUMBERS.
R  INDICATES RECORD WAS SET OR TIED.
MM INDICATES DATA IS MISSING.
T  INDICATES TRACE AMOUNT.




$$
