000
CDUS43 KICT 230634
CLICNU


CLIMATE REPORT
NATIONAL WEATHER SERVICE WICHITA KS
134 AM CDT THU JUN 23 2016


...................................

...THE CHANUTE KS CLIMATE SUMMARY FOR JUNE 22 2016...

CLIMATE NORMAL PERIOD 1981 TO 2010
CLIMATE RECORD PERIOD 1894 TO 2016


WEATHER ITEM   OBSERVED TIME   RECORD YEAR NORMAL DEPARTURE LAST
                VALUE   (LST)  VALUE       VALUE  FROM      YEAR
                                                  NORMAL
..................................................................
TEMPERATURE (F)
 YESTERDAY
  MAXIMUM        100    236 PM 102    1936  86     14       91
  MINIMUM         75    528 AM  52    1935  67      8       73
  AVERAGE         88                        76     12       82

PRECIPITATION (IN)
  YESTERDAY        0.00          3.33 1943   0.19  -0.19     0.00
  MONTH TO DATE    0.96                      4.68  -3.72     2.21
  SINCE JUN 1      0.96                      4.68  -3.72     2.21
  SINCE JAN 1     12.75                     21.08  -8.33    20.18

DEGREE DAYS
 HEATING
  YESTERDAY        0                         0      0        0
  MONTH TO DATE    0                         4     -4        0
  SINCE JUN 1      0                         4     -4        0
  SINCE JUL 1   3647                      4481   -834     4455

 COOLING
  YESTERDAY       23                        11     12       17
  MONTH TO DATE  302                       193    109      277
  SINCE JUN 1    302                       193    109      277
  SINCE JAN 1    409                       326     83      386
..................................................................


WIND (MPH)
  HIGHEST WIND SPEED    26   HIGHEST WIND DIRECTION     S (200)
  HIGHEST GUST SPEED    32   HIGHEST GUST DIRECTION     S (200)
  AVERAGE WIND SPEED    16.1


SKY COVER
  POSSIBLE SUNSHINE  MM
  AVERAGE SKY COVER 0.0


WEATHER CONDITIONS
 THE FOLLOWING WEATHER WAS RECORDED YESTERDAY.
  NO SIGNIFICANT WEATHER WAS OBSERVED.


RELATIVE HUMIDITY (PERCENT)
 HIGHEST    82           400 AM
 LOWEST     33           300 PM
 AVERAGE    58

..........................................................


THE CHANUTE KS CLIMATE NORMALS FOR TODAY
                         NORMAL    RECORD    YEAR
 MAXIMUM TEMPERATURE (F)   87       104      1933
 MINIMUM TEMPERATURE (F)   67        53      1912


SUNRISE AND SUNSET
JUNE 23 2016..........SUNRISE   601 AM CDT   SUNSET   847 PM CDT
JUNE 24 2016..........SUNRISE   602 AM CDT   SUNSET   847 PM CDT


-  INDICATES NEGATIVE NUMBERS.
R  INDICATES RECORD WAS SET OR TIED.
MM INDICATES DATA IS MISSING.
T  INDICATES TRACE AMOUNT.




$$
