000
CDUS43 KICT 130635
CLICNU


CLIMATE REPORT
NATIONAL WEATHER SERVICE WICHITA KS
134 AM CDT MON JUL 13 2015


...................................

...THE CHANUTE KS CLIMATE SUMMARY FOR JULY 12 2015...

CLIMATE NORMAL PERIOD 1981 TO 2010
CLIMATE RECORD PERIOD 1894 TO 2015


WEATHER ITEM   OBSERVED TIME   RECORD YEAR NORMAL DEPARTURE LAST
                VALUE   (LST)  VALUE       VALUE  FROM      YEAR
                                                  NORMAL
..................................................................
TEMPERATURE (F)
 YESTERDAY
  MAXIMUM         93    414 PM 113    1954  90      3       93
  MINIMUM         72    110 AM  50    1917  69      3       72
  AVERAGE         83                        80      3       83

PRECIPITATION (IN)
  YESTERDAY        0.00          2.43 1922   0.15  -0.15     0.00
  MONTH TO DATE    4.17                      1.87   2.30     0.72
  SINCE JUN 1      6.54                      7.90  -1.36     8.77
  SINCE JAN 1     24.51                     24.30   0.21    18.23

DEGREE DAYS
 HEATING
  YESTERDAY        0                         0      0        0
  MONTH TO DATE    0                         0      0        0
  SINCE JUN 1      0                         6     -6        0
  SINCE JUL 1      0                         0      0        0

 COOLING
  YESTERDAY       18                        15      3       18
  MONTH TO DATE  142                       167    -25      132
  SINCE JUN 1    533                       459     74      430
  SINCE JAN 1    642                       592     50      622
..................................................................


WIND (MPH)
  HIGHEST WIND SPEED    18   HIGHEST WIND DIRECTION     S (190)
  HIGHEST GUST SPEED    27   HIGHEST GUST DIRECTION     S (190)
  AVERAGE WIND SPEED    11.7


SKY COVER
  POSSIBLE SUNSHINE  MM
  AVERAGE SKY COVER 0.0


WEATHER CONDITIONS
 THE FOLLOWING WEATHER WAS RECORDED YESTERDAY.
  NO SIGNIFICANT WEATHER WAS OBSERVED.


RELATIVE HUMIDITY (PERCENT)
 HIGHEST    87           100 AM
 LOWEST     56           100 PM
 AVERAGE    72

..........................................................


THE CHANUTE KS CLIMATE NORMALS FOR TODAY
                         NORMAL    RECORD    YEAR
 MAXIMUM TEMPERATURE (F)   90       114      1954
 MINIMUM TEMPERATURE (F)   69        54      1975


SUNRISE AND SUNSET
JULY 13 2015..........SUNRISE   611 AM CDT   SUNSET   844 PM CDT
JULY 14 2015..........SUNRISE   611 AM CDT   SUNSET   844 PM CDT


-  INDICATES NEGATIVE NUMBERS.
R  INDICATES RECORD WAS SET OR TIED.
MM INDICATES DATA IS MISSING.
T  INDICATES TRACE AMOUNT.




$$

JMBW
