000
CDUS43 KICT 090630
CLICNU


CLIMATE REPORT
NATIONAL WEATHER SERVICE WICHITA KS
130 AM CDT SAT MAY 9 2015


...................................

...THE CHANUTE KS CLIMATE SUMMARY FOR MAY 8 2015...

CLIMATE NORMAL PERIOD 1981 TO 2010
CLIMATE RECORD PERIOD 1894 TO 2015


WEATHER ITEM   OBSERVED TIME   RECORD YEAR NORMAL DEPARTURE LAST
                VALUE   (LST)  VALUE       VALUE  FROM      YEAR
                                                  NORMAL
..................................................................
TEMPERATURE (F)
 YESTERDAY
  MAXIMUM         78    202 PM  91    1962  74      4       77
  MINIMUM         63    956 PM  35    1976  53     10       58
  AVERAGE         71                        64      7       68

PRECIPITATION (IN)
  YESTERDAY        0.29          3.69 2009   0.17   0.12     0.35
  MONTH TO DATE    1.06                      1.28  -0.22     0.35
  SINCE MAR 1      6.14                      8.72  -2.58     3.32
  SINCE JAN 1      7.45                     11.88  -4.43     4.29

DEGREE DAYS
 HEATING
  YESTERDAY        0                         3     -3        0
  MONTH TO DATE    7                        33    -26       29
  SINCE MAR 1    689                       863   -174     1002
  SINCE JUL 1   4379                      4435    -56     5022

 COOLING
  YESTERDAY        6                         2      4        3
  MONTH TO DATE   35                        14     21       48
  SINCE MAR 1     57                        45     12       64
  SINCE JAN 1     57                        45     12       64
..................................................................


WIND (MPH)
  HIGHEST WIND SPEED    23   HIGHEST WIND DIRECTION    SE (140)
  HIGHEST GUST SPEED    31   HIGHEST GUST DIRECTION    SE (130)
  AVERAGE WIND SPEED     6.9


SKY COVER
  POSSIBLE SUNSHINE  MM
  AVERAGE SKY COVER 0.7


WEATHER CONDITIONS
 THE FOLLOWING WEATHER WAS RECORDED YESTERDAY.
  THUNDERSTORM
  HEAVY RAIN
  RAIN
  LIGHT RAIN
  FOG


RELATIVE HUMIDITY (PERCENT)
 HIGHEST   100           300 AM
 LOWEST     64           100 PM
 AVERAGE    82

..........................................................


THE CHANUTE KS CLIMATE NORMALS FOR TODAY
                         NORMAL    RECORD    YEAR
 MAXIMUM TEMPERATURE (F)   74        90      1956
 MINIMUM TEMPERATURE (F)   54        33      1923


SUNRISE AND SUNSET
MAY  9 2015...........SUNRISE   618 AM CDT   SUNSET   819 PM CDT
MAY 10 2015...........SUNRISE   617 AM CDT   SUNSET   820 PM CDT


-  INDICATES NEGATIVE NUMBERS.
R  INDICATES RECORD WAS SET OR TIED.
MM INDICATES DATA IS MISSING.
T  INDICATES TRACE AMOUNT.




$$
