000
CDUS43 KICT 150649
CLICNU


CLIMATE REPORT
NATIONAL WEATHER SERVICE WICHITA KS
149 AM CDT WED JUL 15 2015


...................................

...THE CHANUTE KS CLIMATE SUMMARY FOR JULY 14 2015...

CLIMATE NORMAL PERIOD 1981 TO 2010
CLIMATE RECORD PERIOD 1894 TO 2015


WEATHER ITEM   OBSERVED TIME   RECORD YEAR NORMAL DEPARTURE LAST
                VALUE   (LST)  VALUE       VALUE  FROM      YEAR
                                                  NORMAL
..................................................................
TEMPERATURE (F)
 YESTERDAY
  MAXIMUM         92    523 PM 115    1954  90      2       89
  MINIMUM         73    940 AM  51    1950  69      4       62
  AVERAGE         83                        80      3       76

PRECIPITATION (IN)
  YESTERDAY        0.02          6.51 1959   0.15  -0.13     0.07
  MONTH TO DATE    4.19                      2.16   2.03     0.79
  SINCE JUN 1      6.56                      8.19  -1.63     8.84
  SINCE JAN 1     24.53                     24.59  -0.06    18.30

DEGREE DAYS
 HEATING
  YESTERDAY        0                         0      0        0
  MONTH TO DATE    0                         0      0        0
  SINCE JUN 1      0                         6     -6        0
  SINCE JUL 1      0                         0      0        0

 COOLING
  YESTERDAY       18                        15      3       11
  MONTH TO DATE  180                       197    -17      158
  SINCE JUN 1    571                       489     82      456
  SINCE JAN 1    680                       622     58      648
..................................................................


WIND (MPH)
  HIGHEST WIND SPEED    18   HIGHEST WIND DIRECTION     N (360)
  HIGHEST GUST SPEED    25   HIGHEST GUST DIRECTION     N (360)
  AVERAGE WIND SPEED     6.4


SKY COVER
  POSSIBLE SUNSHINE  MM
  AVERAGE SKY COVER 0.0


WEATHER CONDITIONS
 THE FOLLOWING WEATHER WAS RECORDED YESTERDAY.
  THUNDERSTORM
  LIGHT RAIN


RELATIVE HUMIDITY (PERCENT)
 HIGHEST    88           800 PM
 LOWEST     59           300 PM
 AVERAGE    74

..........................................................


THE CHANUTE KS CLIMATE NORMALS FOR TODAY
                         NORMAL    RECORD    YEAR
 MAXIMUM TEMPERATURE (F)   90       115      1936
 MINIMUM TEMPERATURE (F)   69        52      1930


SUNRISE AND SUNSET
JULY 15 2015..........SUNRISE   612 AM CDT   SUNSET   843 PM CDT
JULY 16 2015..........SUNRISE   613 AM CDT   SUNSET   843 PM CDT


-  INDICATES NEGATIVE NUMBERS.
R  INDICATES RECORD WAS SET OR TIED.
MM INDICATES DATA IS MISSING.
T  INDICATES TRACE AMOUNT.




$$
