000
CDUS43 KICT 040628
CLICNU


CLIMATE REPORT
NATIONAL WEATHER SERVICE WICHITA KS
127 AM CDT SAT OCT 4 2014


...................................

...THE CHANUTE KS CLIMATE SUMMARY FOR OCTOBER 3 2014...

CLIMATE NORMAL PERIOD 1981 TO 2010
CLIMATE RECORD PERIOD 1894 TO 2014


WEATHER ITEM   OBSERVED TIME   RECORD YEAR NORMAL DEPARTURE LAST
                VALUE   (LST)  VALUE       VALUE  FROM      YEAR
                                                  NORMAL
..................................................................
TEMPERATURE (F)
 YESTERDAY
  MAXIMUM         59    305 PM  95    2006  74    -15       85
  MINIMUM         43   1159 PM  33    1987  51     -8       69
  AVERAGE         51                        62    -11       77

PRECIPITATION (IN)
  YESTERDAY        0.02          6.66 1986   0.15  -0.13     0.00
  MONTH TO DATE    0.34                      0.45  -0.11     0.00
  SINCE SEP 1      3.44                      4.12  -0.68     3.02
  SINCE JAN 1     23.92                     34.61 -10.69    38.64

DEGREE DAYS
 HEATING
  YESTERDAY       14                         5      9        0
  MONTH TO DATE   14                        13      1        0
  SINCE SEP 1     44                        59    -15       16
  SINCE JUL 1     45                        60    -15       16

 COOLING
  YESTERDAY        0                         2     -2       12
  MONTH TO DATE   13                         6      7       27
  SINCE SEP 1    199                       199      0      281
  SINCE JAN 1   1487                      1503    -16     1548
..................................................................


WIND (MPH)
  HIGHEST WIND SPEED    29   HIGHEST WIND DIRECTION    NW (320)
  HIGHEST GUST SPEED    39   HIGHEST GUST DIRECTION    NW (310)
  AVERAGE WIND SPEED    10.8


SKY COVER
  POSSIBLE SUNSHINE  MM
  AVERAGE SKY COVER 0.2


WEATHER CONDITIONS
 THE FOLLOWING WEATHER WAS RECORDED YESTERDAY.
  LIGHT RAIN


RELATIVE HUMIDITY (PERCENT)
 HIGHEST    96           300 AM
 LOWEST     40           400 PM
 AVERAGE    68

..........................................................


THE CHANUTE KS CLIMATE NORMALS FOR TODAY
                         NORMAL    RECORD    YEAR
 MAXIMUM TEMPERATURE (F)   73        93      1963
 MINIMUM TEMPERATURE (F)   51        35      1968


SUNRISE AND SUNSET
OCTOBER  4 2014.......SUNRISE   720 AM CDT   SUNSET   700 PM CDT
OCTOBER  5 2014.......SUNRISE   721 AM CDT   SUNSET   659 PM CDT


-  INDICATES NEGATIVE NUMBERS.
R  INDICATES RECORD WAS SET OR TIED.
MM INDICATES DATA IS MISSING.
T  INDICATES TRACE AMOUNT.




$$
